{"id":1003,"date":"2019-03-02T15:50:00","date_gmt":"2019-03-02T13:50:00","guid":{"rendered":"https:\/\/www.zoner.fi\/tuki\/?page_id=1003"},"modified":"2025-11-28T14:44:10","modified_gmt":"2025-11-28T12:44:10","slug":"miten-aktivoin-ssl-tuen-jalleenmyyntiwebhotellissa","status":"publish","type":"page","link":"https:\/\/www.zoner.fi\/tuki\/kumppanit\/miten-aktivoin-ssl-tuen-jalleenmyyntiwebhotellissa\/","title":{"rendered":"Miten aktivoin SSL-tuen j\u00e4lleenmyyntiwebhotellissa?"},"content":{"rendered":"\n<p><em>Ohje tarkistettu: 27.11.2019<\/em><\/p>\n\n\n\n<p>SSL- tuki on oletuksena p\u00e4\u00e4ll\u00e4 kaikissa Zonerin webhotellipaketeissa. Ennen SSL-sertifikaatin hakemista on kuitenkin hyv\u00e4 varmistaa, ett\u00e4 SSL-tuki on aktiivinen.<\/p>\n\n\n\n<p>SSL-tuen tilan voi tarkistaa&nbsp; ja muuttaa kahdella eri tavalla:&nbsp; Joko muokkaamalla webhotellipaketin ominaisuuksia, jolloin muutos tulee kaikille kyseisen paketin asiakkaille tai webhotellikohtaisesti.<\/p>\n\n\n\n<h3 class=\"wp-block-heading\">SSL-tuki pakettikohtaisesti<\/h3>\n\n\n\n<p>Luodaan uusi paketti tai muokataan olemassa olevaa. <a href=\"https:\/\/www.zoner.fi\/tuki\/jalleenmyyjat\/miten-luon-ja-muokkaan-kayttajien-paketteja\/\">Katso ohje paketin luomiseen ja muokkaamiseen.<\/a><\/p>\n\n\n\n<p>Varmista, ett\u00e4 ruutu kohdassa SSL:n k\u00e4ytt\u00f6 on valittuna.<\/p>\n\n\n\n<figure class=\"wp-block-image size-full\"><img loading=\"lazy\" decoding=\"async\" width=\"500\" height=\"160\" src=\"https:\/\/www.zoner.fi\/tuki\/wp-content\/uploads\/2021\/11\/jamy-ssl-tuki-ruutu-ssl-paalla-pois.jpg\" alt=\"\" class=\"wp-image-1005\" srcset=\"https:\/\/www.zoner.fi\/tuki\/wp-content\/uploads\/2021\/11\/jamy-ssl-tuki-ruutu-ssl-paalla-pois.jpg 500w, https:\/\/www.zoner.fi\/tuki\/wp-content\/uploads\/2021\/11\/jamy-ssl-tuki-ruutu-ssl-paalla-pois-300x96.jpg 300w\" sizes=\"auto, (max-width: 500px) 100vw, 500px\" \/><\/figure>\n\n\n\n<h3 class=\"wp-block-heading\">SSL-tuki k\u00e4ytt\u00e4j\u00e4kohtaisesti (yksitt\u00e4inen webhotelli)<\/h3>\n\n\n\n<p>Luodaan uusi webhotelli tai muokataan olemassa olevaa. <a href=\"https:\/\/www.zoner.fi\/tuki\/jalleenmyyjat\/miten-luon-uuden-webhotellin\/\">Katso ohje webhotellin luomiseen ja muokkaamiseen<\/a>.<\/p>\n\n\n\n<p>Valitse k\u00e4ytt\u00e4j\u00e4, jonka SSL-tuen tilannetta halutaan tarkastella klikkaamalla k\u00e4ytt\u00e4j\u00e4nime\u00e4.<\/p>\n\n\n\n<p>Klikkaa sinist\u00e4 Toiminnot-painiketta ja avautuvasta ikkunasta Muokkaa k\u00e4ytt\u00e4j\u00e4\u00e4.<\/p>\n\n\n\n<figure class=\"wp-block-image size-full\"><img loading=\"lazy\" decoding=\"async\" width=\"900\" height=\"266\" src=\"https:\/\/www.zoner.fi\/tuki\/wp-content\/uploads\/2021\/11\/jamy-ssl-tuki-kayttajakohtainen-muokkaus-valikko-1.jpg\" alt=\"\" class=\"wp-image-1007\" srcset=\"https:\/\/www.zoner.fi\/tuki\/wp-content\/uploads\/2021\/11\/jamy-ssl-tuki-kayttajakohtainen-muokkaus-valikko-1.jpg 900w, https:\/\/www.zoner.fi\/tuki\/wp-content\/uploads\/2021\/11\/jamy-ssl-tuki-kayttajakohtainen-muokkaus-valikko-1-300x89.jpg 300w, https:\/\/www.zoner.fi\/tuki\/wp-content\/uploads\/2021\/11\/jamy-ssl-tuki-kayttajakohtainen-muokkaus-valikko-1-768x227.jpg 768w\" sizes=\"auto, (max-width: 900px) 100vw, 900px\" \/><\/figure>\n\n\n\n<p>Varmista, ett\u00e4 ruutu kohdassa SSL:n k\u00e4ytt\u00f6 on valittuna.<\/p>\n\n\n\n<figure class=\"wp-block-image size-full\"><img loading=\"lazy\" decoding=\"async\" width=\"500\" height=\"160\" src=\"https:\/\/www.zoner.fi\/tuki\/wp-content\/uploads\/2021\/11\/jamy-ssl-tuki-ruutu-ssl-paalla-pois.jpg\" alt=\"\" class=\"wp-image-1005\" srcset=\"https:\/\/www.zoner.fi\/tuki\/wp-content\/uploads\/2021\/11\/jamy-ssl-tuki-ruutu-ssl-paalla-pois.jpg 500w, https:\/\/www.zoner.fi\/tuki\/wp-content\/uploads\/2021\/11\/jamy-ssl-tuki-ruutu-ssl-paalla-pois-300x96.jpg 300w\" sizes=\"auto, (max-width: 500px) 100vw, 500px\" \/><\/figure>\n\n\n\n<p>Itse Let\u2019s Encrypt SSL-sertifikaatin saa otettua k\u00e4ytt\u00f6\u00f6n kirjautumalla asiakkaan webhotelliin ja seuraamalla seuraavia ohjeita:<\/p>\n\n\n\n<p><a href=\"https:\/\/www.zoner.fi\/tuki\/jalleenmyyjat\/miten-kirjaudun-asiakkaan-webhotelliin-jalleenmyyja-tunnuksella\/\">Kirjautuminen asiakkaan webhotelliin<\/a>.<\/p>\n\n\n\n<p><a href=\"https:\/\/www.zoner.fi\/tuki\/webhotellit\/miten-otan-kayttoon-lets-encrypt-ssl-sertifikaatin\/\">Let\u2019s Encrypt SSL-sertifikaatin k\u00e4ytt\u00f6\u00f6notto.<\/a><\/p>\n","protected":false},"excerpt":{"rendered":"<p>SSL- tuki on oletuksena p\u00e4\u00e4ll\u00e4 kaikissa Zonerin webhotellipaketeissa. Ennen SSL-sertifikaatin hakemista on kuitenkin hyv\u00e4 varmistaa, ett\u00e4 SSL-tuki on aktiivinen.<\/p>\n","protected":false},"author":1,"featured_media":0,"parent":136059,"menu_order":9,"comment_status":"closed","ping_status":"closed","template":"","meta":{"_relevanssi_hide_post":"","_relevanssi_hide_content":"","_relevanssi_pin_for_all":"","_relevanssi_pin_keywords":"","_relevanssi_unpin_keywords":"","_relevanssi_related_keywords":"","_relevanssi_related_include_ids":"","_relevanssi_related_exclude_ids":"","_relevanssi_related_no_append":"","_relevanssi_related_not_related":"","_relevanssi_related_posts":"1066,1076,1063","_relevanssi_noindex_reason":"","footnotes":""},"categories":[71],"tags":[88],"wf_page_folders":[],"class_list":{"0":"post-1003","1":"page","2":"type-page","3":"status-publish","5":"category-kumppanit","6":"tag-jalleenmyyjat"},"_links":{"self":[{"href":"https:\/\/www.zoner.fi\/tuki\/wp-json\/wp\/v2\/pages\/1003","targetHints":{"allow":["GET"]}}],"collection":[{"href":"https:\/\/www.zoner.fi\/tuki\/wp-json\/wp\/v2\/pages"}],"about":[{"href":"https:\/\/www.zoner.fi\/tuki\/wp-json\/wp\/v2\/types\/page"}],"author":[{"embeddable":true,"href":"https:\/\/www.zoner.fi\/tuki\/wp-json\/wp\/v2\/users\/1"}],"replies":[{"embeddable":true,"href":"https:\/\/www.zoner.fi\/tuki\/wp-json\/wp\/v2\/comments?post=1003"}],"version-history":[{"count":3,"href":"https:\/\/www.zoner.fi\/tuki\/wp-json\/wp\/v2\/pages\/1003\/revisions"}],"predecessor-version":[{"id":130335,"href":"https:\/\/www.zoner.fi\/tuki\/wp-json\/wp\/v2\/pages\/1003\/revisions\/130335"}],"up":[{"embeddable":true,"href":"https:\/\/www.zoner.fi\/tuki\/wp-json\/wp\/v2\/pages\/136059"}],"wp:attachment":[{"href":"https:\/\/www.zoner.fi\/tuki\/wp-json\/wp\/v2\/media?parent=1003"}],"wp:term":[{"taxonomy":"category","embeddable":true,"href":"https:\/\/www.zoner.fi\/tuki\/wp-json\/wp\/v2\/categories?post=1003"},{"taxonomy":"post_tag","embeddable":true,"href":"https:\/\/www.zoner.fi\/tuki\/wp-json\/wp\/v2\/tags?post=1003"},{"taxonomy":"wf_page_folders","embeddable":true,"href":"https:\/\/www.zoner.fi\/tuki\/wp-json\/wp\/v2\/wf_page_folders?post=1003"}],"curies":[{"name":"wp","href":"https:\/\/api.w.org\/{rel}","templated":true}]}}