{"id":1050,"date":"2019-02-26T09:45:00","date_gmt":"2019-02-26T07:45:00","guid":{"rendered":"https:\/\/www.zoner.fi\/tuki\/?page_id=1050"},"modified":"2025-11-28T14:43:47","modified_gmt":"2025-11-28T12:43:47","slug":"miten-luon-ja-muokkaan-kayttajien-paketteja","status":"publish","type":"page","link":"https:\/\/www.zoner.fi\/tuki\/kumppanit\/miten-luon-ja-muokkaan-kayttajien-paketteja\/","title":{"rendered":"Miten luon ja muokkaan k\u00e4ytt\u00e4jien paketteja?"},"content":{"rendered":"\n<p><em>Ohje tarkistettu: 12.11.2025<\/em><\/p>\n\n\n\n<p>Aloita J\u00e4lleenmyyj\u00e4-toimintojen k\u00e4ytt\u00e4minen luomalla haluamasi webhotellipaketit. Pakettien luonnin j\u00e4lkeen voit m\u00e4\u00e4ritt\u00e4\u00e4 niit\u00e4 asiakkaillesi.<\/p>\n\n\n\n<ul class=\"wp-block-list\">\n<li><a href=\"#1\">Pakettien luonti<\/a><\/li>\n\n\n\n<li><a href=\"#2\">Pakettien hallinta<\/a><\/li>\n<\/ul>\n\n\n\n<h2 class=\"wp-block-heading\" id=\"1\">Pakettien luonti<\/h2>\n\n\n\n<p>1. Kirjaudu J\u00e4lleenmyyj\u00e4-tunnuksilla sis\u00e4\u00e4n DirectAdmin-hallintapaneeliin. Ohje: <a href=\"https:\/\/www.zoner.fi\/tuki\/webhotellit\/miten-kaytan-directadmin-hallintapaneelia\/\">DirectAdmin-hallintapaneeli<\/a><\/p>\n\n\n\n<ol class=\"wp-block-list\"><\/ol>\n\n\n\n<p>2. Valitse p\u00e4\u00e4valikosta <strong>Tilin hallinta<\/strong> \u2192 <strong>Hallitse k\u00e4ytt\u00e4j\u00e4n paketteja<\/strong>.<\/p>\n\n\n\n<figure class=\"wp-block-image size-full\"><img loading=\"lazy\" decoding=\"async\" width=\"759\" height=\"491\" src=\"https:\/\/www.zoner.fi\/tuki\/wp-content\/uploads\/2025\/11\/da-hallitse-paketteja.png\" alt=\"Kuvakaappaus DirectAdminista\" class=\"wp-image-137998\" srcset=\"https:\/\/www.zoner.fi\/tuki\/wp-content\/uploads\/2025\/11\/da-hallitse-paketteja.png 759w, https:\/\/www.zoner.fi\/tuki\/wp-content\/uploads\/2025\/11\/da-hallitse-paketteja-300x194.png 300w\" sizes=\"auto, (max-width: 759px) 100vw, 759px\" \/><\/figure>\n\n\n\n<p>3. Klikkaa avautuvalta Hallitse k\u00e4ytt\u00e4j\u00e4n paketteja -sivulta sinist\u00e4 <strong>Lis\u00e4\u00e4 paketti <\/strong>-painiketta.<\/p>\n\n\n\n<figure class=\"wp-block-image size-full\"><img loading=\"lazy\" decoding=\"async\" width=\"900\" height=\"233\" src=\"https:\/\/www.zoner.fi\/tuki\/wp-content\/uploads\/2021\/11\/jamy-hallitse-kayttajapaketteja.jpg\" alt=\"Kuvakaappaus DirectAdminista\" class=\"wp-image-1052\" srcset=\"https:\/\/www.zoner.fi\/tuki\/wp-content\/uploads\/2021\/11\/jamy-hallitse-kayttajapaketteja.jpg 900w, https:\/\/www.zoner.fi\/tuki\/wp-content\/uploads\/2021\/11\/jamy-hallitse-kayttajapaketteja-300x78.jpg 300w, https:\/\/www.zoner.fi\/tuki\/wp-content\/uploads\/2021\/11\/jamy-hallitse-kayttajapaketteja-768x199.jpg 768w\" sizes=\"auto, (max-width: 900px) 100vw, 900px\" \/><\/figure>\n\n\n\n<p><em>Sivulla n\u00e4kyv\u00e4ss\u00e4 listassa n\u00e4kyv\u00e4t my\u00f6s mahdolliset aiemmin luomasi k\u00e4ytt\u00e4j\u00e4paketit. Niit\u00e4 p\u00e4\u00e4set muokkaamaan klikkaamalla paketin nime\u00e4.<\/em><\/p>\n\n\n\n<p>4. M\u00e4\u00e4rit\u00e4 paketille\u00a0haluamasi yl\u00e4rajat, jotka p\u00e4tev\u00e4t kaikkiin kyseist\u00e4 pakettia k\u00e4ytt\u00e4viin webhotelleihisi.<\/p>\n\n\n\n<p>Jokaisella J\u00e4lleenmyyj\u00e4-tasolla on k\u00e4yt\u00f6ss\u00e4 omat maksimiresurssinsa. N\u00e4m\u00e4 resurssit jaetaan kaikkien J\u00e4lleenmyyj\u00e4-paketissasi olevien webhotellien kesken. Voit tarkistaa rajat sivuiltamme:<br><a rel=\"noreferrer noopener\" href=\"https:\/\/www.zoner.fi\/webhotellien-jalleenmyynti\/\" target=\"_blank\">https:\/\/www.zoner.fi\/webhotelli-jalleenmyyjat\/<\/a><\/p>\n\n\n\n<figure class=\"wp-block-image size-full\"><img loading=\"lazy\" decoding=\"async\" width=\"900\" height=\"696\" src=\"https:\/\/www.zoner.fi\/tuki\/wp-content\/uploads\/2021\/11\/jamy-luo-uusi-paketti-asetukset-alku.jpg\" alt=\"Kuvakaappaus DirectAdminista\" class=\"wp-image-1053\" srcset=\"https:\/\/www.zoner.fi\/tuki\/wp-content\/uploads\/2021\/11\/jamy-luo-uusi-paketti-asetukset-alku.jpg 900w, https:\/\/www.zoner.fi\/tuki\/wp-content\/uploads\/2021\/11\/jamy-luo-uusi-paketti-asetukset-alku-300x232.jpg 300w, https:\/\/www.zoner.fi\/tuki\/wp-content\/uploads\/2021\/11\/jamy-luo-uusi-paketti-asetukset-alku-768x594.jpg 768w\" sizes=\"auto, (max-width: 900px) 100vw, 900px\" \/><\/figure>\n\n\n\n<p>5. Valitse k\u00e4ytt\u00e4j\u00e4n hallintan\u00e4kym\u00e4n kieli ja nime\u00e4 paketti. Tallenna muutokset klikkaamalla <strong>Tallenna<\/strong>.<\/p>\n\n\n\n<h3 class=\"wp-block-heading\" id=\"2\">Pakettien hallinta<\/h3>\n\n\n\n<p>1. Klikkaa Hallitse k\u00e4ytt\u00e4j\u00e4n paketteja -sivun listauksessa n\u00e4kyv\u00e4\u00e4 paketin nime\u00e4.<\/p>\n\n\n\n<figure class=\"wp-block-image size-full\"><img loading=\"lazy\" decoding=\"async\" width=\"900\" height=\"233\" src=\"https:\/\/www.zoner.fi\/tuki\/wp-content\/uploads\/2021\/11\/jamy-hallitse-kayttajapaketteja.jpg\" alt=\"Kuvakaappaus DirectAdminista\" class=\"wp-image-1052\" srcset=\"https:\/\/www.zoner.fi\/tuki\/wp-content\/uploads\/2021\/11\/jamy-hallitse-kayttajapaketteja.jpg 900w, https:\/\/www.zoner.fi\/tuki\/wp-content\/uploads\/2021\/11\/jamy-hallitse-kayttajapaketteja-300x78.jpg 300w, https:\/\/www.zoner.fi\/tuki\/wp-content\/uploads\/2021\/11\/jamy-hallitse-kayttajapaketteja-768x199.jpg 768w\" sizes=\"auto, (max-width: 900px) 100vw, 900px\" \/><\/figure>\n\n\n\n<p>2. Muokkaa paketin resursseja ja tallenna muutokset. Huomioithan, ett\u00e4 muutokset vaikuttavat my\u00f6s jo samalla paketilla luotuihin webhotelleihin.<\/p>\n","protected":false},"excerpt":{"rendered":"<p>Ennen webhotellin luomista, on luotava k\u00e4ytt\u00e4j\u00e4paketti. Kirjaudu J\u00e4lleenmyyj\u00e4-tunnuksillasi sis\u00e4\u00e4n DirectAdmin-hallintapaneeliin.<\/p>\n","protected":false},"author":1,"featured_media":0,"parent":136059,"menu_order":6,"comment_status":"closed","ping_status":"closed","template":"","meta":{"_relevanssi_hide_post":"","_relevanssi_hide_content":"","_relevanssi_pin_for_all":"","_relevanssi_pin_keywords":"","_relevanssi_unpin_keywords":"","_relevanssi_related_keywords":"","_relevanssi_related_include_ids":"","_relevanssi_related_exclude_ids":"","_relevanssi_related_no_append":"","_relevanssi_related_not_related":"","_relevanssi_related_posts":"1063,1076,1066","_relevanssi_noindex_reason":"","footnotes":""},"categories":[71],"tags":[88],"wf_page_folders":[],"class_list":{"0":"post-1050","1":"page","2":"type-page","3":"status-publish","5":"category-kumppanit","6":"tag-jalleenmyyjat"},"_links":{"self":[{"href":"https:\/\/www.zoner.fi\/tuki\/wp-json\/wp\/v2\/pages\/1050","targetHints":{"allow":["GET"]}}],"collection":[{"href":"https:\/\/www.zoner.fi\/tuki\/wp-json\/wp\/v2\/pages"}],"about":[{"href":"https:\/\/www.zoner.fi\/tuki\/wp-json\/wp\/v2\/types\/page"}],"author":[{"embeddable":true,"href":"https:\/\/www.zoner.fi\/tuki\/wp-json\/wp\/v2\/users\/1"}],"replies":[{"embeddable":true,"href":"https:\/\/www.zoner.fi\/tuki\/wp-json\/wp\/v2\/comments?post=1050"}],"version-history":[{"count":6,"href":"https:\/\/www.zoner.fi\/tuki\/wp-json\/wp\/v2\/pages\/1050\/revisions"}],"predecessor-version":[{"id":138003,"href":"https:\/\/www.zoner.fi\/tuki\/wp-json\/wp\/v2\/pages\/1050\/revisions\/138003"}],"up":[{"embeddable":true,"href":"https:\/\/www.zoner.fi\/tuki\/wp-json\/wp\/v2\/pages\/136059"}],"wp:attachment":[{"href":"https:\/\/www.zoner.fi\/tuki\/wp-json\/wp\/v2\/media?parent=1050"}],"wp:term":[{"taxonomy":"category","embeddable":true,"href":"https:\/\/www.zoner.fi\/tuki\/wp-json\/wp\/v2\/categories?post=1050"},{"taxonomy":"post_tag","embeddable":true,"href":"https:\/\/www.zoner.fi\/tuki\/wp-json\/wp\/v2\/tags?post=1050"},{"taxonomy":"wf_page_folders","embeddable":true,"href":"https:\/\/www.zoner.fi\/tuki\/wp-json\/wp\/v2\/wf_page_folders?post=1050"}],"curies":[{"name":"wp","href":"https:\/\/api.w.org\/{rel}","templated":true}]}}