{"id":129635,"date":"2022-05-27T10:16:15","date_gmt":"2022-05-27T07:16:15","guid":{"rendered":"https:\/\/www.zoner.fi\/tuki\/?page_id=129635"},"modified":"2025-11-13T10:10:13","modified_gmt":"2025-11-13T08:10:13","slug":"miten-luon-mysql-tietokannan","status":"publish","type":"page","link":"https:\/\/www.zoner.fi\/tuki\/webhotellit\/zoner-home\/miten-luon-mysql-tietokannan\/","title":{"rendered":"Miten luon MySQL-tietokannan ja hallitsen sit\u00e4 webhotellissa?"},"content":{"rendered":"\n<p>MySQL-tietokantoja k\u00e4ytet\u00e4\u00e4n yleisesti erilaisten web-palveluiden tietokantana. Muun muassa<a href=\"https:\/\/www.zoner.fi\/kotisivut\/drupal\/\"> Drupal<\/a>, <a href=\"https:\/\/www.zoner.fi\/kotisivut\/joomla\/\">Joomla <\/a>ja <a href=\"https:\/\/www.zoner.fi\/wordpress\/\">WordPress<\/a> tarvitsevat kaikki toimiakseen tietokannan.<\/p>\n\n\n\n<p>Alla ohje siihen, kuinka saat luotua MySQL-tietokannan webhotellin hallintapaneelista.<\/p>\n\n\n\n<ul class=\"wp-block-list\">\n<li><a href=\"#1\">Miten luon MySQL tietokannan Zoner Homessa?<\/a><\/li>\n\n\n\n<li><a href=\"#2\">Miten poistan MySQL-tietokannan Zoner Homessa?<\/a><\/li>\n\n\n\n<li><a href=\"#3\">Tietokannan k\u00e4ytt\u00e4jien hallinta Zoner Homessa<\/a><\/li>\n\n\n\n<li><a href=\"#4\">Tietokantojen yleiskatsaus Zoner Homessa<\/a><\/li>\n<\/ul>\n\n\n\n<h2 class=\"wp-block-heading\" id=\"1\">Miten luon MySQL-tietokannan Zoner Homessa?<\/h2>\n\n\n\n<p>1. Kirjaudu Zoner Homeen osoitteessa <a href=\"https:\/\/home.zoner.fi\/\" target=\"_blank\" rel=\"noreferrer noopener\">https:\/\/home.zoner.fi<\/a><br>2. Avaa Zoner Homessa <strong>Omat tuotteet<\/strong> -v\u00e4lilehti.<br><img decoding=\"async\" src=\"https:\/\/www.zoner.fi\/tuki\/wp-content\/uploads\/2025\/01\/omat-tuotteet-zoner-home-1024x703.png\" alt=\"\"><br>3. Klikkaa <strong>Verkkosivustot<\/strong>-kohdassa sit\u00e4 webhotellia, johon haluat luoda tietokannan.<\/p>\n\n\n\n<p>4. Klikkaa vasemmassa valikossa <strong>Tietokannat<\/strong>. Klikkaa avautuneella sivulla <strong>Luo MySQL-tietokanta<\/strong> -painiketta.<\/p>\n\n\n\n<figure class=\"wp-block-image size-large\"><img loading=\"lazy\" decoding=\"async\" width=\"1024\" height=\"734\" src=\"https:\/\/www.zoner.fi\/tuki\/wp-content\/uploads\/2025\/02\/mysql-tietokanta-1-1024x734.png\" alt=\"\" class=\"wp-image-135256\" srcset=\"https:\/\/www.zoner.fi\/tuki\/wp-content\/uploads\/2025\/02\/mysql-tietokanta-1-1024x734.png 1024w, https:\/\/www.zoner.fi\/tuki\/wp-content\/uploads\/2025\/02\/mysql-tietokanta-1-300x215.png 300w, https:\/\/www.zoner.fi\/tuki\/wp-content\/uploads\/2025\/02\/mysql-tietokanta-1-768x550.png 768w, https:\/\/www.zoner.fi\/tuki\/wp-content\/uploads\/2025\/02\/mysql-tietokanta-1.png 1483w\" sizes=\"auto, (max-width: 1024px) 100vw, 1024px\" \/><\/figure>\n\n\n\n<p>5. Valitse avattavasta valikosta tietokannan tyyppi ja t\u00e4yt\u00e4 sen tiedot t\u00e4ll\u00e4 sivulla. <strong>Valtuudet<\/strong>-kohdassa voit m\u00e4\u00e4ritt\u00e4\u00e4, p\u00e4\u00e4seek\u00f6 tietokantaan Zoner-palvelimen ulkopuolelta. Klikkaa lopuksi <strong>Tallenna<\/strong>.<\/p>\n\n\n\n<figure class=\"wp-block-image size-large\"><img loading=\"lazy\" decoding=\"async\" width=\"1024\" height=\"734\" src=\"https:\/\/www.zoner.fi\/tuki\/wp-content\/uploads\/2025\/02\/mysql-tietokanta-2-1024x734.png\" alt=\"\" class=\"wp-image-135257\" srcset=\"https:\/\/www.zoner.fi\/tuki\/wp-content\/uploads\/2025\/02\/mysql-tietokanta-2-1024x734.png 1024w, https:\/\/www.zoner.fi\/tuki\/wp-content\/uploads\/2025\/02\/mysql-tietokanta-2-300x215.png 300w, https:\/\/www.zoner.fi\/tuki\/wp-content\/uploads\/2025\/02\/mysql-tietokanta-2-768x550.png 768w, https:\/\/www.zoner.fi\/tuki\/wp-content\/uploads\/2025\/02\/mysql-tietokanta-2.png 1483w\" sizes=\"auto, (max-width: 1024px) 100vw, 1024px\" \/><\/figure>\n\n\n\n<p>6. N\u00e4et seuraavaksi ponnahdusikkunassa yleiskatsauksen luodun tietokannan tiedoista.<\/p>\n\n\n\n<figure class=\"wp-block-image size-large\"><img loading=\"lazy\" decoding=\"async\" width=\"1024\" height=\"734\" src=\"https:\/\/www.zoner.fi\/tuki\/wp-content\/uploads\/2025\/02\/mysql-tietokanta-3-1024x734.png\" alt=\"\" class=\"wp-image-135258\" srcset=\"https:\/\/www.zoner.fi\/tuki\/wp-content\/uploads\/2025\/02\/mysql-tietokanta-3-1024x734.png 1024w, https:\/\/www.zoner.fi\/tuki\/wp-content\/uploads\/2025\/02\/mysql-tietokanta-3-300x215.png 300w, https:\/\/www.zoner.fi\/tuki\/wp-content\/uploads\/2025\/02\/mysql-tietokanta-3-768x550.png 768w, https:\/\/www.zoner.fi\/tuki\/wp-content\/uploads\/2025\/02\/mysql-tietokanta-3.png 1483w\" sizes=\"auto, (max-width: 1024px) 100vw, 1024px\" \/><\/figure>\n\n\n\n<h2 class=\"wp-block-heading\" id=\"2\">Miten poistan MySQL-tietokannan Zoner Homessa?<\/h2>\n\n\n\n<p><strong>Huomaa<\/strong>: Jos poistat tietokannan, kaikki sen tiedot poistetaan pysyv\u00e4sti. Suosittelemme, ett\u00e4 teet ennen poistamista varmuuskopion tiedoista, jotka haluat s\u00e4ilytt\u00e4\u00e4.<\/p>\n\n\n\n<p>1. Kirjaudu Zoner Homeen ja avaan webhotellin <strong>Tietokannat<\/strong>-sivu kuten yll\u00e4 vaiheissa 1-4.<\/p>\n\n\n\n<p>2. Klikkaa kolmea pistett\u00e4 sen tietokannan kohdalla, jonka haluat poistaa. Klikkaa sitten avautuneessa valikossa <strong>Poista<\/strong>.<\/p>\n\n\n\n<figure class=\"wp-block-image size-large\"><img loading=\"lazy\" decoding=\"async\" width=\"1024\" height=\"413\" src=\"https:\/\/www.zoner.fi\/tuki\/wp-content\/uploads\/2025\/02\/mysql-tietokanta-4-1024x413.png\" alt=\"\" class=\"wp-image-135261\" srcset=\"https:\/\/www.zoner.fi\/tuki\/wp-content\/uploads\/2025\/02\/mysql-tietokanta-4-1024x413.png 1024w, https:\/\/www.zoner.fi\/tuki\/wp-content\/uploads\/2025\/02\/mysql-tietokanta-4-300x121.png 300w, https:\/\/www.zoner.fi\/tuki\/wp-content\/uploads\/2025\/02\/mysql-tietokanta-4-768x310.png 768w, https:\/\/www.zoner.fi\/tuki\/wp-content\/uploads\/2025\/02\/mysql-tietokanta-4.png 1201w\" sizes=\"auto, (max-width: 1024px) 100vw, 1024px\" \/><\/figure>\n\n\n\n<p>4. Noudata ponnahdusikkunan ohjeita ja klikkaa lopuksi <strong>Poista<\/strong>.<\/p>\n\n\n\n<h2 class=\"wp-block-heading\" id=\"3\">Tietokannan k\u00e4ytt\u00e4jien hallinta Zoner Homessa<\/h2>\n\n\n\n<p>Voit hallita tietokannan k\u00e4ytt\u00e4ji\u00e4 Zoner Homessa webhotellin <strong>Tietokannat<\/strong>-sivulla klikkaamalla <strong>Hallitse tietokannan k\u00e4ytt\u00e4ji\u00e4<\/strong> -painiketta.<\/p>\n\n\n\n<figure class=\"wp-block-image size-large\"><img loading=\"lazy\" decoding=\"async\" width=\"1024\" height=\"527\" src=\"https:\/\/www.zoner.fi\/tuki\/wp-content\/uploads\/2025\/02\/mysql-tietokanta-5-1024x527.png\" alt=\"\" class=\"wp-image-135267\" srcset=\"https:\/\/www.zoner.fi\/tuki\/wp-content\/uploads\/2025\/02\/mysql-tietokanta-5-1024x527.png 1024w, https:\/\/www.zoner.fi\/tuki\/wp-content\/uploads\/2025\/02\/mysql-tietokanta-5-300x154.png 300w, https:\/\/www.zoner.fi\/tuki\/wp-content\/uploads\/2025\/02\/mysql-tietokanta-5-768x395.png 768w, https:\/\/www.zoner.fi\/tuki\/wp-content\/uploads\/2025\/02\/mysql-tietokanta-5.png 1482w\" sizes=\"auto, (max-width: 1024px) 100vw, 1024px\" \/><\/figure>\n\n\n\n<p>2. Olet nyt sivulla, jolla voit hallita tietokantojen k\u00e4ytt\u00e4ji\u00e4.<\/p>\n\n\n\n<ul class=\"wp-block-list\">\n<li><strong>Luo uusi k\u00e4ytt\u00e4j\u00e4<\/strong> -painikkeella voit luoda uusia k\u00e4ytt\u00e4ji\u00e4.<\/li>\n\n\n\n<li>Klikkaamalla kolmea pistett\u00e4 k\u00e4ytt\u00e4j\u00e4n oikealla puolella voit avata valikon, jonka kautta voit tarkistaa <strong>muokata <\/strong>k\u00e4ytt\u00e4j\u00e4\u00e4 tai <strong>poistaa<\/strong> sen.<\/li>\n<\/ul>\n\n\n\n<figure class=\"wp-block-image size-large\"><img loading=\"lazy\" decoding=\"async\" width=\"1024\" height=\"521\" src=\"https:\/\/www.zoner.fi\/tuki\/wp-content\/uploads\/2025\/02\/mysql-tietokanta-6-1024x521.png\" alt=\"\" class=\"wp-image-135268\" srcset=\"https:\/\/www.zoner.fi\/tuki\/wp-content\/uploads\/2025\/02\/mysql-tietokanta-6-1024x521.png 1024w, https:\/\/www.zoner.fi\/tuki\/wp-content\/uploads\/2025\/02\/mysql-tietokanta-6-300x153.png 300w, https:\/\/www.zoner.fi\/tuki\/wp-content\/uploads\/2025\/02\/mysql-tietokanta-6-768x391.png 768w, https:\/\/www.zoner.fi\/tuki\/wp-content\/uploads\/2025\/02\/mysql-tietokanta-6.png 1480w\" sizes=\"auto, (max-width: 1024px) 100vw, 1024px\" \/><\/figure>\n\n\n\n<h2 class=\"wp-block-heading\" id=\"4\">TIetokantojen yleiskatsaus Zoner Homessa<\/h2>\n\n\n\n<p>Zoner Homen <strong>Tietokannat<\/strong>-sivulta l\u00f6yd\u00e4t listan webhotellin tietokannoista sek\u00e4 seuraavat tiedot ja toiminnot:<\/p>\n\n\n\n<figure class=\"wp-block-image size-large\"><img loading=\"lazy\" decoding=\"async\" width=\"1024\" height=\"525\" src=\"https:\/\/www.zoner.fi\/tuki\/wp-content\/uploads\/2025\/02\/mysql-tietokanta-7-1024x525.png\" alt=\"\" class=\"wp-image-135269\" srcset=\"https:\/\/www.zoner.fi\/tuki\/wp-content\/uploads\/2025\/02\/mysql-tietokanta-7-1024x525.png 1024w, https:\/\/www.zoner.fi\/tuki\/wp-content\/uploads\/2025\/02\/mysql-tietokanta-7-300x154.png 300w, https:\/\/www.zoner.fi\/tuki\/wp-content\/uploads\/2025\/02\/mysql-tietokanta-7-768x394.png 768w, https:\/\/www.zoner.fi\/tuki\/wp-content\/uploads\/2025\/02\/mysql-tietokanta-7.png 1483w\" sizes=\"auto, (max-width: 1024px) 100vw, 1024px\" \/><\/figure>\n\n\n\n<ol class=\"wp-block-list\">\n<li><strong>Hallitse tietokannan k\u00e4ytt\u00e4ji\u00e4<\/strong> &#8211; Siirry tietokantak\u00e4ytt\u00e4jien hallintaan klikkaamalla t\u00e4t\u00e4.<\/li>\n\n\n\n<li><strong>Luo MySQL-tietokanta<\/strong> &#8211; Luo uusi tietokanta klikkaamalla t\u00e4t\u00e4.<\/li>\n\n\n\n<li><strong>Tietokannan nimi<\/strong> n\u00e4kyy listassa ensimm\u00e4isen\u00e4.<\/li>\n\n\n\n<li><strong>Tietokannan k\u00e4ytt\u00e4j\u00e4<\/strong> -kohdassa n\u00e4et tietokannan p\u00e4\u00e4k\u00e4ytt\u00e4j\u00e4n. <\/li>\n\n\n\n<li><strong>Server <\/strong>&#8211; Palvelimen osoite, jonka tarvitset esimerkiksi silloin, kun asennat sis\u00e4ll\u00f6nhallintaj\u00e4rjestelm\u00e4n manuaalisesti.<\/li>\n\n\n\n<li>T\u00e4ss\u00e4 sarakkeessa n\u00e4et tietokannan <strong>version<\/strong>.<\/li>\n\n\n\n<li>Voit muokata tietokantaa klikkaamalla <strong>kolmea pistett\u00e4<\/strong> rivin oikeassa reunassa.<\/li>\n\n\n\n<li><strong>Avaa phpMyAdmin<\/strong> &#8211; Klikkaamalla t\u00e4t\u00e4 voit siirty\u00e4 phpMyAdminiin.<\/li>\n<\/ol>\n\n\n\n<p><\/p>\n","protected":false},"excerpt":{"rendered":"<p>T\u00e4ss\u00e4 ohjeessa k\u00e4ymme l\u00e4pi, kuinka saat luotua MySQL-tietokannan webhotellin hallintapaneelista.<\/p>\n","protected":false},"author":15,"featured_media":0,"parent":137347,"menu_order":0,"comment_status":"closed","ping_status":"closed","template":"","meta":{"_relevanssi_hide_post":"","_relevanssi_hide_content":"","_relevanssi_pin_for_all":"","_relevanssi_pin_keywords":"","_relevanssi_unpin_keywords":"","_relevanssi_related_keywords":"","_relevanssi_related_include_ids":"","_relevanssi_related_exclude_ids":"","_relevanssi_related_no_append":"","_relevanssi_related_not_related":"","_relevanssi_related_posts":"1076,1063,1066","_relevanssi_noindex_reason":"","footnotes":""},"categories":[217],"tags":[99],"wf_page_folders":[],"class_list":{"0":"post-129635","1":"page","2":"type-page","3":"status-publish","5":"category-zoner-home-webhotellit","6":"tag-tietokannat"},"_links":{"self":[{"href":"https:\/\/www.zoner.fi\/tuki\/wp-json\/wp\/v2\/pages\/129635","targetHints":{"allow":["GET"]}}],"collection":[{"href":"https:\/\/www.zoner.fi\/tuki\/wp-json\/wp\/v2\/pages"}],"about":[{"href":"https:\/\/www.zoner.fi\/tuki\/wp-json\/wp\/v2\/types\/page"}],"author":[{"embeddable":true,"href":"https:\/\/www.zoner.fi\/tuki\/wp-json\/wp\/v2\/users\/15"}],"replies":[{"embeddable":true,"href":"https:\/\/www.zoner.fi\/tuki\/wp-json\/wp\/v2\/comments?post=129635"}],"version-history":[{"count":18,"href":"https:\/\/www.zoner.fi\/tuki\/wp-json\/wp\/v2\/pages\/129635\/revisions"}],"predecessor-version":[{"id":137538,"href":"https:\/\/www.zoner.fi\/tuki\/wp-json\/wp\/v2\/pages\/129635\/revisions\/137538"}],"up":[{"embeddable":true,"href":"https:\/\/www.zoner.fi\/tuki\/wp-json\/wp\/v2\/pages\/137347"}],"wp:attachment":[{"href":"https:\/\/www.zoner.fi\/tuki\/wp-json\/wp\/v2\/media?parent=129635"}],"wp:term":[{"taxonomy":"category","embeddable":true,"href":"https:\/\/www.zoner.fi\/tuki\/wp-json\/wp\/v2\/categories?post=129635"},{"taxonomy":"post_tag","embeddable":true,"href":"https:\/\/www.zoner.fi\/tuki\/wp-json\/wp\/v2\/tags?post=129635"},{"taxonomy":"wf_page_folders","embeddable":true,"href":"https:\/\/www.zoner.fi\/tuki\/wp-json\/wp\/v2\/wf_page_folders?post=129635"}],"curies":[{"name":"wp","href":"https:\/\/api.w.org\/{rel}","templated":true}]}}