{"id":129644,"date":"2022-05-27T10:56:21","date_gmt":"2022-05-27T07:56:21","guid":{"rendered":"https:\/\/www.zoner.fi\/tuki\/?page_id=129644"},"modified":"2025-09-17T15:19:48","modified_gmt":"2025-09-17T12:19:48","slug":"miten-kustomoin-virhesivuja-sivustollani","status":"publish","type":"page","link":"https:\/\/www.zoner.fi\/tuki\/webhotellit\/miten-kustomoin-virhesivuja-sivustollani\/","title":{"rendered":"Miten kustomoin virhesivuja sivustollani?"},"content":{"rendered":"\n<p>Voit muokata palvelimen n\u00e4ytt\u00e4mi\u00e4 virheilmoituksia erillisen muokkausvalikon tai tiedostonhallinnan kautta. Virheilmoituksia k\u00e4ytet\u00e4\u00e4n esim. jos k\u00e4ytt\u00e4j\u00e4n valitsemaa osoitepolkua ei l\u00f6ydy tai k\u00e4ytt\u00e4j\u00e4 yritt\u00e4\u00e4 siirty\u00e4 salasanasuojatulle sivuston osalle.<\/p>\n\n\n\n<p>Tietyt sovellukset, kuten WordPress, k\u00e4ytt\u00e4v\u00e4t omia m\u00e4\u00e4rityksi\u00e4\u00e4n t\u00e4ss\u00e4 kuvattujen tiedostojen sijaan.<\/p>\n\n\n\n<h3 class=\"wp-block-heading\">Virheilmoitusten muokkaus muokkausvalikon kautta<\/h3>\n\n\n\n<p>Kirjaudu sis\u00e4\u00e4n webhotellin DirectAdmin-hallintapaneeliin.<\/p>\n\n\n\n<p>Valitse p\u00e4\u00e4valikosta Edistyneet toiminnot &#8211; Mukautetut virhesivut<\/p>\n\n\n\n<figure class=\"wp-block-image size-full\"><img loading=\"lazy\" decoding=\"async\" width=\"500\" height=\"274\" src=\"https:\/\/www.zoner.fi\/tuki\/wp-content\/uploads\/2022\/08\/muokkaa-virhesivuja-paavalikko.jpg\" alt=\"\" class=\"wp-image-130032\" srcset=\"https:\/\/www.zoner.fi\/tuki\/wp-content\/uploads\/2022\/08\/muokkaa-virhesivuja-paavalikko.jpg 500w, https:\/\/www.zoner.fi\/tuki\/wp-content\/uploads\/2022\/08\/muokkaa-virhesivuja-paavalikko-300x164.jpg 300w\" sizes=\"auto, (max-width: 500px) 100vw, 500px\" \/><\/figure>\n\n\n\n<p>Valitse sivu, jota haluat muokata ja klikkaa Muokkaa.<\/p>\n\n\n\n<figure class=\"wp-block-image size-full\"><img loading=\"lazy\" decoding=\"async\" width=\"900\" height=\"185\" src=\"https:\/\/www.zoner.fi\/tuki\/wp-content\/uploads\/2022\/08\/muokkaa-virhesivuja-lista.jpg\" alt=\"\" class=\"wp-image-130024\" srcset=\"https:\/\/www.zoner.fi\/tuki\/wp-content\/uploads\/2022\/08\/muokkaa-virhesivuja-lista.jpg 900w, https:\/\/www.zoner.fi\/tuki\/wp-content\/uploads\/2022\/08\/muokkaa-virhesivuja-lista-300x62.jpg 300w, https:\/\/www.zoner.fi\/tuki\/wp-content\/uploads\/2022\/08\/muokkaa-virhesivuja-lista-768x158.jpg 768w\" sizes=\"auto, (max-width: 900px) 100vw, 900px\" \/><\/figure>\n\n\n\n<p>Tee muutokset tiedostoon. Voit vaihtaa k\u00e4ytett\u00e4v\u00e4\u00e4 ohjelmointikielt\u00e4 ruudun alareunasta. Tallenna muutokset klikkaamalla Tallenna.<\/p>\n\n\n\n<figure class=\"wp-block-image size-full\"><img loading=\"lazy\" decoding=\"async\" width=\"900\" height=\"480\" src=\"https:\/\/www.zoner.fi\/tuki\/wp-content\/uploads\/2022\/08\/muokkaa-virhesivuja-muokkaa-tiedostoa.jpg\" alt=\"\" class=\"wp-image-130028\" srcset=\"https:\/\/www.zoner.fi\/tuki\/wp-content\/uploads\/2022\/08\/muokkaa-virhesivuja-muokkaa-tiedostoa.jpg 900w, https:\/\/www.zoner.fi\/tuki\/wp-content\/uploads\/2022\/08\/muokkaa-virhesivuja-muokkaa-tiedostoa-300x160.jpg 300w, https:\/\/www.zoner.fi\/tuki\/wp-content\/uploads\/2022\/08\/muokkaa-virhesivuja-muokkaa-tiedostoa-768x410.jpg 768w\" sizes=\"auto, (max-width: 900px) 100vw, 900px\" \/><\/figure>\n\n\n\n<h3 class=\"wp-block-heading\">Virheilmoitusten muokkaus tiedostonhallinnan kautta<\/h3>\n\n\n\n<p>Virheilmoitustiedostot l\u00f6ytyv\u00e4t polusta domains -&gt; DOMAIN -&gt; public.html<\/p>\n\n\n\n<p>Vie hiiri muokattavan tiedoston nimen p\u00e4\u00e4lle ja valitse avautuvasta ikkunasta Muokkaa tiedostoa.<\/p>\n\n\n\n<figure class=\"wp-block-image size-full\"><img loading=\"lazy\" decoding=\"async\" width=\"900\" height=\"459\" src=\"https:\/\/www.zoner.fi\/tuki\/wp-content\/uploads\/2021\/11\/domains-default-oletusviestit.jpg\" alt=\"\" class=\"wp-image-995\" srcset=\"https:\/\/www.zoner.fi\/tuki\/wp-content\/uploads\/2021\/11\/domains-default-oletusviestit.jpg 900w, https:\/\/www.zoner.fi\/tuki\/wp-content\/uploads\/2021\/11\/domains-default-oletusviestit-300x153.jpg 300w, https:\/\/www.zoner.fi\/tuki\/wp-content\/uploads\/2021\/11\/domains-default-oletusviestit-768x392.jpg 768w\" sizes=\"auto, (max-width: 900px) 100vw, 900px\" \/><\/figure>\n\n\n\n<p>Tee muutokset tiedostoon. Voit vaihtaa k\u00e4ytett\u00e4v\u00e4\u00e4 ohjelmointikielt\u00e4 ruudun alareunasta. Tallenna muutokset klikkaamalla Tallenna.<\/p>\n\n\n\n<figure class=\"wp-block-image size-full\"><img loading=\"lazy\" decoding=\"async\" width=\"900\" height=\"480\" src=\"https:\/\/www.zoner.fi\/tuki\/wp-content\/uploads\/2022\/08\/muokkaa-virhesivuja-muokkaa-tiedostoa.jpg\" alt=\"\" class=\"wp-image-130028\" srcset=\"https:\/\/www.zoner.fi\/tuki\/wp-content\/uploads\/2022\/08\/muokkaa-virhesivuja-muokkaa-tiedostoa.jpg 900w, https:\/\/www.zoner.fi\/tuki\/wp-content\/uploads\/2022\/08\/muokkaa-virhesivuja-muokkaa-tiedostoa-300x160.jpg 300w, https:\/\/www.zoner.fi\/tuki\/wp-content\/uploads\/2022\/08\/muokkaa-virhesivuja-muokkaa-tiedostoa-768x410.jpg 768w\" sizes=\"auto, (max-width: 900px) 100vw, 900px\" \/><\/figure>\n","protected":false},"excerpt":{"rendered":"<p>T\u00e4ss\u00e4 ohjeessa k\u00e4yd\u00e4\u00e4n l\u00e4pi, miten luot kustomoituja virheilmoituksia<\/p>\n","protected":false},"author":15,"featured_media":0,"parent":129010,"menu_order":0,"comment_status":"closed","ping_status":"closed","template":"","meta":{"_relevanssi_hide_post":"","_relevanssi_hide_content":"","_relevanssi_pin_for_all":"","_relevanssi_pin_keywords":"","_relevanssi_unpin_keywords":"","_relevanssi_related_keywords":"","_relevanssi_related_include_ids":"","_relevanssi_related_exclude_ids":"","_relevanssi_related_no_append":"","_relevanssi_related_not_related":"","_relevanssi_related_posts":"1066,1076,1063","_relevanssi_noindex_reason":"","footnotes":""},"categories":[192],"tags":[158],"wf_page_folders":[],"class_list":{"0":"post-129644","1":"page","2":"type-page","3":"status-publish","5":"category-directadmin","6":"tag-yleiset"},"_links":{"self":[{"href":"https:\/\/www.zoner.fi\/tuki\/wp-json\/wp\/v2\/pages\/129644","targetHints":{"allow":["GET"]}}],"collection":[{"href":"https:\/\/www.zoner.fi\/tuki\/wp-json\/wp\/v2\/pages"}],"about":[{"href":"https:\/\/www.zoner.fi\/tuki\/wp-json\/wp\/v2\/types\/page"}],"author":[{"embeddable":true,"href":"https:\/\/www.zoner.fi\/tuki\/wp-json\/wp\/v2\/users\/15"}],"replies":[{"embeddable":true,"href":"https:\/\/www.zoner.fi\/tuki\/wp-json\/wp\/v2\/comments?post=129644"}],"version-history":[{"count":5,"href":"https:\/\/www.zoner.fi\/tuki\/wp-json\/wp\/v2\/pages\/129644\/revisions"}],"predecessor-version":[{"id":137499,"href":"https:\/\/www.zoner.fi\/tuki\/wp-json\/wp\/v2\/pages\/129644\/revisions\/137499"}],"up":[{"embeddable":true,"href":"https:\/\/www.zoner.fi\/tuki\/wp-json\/wp\/v2\/pages\/129010"}],"wp:attachment":[{"href":"https:\/\/www.zoner.fi\/tuki\/wp-json\/wp\/v2\/media?parent=129644"}],"wp:term":[{"taxonomy":"category","embeddable":true,"href":"https:\/\/www.zoner.fi\/tuki\/wp-json\/wp\/v2\/categories?post=129644"},{"taxonomy":"post_tag","embeddable":true,"href":"https:\/\/www.zoner.fi\/tuki\/wp-json\/wp\/v2\/tags?post=129644"},{"taxonomy":"wf_page_folders","embeddable":true,"href":"https:\/\/www.zoner.fi\/tuki\/wp-json\/wp\/v2\/wf_page_folders?post=129644"}],"curies":[{"name":"wp","href":"https:\/\/api.w.org\/{rel}","templated":true}]}}