{"id":129652,"date":"2019-03-02T11:28:00","date_gmt":"2019-03-02T09:28:00","guid":{"rendered":"https:\/\/www.zoner.fi\/tuki\/?page_id=129652"},"modified":"2025-11-26T15:44:24","modified_gmt":"2025-11-26T13:44:24","slug":"miten-kaytan-wordpress-sivustoa-valiaikaisella-verkkotunnuksella","status":"publish","type":"page","link":"https:\/\/www.zoner.fi\/tuki\/wordpress\/miten-kaytan-wordpress-sivustoa-valiaikaisella-verkkotunnuksella\/","title":{"rendered":"WordPress-sivuston k\u00e4ytt\u00f6 v\u00e4liaikaisella verkkotunnuksella"},"content":{"rendered":"\n<p>Ennen <a href=\"https:\/\/www.zoner.fi\/tuki\/verkkotunnus\/miten-siirran-domainin-zonerille\/\">verkkotunnuksen siirtoa<\/a> palveluumme, voi webhotellia k\u00e4ytt\u00e4\u00e4 my\u00f6s v\u00e4liaikaisen verkkotunnuksen avulla. T\u00e4m\u00e4 mahdollistaa mm. julkaisuj\u00e4rjestelm\u00e4n, kuten <a href=\"https:\/\/www.zoner.fi\/wordpress\/\">WordPress<\/a>, <a href=\"https:\/\/www.zoner.fi\/kotisivut\/drupal\/\">Drupal<\/a>, <a href=\"https:\/\/www.zoner.fi\/kotisivut\/joomla\/\">Joomla<\/a> yms. asennuksen ja testauksen ennen domainsiirtoa.<\/p>\n\n\n\n<p><strong>T\u00e4ss\u00e4 ohjeessa k\u00e4ymme l\u00e4pi, kuinka WordPress-julkaisuj\u00e4rjestelm\u00e4n saa toimimaan webhotellissa v\u00e4liaikaisen verkkotunnuksen kanssa.<\/strong><\/p>\n\n\n\n<p>Lue my\u00f6s: <a href=\"https:\/\/www.zoner.fi\/tuki\/wordpress\/valiaikaisella-verkkotunnuksella-luodun-wordpress-sivuston-julkaisu\/\">V\u00e4liaikaisella verkkotunnuksella luodun WordPress-sivuston julkaisu<\/a><\/p>\n\n\n\n<h2 class=\"wp-block-heading\">V\u00e4liaikainen verkkotunnus webhotellissa <\/h2>\n\n\n\n<p><a href=\"https:\/\/www.zoner.fi\/webhotellit\/\">Webhotellit <\/a>k\u00e4ytt\u00e4v\u00e4t aina v\u00e4liaikaista verkkotunnusta, joka on muotoa: DOMAIN|wwwXX.zoner-asiakas.fi<\/p>\n\n\n\n<p>XX tarkoittaa palvelimen numeroa. Eli jos verkkotunnus olisi muotoa zoner.fi ja palvelin on www10, olisi v\u00e4liaikainen osoite muotoa: http:\/\/zoner.fi.www10.zoner-asiakas.fi.<\/p>\n\n\n\n<p>Toimiakseen v\u00e4liaikaisella verkkotunnuksella tarvitsevat julkaisuj\u00e4rjestelm\u00e4t usein kuitenkin viel\u00e4 pieni\u00e4 muutoksia asetuksiinsa.<\/p>\n\n\n\n<h2 class=\"wp-block-heading\">WordPress ja v\u00e4liaikainen verkkotunnus<\/h2>\n\n\n\n<p>WordPress kannattaa asentaa webhotelliin suoraan oikean, eli lopulliseen k\u00e4ytt\u00f6\u00f6n tulevan verkkotunnuksen m\u00e4\u00e4rityksin.<\/p>\n\n\n\n<p>Tarvittaessa katso ohje WordPress julkaisuj\u00e4rjestelm\u00e4n asennukseen:<br><a href=\"https:\/\/www.zoner.fi\/tuki\/wordpress\/miten-wordpress-asennus-onnistuu\/\">WordPress asennusohje<\/a><\/p>\n\n\n\n<p>Tai jos olet siirt\u00e4m\u00e4ss\u00e4 valmista WordPress-sivustoa, katso ohje siirtoon ulkoisesta palvelusta:<br><a href=\"https:\/\/www.zoner.fi\/tuki\/webhotellit\/miten-siirran-kotisivuni-webhotelliin\/\">Ohje sivuston siirtoon<\/a><\/p>\n\n\n\n<h3 class=\"wp-block-heading\">wp-config.php -tiedoston muutokset<\/h3>\n\n\n\n<p>WordPress asennuksen osoitemuutos onnistuu helpoimmin lis\u00e4\u00e4m\u00e4ll\u00e4 muutama rivi WordPress-asennuksen juuresta l\u00f6ytyv\u00e4\u00e4n, wp-config.php -tiedostoon. L\u00f6yd\u00e4t tiedoston esimerkiksi webhotellin DirectAdmin hallintapaneelin kautta.<\/p>\n\n\n\n<p>Kirjaudu sis\u00e4\u00e4n webhotellin DirectAdmin-hallintapaneeliin.<\/p>\n\n\n\n<p>Valitse p\u00e4\u00e4valikosta <strong>J\u00e4rjestelm\u00e4n tiedot ja tiedostot<\/strong> \u2013 <strong>Tiedostonhallinta<\/strong><\/p>\n\n\n\n<figure class=\"wp-block-image size-full\"><img loading=\"lazy\" decoding=\"async\" width=\"500\" height=\"500\" src=\"https:\/\/www.zoner.fi\/tuki\/wp-content\/uploads\/2022\/08\/image.png\" alt=\"\" class=\"wp-image-130360\" srcset=\"https:\/\/www.zoner.fi\/tuki\/wp-content\/uploads\/2022\/08\/image.png 500w, https:\/\/www.zoner.fi\/tuki\/wp-content\/uploads\/2022\/08\/image-300x300.png 300w, https:\/\/www.zoner.fi\/tuki\/wp-content\/uploads\/2022\/08\/image-150x150.png 150w\" sizes=\"auto, (max-width: 500px) 100vw, 500px\" \/><\/figure>\n\n\n\n<p>Kansiorakenteessa liikutaan kansion nime\u00e4 klikkaamalla. Vasemmanpuoleisessa sarakkeessa on n\u00e4kyviss\u00e4 kansiorakenne juuresta alkaen.<\/p>\n\n\n\n<p>Klikkaa kansioista polku domains \u2192 haluttu verkkotunnus \u2192 public_html<\/p>\n\n\n\n<figure class=\"wp-block-image size-full\"><img loading=\"lazy\" decoding=\"async\" width=\"559\" height=\"452\" src=\"https:\/\/www.zoner.fi\/tuki\/wp-content\/uploads\/2022\/08\/image-1.png\" alt=\"\" class=\"wp-image-130361\" srcset=\"https:\/\/www.zoner.fi\/tuki\/wp-content\/uploads\/2022\/08\/image-1.png 559w, https:\/\/www.zoner.fi\/tuki\/wp-content\/uploads\/2022\/08\/image-1-300x243.png 300w\" sizes=\"auto, (max-width: 559px) 100vw, 559px\" \/><\/figure>\n\n\n\n<p>Etsi tiedosto wp-config.php, vie hiiri tiedostonimen p\u00e4\u00e4lle ja valitse Muokkaa tiedostoa.<\/p>\n\n\n\n<figure class=\"wp-block-image size-full\"><img loading=\"lazy\" decoding=\"async\" width=\"500\" height=\"310\" src=\"https:\/\/www.zoner.fi\/tuki\/wp-content\/uploads\/2022\/08\/image-2.png\" alt=\"\" class=\"wp-image-130362\" srcset=\"https:\/\/www.zoner.fi\/tuki\/wp-content\/uploads\/2022\/08\/image-2.png 500w, https:\/\/www.zoner.fi\/tuki\/wp-content\/uploads\/2022\/08\/image-2-300x186.png 300w\" sizes=\"auto, (max-width: 500px) 100vw, 500px\" \/><\/figure>\n\n\n\n<p>Lis\u00e4\u00e4 seuraavat rivit wp-config.php -tiedostoon.&nbsp;Rivej\u00e4 ei kannata m\u00e4\u00e4ritt\u00e4\u00e4 heti tiedoston alkuun tai sen loppuun, vaan esimerkiksi muiden define rivien yhteyteen.<\/p>\n\n\n\n<pre class=\"wp-block-preformatted\"><code>define('WP_HOME','http:\/\/example.com');<\/code>\n<code>define('WP_SITEURL','http:\/\/example.com');<\/code><\/pre>\n\n\n\n<p>http:\/\/example.com luonnollisesti korvataan omalla verkkotunnuksella, eli palvelimella www10.zoner.fi sijaitsevalla sivulla sek\u00e4 verkkotunnuksella example.com tulisi v\u00e4liaikainen osoite m\u00e4\u00e4ritt\u00e4\u00e4 define riveill\u00e4:<br><br><code>define('WP_HOME','http:\/\/example.com.www10.zoner-asiakas.fi');<\/code><br><code>define('WP_SITEURL','http:\/\/example.com.www10.zoner-asiakas.fi<code>'<\/code>);<\/code><\/p>\n\n\n\n<figure class=\"wp-block-image size-full\"><img loading=\"lazy\" decoding=\"async\" width=\"900\" height=\"163\" src=\"https:\/\/www.zoner.fi\/tuki\/wp-content\/uploads\/2022\/08\/image-3.png\" alt=\"\" class=\"wp-image-130364\" srcset=\"https:\/\/www.zoner.fi\/tuki\/wp-content\/uploads\/2022\/08\/image-3.png 900w, https:\/\/www.zoner.fi\/tuki\/wp-content\/uploads\/2022\/08\/image-3-300x54.png 300w, https:\/\/www.zoner.fi\/tuki\/wp-content\/uploads\/2022\/08\/image-3-768x139.png 768w\" sizes=\"auto, (max-width: 900px) 100vw, 900px\" \/><\/figure>\n\n\n\n<p>Tallenna muutokset Tallenna-painikkeella.<\/p>\n\n\n\n<p>P\u00e4\u00e4set nyt kirjautumaan WordPressin hallintaan lis\u00e4\u00e4m\u00e4ll\u00e4 v\u00e4liaikaisen osoitteen per\u00e4\u00e4n \/wp-admin<br>Esimerkiss\u00e4 kirjautumisosoite olisi siis http:\/\/example.com.www10.zoner-asiakas.fi\/wp-admin<\/p>\n\n\n\n<p><strong>Kun sivusto on valmis, k\u00e4y poistamassa lis\u00e4\u00e4m\u00e4si rivit wp-config.php -tiedostosta, ennen varsinaisen domainin siirtoa.<\/strong><\/p>\n\n\n\n<p>Lue my\u00f6s: <a href=\"https:\/\/www.zoner.fi\/tuki\/wordpress\/valiaikaisella-verkkotunnuksella-luodun-wordpress-sivuston-julkaisu\/\">V\u00e4liaikaisella verkkotunnuksella luodun WordPress-sivuston julkaisu<\/a><\/p>\n\n\n\n<p><\/p>\n","protected":false},"excerpt":{"rendered":"<p>T\u00e4ss\u00e4 ohjeessa k\u00e4ymme l\u00e4pi, kuinka WordPress-julkaisuj\u00e4rjestelm\u00e4n saa toimimaan webhotellin v\u00e4liaikaisen verkkotunnuksen kanssa.<\/p>\n","protected":false},"author":15,"featured_media":0,"parent":740,"menu_order":0,"comment_status":"closed","ping_status":"closed","template":"","meta":{"_relevanssi_hide_post":"","_relevanssi_hide_content":"","_relevanssi_pin_for_all":"","_relevanssi_pin_keywords":"","_relevanssi_unpin_keywords":"","_relevanssi_related_keywords":"","_relevanssi_related_include_ids":"","_relevanssi_related_exclude_ids":"","_relevanssi_related_no_append":"","_relevanssi_related_not_related":"","_relevanssi_related_posts":"1066,1063,1076","_relevanssi_noindex_reason":"","footnotes":""},"categories":[192],"tags":[95,100],"wf_page_folders":[],"class_list":{"0":"post-129652","1":"page","2":"type-page","3":"status-publish","5":"category-directadmin","6":"tag-ohjelmistot","7":"tag-wordpressin-perusohjeet"},"_links":{"self":[{"href":"https:\/\/www.zoner.fi\/tuki\/wp-json\/wp\/v2\/pages\/129652","targetHints":{"allow":["GET"]}}],"collection":[{"href":"https:\/\/www.zoner.fi\/tuki\/wp-json\/wp\/v2\/pages"}],"about":[{"href":"https:\/\/www.zoner.fi\/tuki\/wp-json\/wp\/v2\/types\/page"}],"author":[{"embeddable":true,"href":"https:\/\/www.zoner.fi\/tuki\/wp-json\/wp\/v2\/users\/15"}],"replies":[{"embeddable":true,"href":"https:\/\/www.zoner.fi\/tuki\/wp-json\/wp\/v2\/comments?post=129652"}],"version-history":[{"count":15,"href":"https:\/\/www.zoner.fi\/tuki\/wp-json\/wp\/v2\/pages\/129652\/revisions"}],"predecessor-version":[{"id":138191,"href":"https:\/\/www.zoner.fi\/tuki\/wp-json\/wp\/v2\/pages\/129652\/revisions\/138191"}],"up":[{"embeddable":true,"href":"https:\/\/www.zoner.fi\/tuki\/wp-json\/wp\/v2\/pages\/740"}],"wp:attachment":[{"href":"https:\/\/www.zoner.fi\/tuki\/wp-json\/wp\/v2\/media?parent=129652"}],"wp:term":[{"taxonomy":"category","embeddable":true,"href":"https:\/\/www.zoner.fi\/tuki\/wp-json\/wp\/v2\/categories?post=129652"},{"taxonomy":"post_tag","embeddable":true,"href":"https:\/\/www.zoner.fi\/tuki\/wp-json\/wp\/v2\/tags?post=129652"},{"taxonomy":"wf_page_folders","embeddable":true,"href":"https:\/\/www.zoner.fi\/tuki\/wp-json\/wp\/v2\/wf_page_folders?post=129652"}],"curies":[{"name":"wp","href":"https:\/\/api.w.org\/{rel}","templated":true}]}}