{"id":129669,"date":"2022-05-27T12:07:50","date_gmt":"2022-05-27T09:07:50","guid":{"rendered":"https:\/\/www.zoner.fi\/tuki\/?page_id=129669"},"modified":"2025-09-24T12:46:31","modified_gmt":"2025-09-24T09:46:31","slug":"miten-aktivoin-microsoft-365-sahkopostin-webhotellissa","status":"publish","type":"page","link":"https:\/\/www.zoner.fi\/tuki\/webhotellit\/miten-aktivoin-microsoft-365-sahkopostin-webhotellissa\/","title":{"rendered":"Miten aktivoin Microsoft 365 -s\u00e4hk\u00f6postin webhotellissa?"},"content":{"rendered":"\n<p>T\u00e4m\u00e4 ohje on DirectAdmin-hallintapaneelia k\u00e4ytt\u00e4ville webhotelleille.<\/p>\n\n\n\n<p>Office365 palvelu otetaan k\u00e4ytt\u00f6\u00f6n kahdessa vaiheessa: ensiksi varmistetaan Microsoftille ett\u00e4 sinulla on <a href=\"https:\/\/www.zoner.fi\/verkkotunnus\/\">verkkotunnus<\/a> (engl. <a href=\"https:\/\/www.zoner.fi\/english\/domain\/\">domain<\/a>) ja sen hallinta, toisessa vaiheessa tehd\u00e4\u00e4n varsinaiset nimipalvelinm\u00e4\u00e4ritykset.<\/p>\n\n\n\n<h2 class=\"wp-block-heading\">1. Avaa DNS-hallinta DirectAdminissa<\/h2>\n\n\n\n<p>1. Kirjaudu sis\u00e4\u00e4n webhotellin DirectAdmin-hallintapaneeliin.<\/p>\n\n\n\n<p>2. Jos sinulla on kauttamme useampi domain, valitse ensin se domain, johon haluat kohdentaa muokkauksen. Ohje muokattavan domainin valintaan l\u00f6ytyy\u00a0<a href=\"https:\/\/www.zoner.fi\/tuki\/webhotellit\/miten-kaytan-directadmin-hallintapaneelia\/\">t\u00e4\u00e4lt\u00e4<\/a>.<\/p>\n\n\n\n<p>3. Valitse p\u00e4\u00e4valikosta <strong>Tilin hallinta<\/strong> \u2192 <strong>DNS-hallinta<\/strong>.<\/p>\n\n\n\n<figure class=\"wp-block-image size-full\"><img loading=\"lazy\" decoding=\"async\" width=\"736\" height=\"552\" src=\"https:\/\/www.zoner.fi\/tuki\/wp-content\/uploads\/2025\/09\/direct-admin-dnshallinta.png\" alt=\"\" class=\"wp-image-137336\" srcset=\"https:\/\/www.zoner.fi\/tuki\/wp-content\/uploads\/2025\/09\/direct-admin-dnshallinta.png 736w, https:\/\/www.zoner.fi\/tuki\/wp-content\/uploads\/2025\/09\/direct-admin-dnshallinta-300x225.png 300w\" sizes=\"auto, (max-width: 736px) 100vw, 736px\" \/><\/figure>\n\n\n\n<h2 class=\"wp-block-heading\">2. Validoi verkkotunnus<\/h2>\n\n\n\n<p>Verkkotunnuksen validointi tapahtuu lis\u00e4\u00e4m\u00e4ll\u00e4 nimipalvelimille TXT-tietue (muotoa: MS=xxxxxx). Oikean TXT-tietueen saat Microsoftilta.<\/p>\n\n\n\n<p>Klikkaa avautuvalla DNS-hallinta -sivulla n\u00e4kyv\u00e4\u00e4 vihre\u00e4\u00e4 painiketta Lis\u00e4\u00e4 tietue.<\/p>\n\n\n\n<figure class=\"wp-block-image size-full\"><img loading=\"lazy\" decoding=\"async\" width=\"900\" height=\"187\" src=\"https:\/\/www.zoner.fi\/tuki\/wp-content\/uploads\/2022\/08\/dns-hallinta-lisaa-tietue-korvaa-ttl-arvo.jpg\" alt=\"\" class=\"wp-image-129977\" srcset=\"https:\/\/www.zoner.fi\/tuki\/wp-content\/uploads\/2022\/08\/dns-hallinta-lisaa-tietue-korvaa-ttl-arvo.jpg 900w, https:\/\/www.zoner.fi\/tuki\/wp-content\/uploads\/2022\/08\/dns-hallinta-lisaa-tietue-korvaa-ttl-arvo-300x62.jpg 300w, https:\/\/www.zoner.fi\/tuki\/wp-content\/uploads\/2022\/08\/dns-hallinta-lisaa-tietue-korvaa-ttl-arvo-768x160.jpg 768w\" sizes=\"auto, (max-width: 900px) 100vw, 900px\" \/><\/figure>\n\n\n\n<p>Ruutuun aukeaa ponnahdusikkuna, joka t\u00e4ytet\u00e4\u00e4n mallin mukaan<\/p>\n\n\n\n<figure class=\"wp-block-table\"><table><tbody><tr><td><strong>Nimi<\/strong><\/td><td><strong>Tietueen tyyppi<\/strong><\/td><td><strong>Arvo<\/strong><\/td><\/tr><tr><td>domaintesti.fi.<\/td><td>TXT<\/td><td>ms=xxxxx<\/td><\/tr><\/tbody><\/table><\/figure>\n\n\n\n<figure class=\"wp-block-image size-full\"><img loading=\"lazy\" decoding=\"async\" width=\"500\" height=\"353\" src=\"https:\/\/www.zoner.fi\/tuki\/wp-content\/uploads\/2022\/08\/office365-kayttoonotto-domain-validointi.jpg\" alt=\"\" class=\"wp-image-130125\" srcset=\"https:\/\/www.zoner.fi\/tuki\/wp-content\/uploads\/2022\/08\/office365-kayttoonotto-domain-validointi.jpg 500w, https:\/\/www.zoner.fi\/tuki\/wp-content\/uploads\/2022\/08\/office365-kayttoonotto-domain-validointi-300x212.jpg 300w\" sizes=\"auto, (max-width: 500px) 100vw, 500px\" \/><\/figure>\n\n\n\n<h2 class=\"wp-block-heading\">3. Lis\u00e4\u00e4 nimipalvelinm\u00e4\u00e4ritykset<\/h2>\n\n\n\n<p>Seuraavat nimipalvelinm\u00e4\u00e4ritykset tarvitaan Office365 k\u00e4ytt\u00f6\u00e4 varten. Esimerkiss\u00e4 on k\u00e4ytetty domaintesti.fi verkkotunnusta, tarkasta Microsoftin antamista tiedoista oikeat m\u00e4\u00e4ritykset.<br>HUOM! pisteet tiettyjen m\u00e4\u00e4rityksien per\u00e4ss\u00e4 ovat pakolliset, kuten my\u00f6s lainausmerkit niiss\u00e4 paikoissa mihin ne on esimerkkiin laitettu.<\/p>\n\n\n\n<p>Klikkaa DNS-hallinta-sivulla n\u00e4kyv\u00e4\u00e4 vihre\u00e4\u00e4 painiketta <strong>Lis\u00e4\u00e4 tietue<\/strong>.<\/p>\n\n\n\n<figure class=\"wp-block-image size-full\"><img loading=\"lazy\" decoding=\"async\" width=\"900\" height=\"187\" src=\"https:\/\/www.zoner.fi\/tuki\/wp-content\/uploads\/2022\/08\/dns-hallinta-lisaa-tietue-korvaa-ttl-arvo.jpg\" alt=\"\" class=\"wp-image-129977\" srcset=\"https:\/\/www.zoner.fi\/tuki\/wp-content\/uploads\/2022\/08\/dns-hallinta-lisaa-tietue-korvaa-ttl-arvo.jpg 900w, https:\/\/www.zoner.fi\/tuki\/wp-content\/uploads\/2022\/08\/dns-hallinta-lisaa-tietue-korvaa-ttl-arvo-300x62.jpg 300w, https:\/\/www.zoner.fi\/tuki\/wp-content\/uploads\/2022\/08\/dns-hallinta-lisaa-tietue-korvaa-ttl-arvo-768x160.jpg 768w\" sizes=\"auto, (max-width: 900px) 100vw, 900px\" \/><\/figure>\n\n\n\n<p>Ruutuun aukeaa ponnahdusikkuna, johon t\u00e4ytet\u00e4\u00e4n seuraavat tietueet yksi kerrallaan. Tallenna muutokset klikkaamalla <strong>Lis\u00e4\u00e4<\/strong>.<\/p>\n\n\n\n<p><strong>Nelj\u00e4 CNAME-tietuetta:<\/strong><\/p>\n\n\n\n<figure class=\"wp-block-table\"><table><tbody><tr><td><strong>Nimi<\/strong><\/td><td><strong>Tietueen tyyppi<\/strong><\/td><td><strong>Arvo<\/strong><\/td><\/tr><tr><td>autodiscover<\/td><td>CNAME<\/td><td>autodiscover.outlook.com.<\/td><\/tr><tr><td>lyncdiscover<\/td><td>CNAME<\/td><td>webdir.online.lync.com.<\/td><\/tr><tr><td>sip<\/td><td>CNAME<\/td><td>sipdir.online.lync.com.<\/td><\/tr><tr><td>msoid<\/td><td>CNAME<\/td><td>clientconfig.microsoftonline-p.net.<\/td><\/tr><\/tbody><\/table><\/figure>\n\n\n\n<figure class=\"wp-block-image size-full\"><img loading=\"lazy\" decoding=\"async\" width=\"300\" height=\"175\" src=\"https:\/\/www.zoner.fi\/tuki\/wp-content\/uploads\/2022\/08\/autodiscover-300x175-1.png\" alt=\"\" class=\"wp-image-130124\"\/><\/figure>\n\n\n\n<p><strong>SPF-tietue<\/strong><\/p>\n\n\n\n<figure class=\"wp-block-table\"><table><tbody><tr><td><strong>Nimi<\/strong><\/td><td><strong>Tietueen tyyppi<\/strong><\/td><td><strong>Arvo<\/strong><\/td><\/tr><tr><td>@<\/td><td>TXT<\/td><td>\u201dv=spf1 include:spf.protection.outlook.com -all\u201d<\/td><\/tr><\/tbody><\/table><\/figure>\n\n\n\n<p>Mik\u00e4li itse kotisivusto toimii Zonerin webhotellissa ja sen kautta l\u00e4hetet\u00e4\u00e4n s\u00e4hk\u00f6posteja domainin nimiss\u00e4 esimerkiksi lomaketoimintojen avulla, tulee tietueeseen lis\u00e4t\u00e4 viel\u00e4 my\u00f6s Zonerin s\u00e4hk\u00f6postipalvelimet sallittujen l\u00e4hett\u00e4jien joukkoon. Oikea tietue olisi siis muotoa:<\/p>\n\n\n\n<p><strong>TXT &nbsp;&#8221;v=spf1 include:spf.zoner.fi include:spf.protection.outlook.com -all&#8221;<\/strong><\/p>\n\n\n\n<p><strong>Kaksi SRV-tietuetta:<\/strong><\/p>\n\n\n\n<figure class=\"wp-block-table\"><table><tbody><tr><td><strong>Nimi<\/strong><\/td><td><strong>Tietueen tyyppi<\/strong><\/td><td><strong>Prioriteetti<\/strong><\/td><td><strong>Arvo<\/strong><\/td><\/tr><tr><td>_sip._tls<\/td><td>SRV<\/td><td>100<\/td><td>1 443 sipdir.online.lync.com.<\/td><\/tr><tr><td>_sipfederationtls._tcp<\/td><td>SRV<\/td><td>100<\/td><td>1 5061 sipfed.online.lync.com.<\/td><\/tr><\/tbody><\/table><\/figure>\n\n\n\n<figure class=\"wp-block-image size-full\"><img loading=\"lazy\" decoding=\"async\" width=\"300\" height=\"175\" src=\"https:\/\/www.zoner.fi\/tuki\/wp-content\/uploads\/2022\/08\/srv1-300x175-1.png\" alt=\"\" class=\"wp-image-130126\"\/><\/figure>\n\n\n\n<figure class=\"wp-block-image size-full\"><img loading=\"lazy\" decoding=\"async\" width=\"300\" height=\"174\" src=\"https:\/\/www.zoner.fi\/tuki\/wp-content\/uploads\/2022\/08\/srv2-1-300x174-1.png\" alt=\"\" class=\"wp-image-130122\"\/><\/figure>\n\n\n\n<p>Jos k\u00e4yt\u00e4t Mobile Device Management (MDM) -systeemi\u00e4, lis\u00e4\u00e4 viel\u00e4 n\u00e4m\u00e4 tietueet:<\/p>\n\n\n\n<figure class=\"wp-block-table\"><table><tbody><tr><td><strong>Nimi<\/strong><\/td><td><strong>Tietueen tyyppi<\/strong><\/td><td><strong>Arvo<\/strong><\/td><\/tr><tr><td>enterpriseregistration<\/td><td>CNAME<\/td><td>enterpriseregistration.windows.net.<\/td><\/tr><tr><td>enterpriseenrollment<\/td><td>CNAME<\/td><td>enterpriseenrollment.manage.microsoft.com.<\/td><\/tr><\/tbody><\/table><\/figure>\n\n\n\n<h2 class=\"wp-block-heading\">4. Lis\u00e4\u00e4 MX-tietueet<\/h2>\n\n\n\n<p>Kun yll\u00e4 olevat m\u00e4\u00e4ritykset on tehty, voidaan s\u00e4hk\u00f6postit ohjata Microsoftille.\u00a0Valitse p\u00e4\u00e4valikosta <strong>S\u00e4hk\u00f6postien hallinta<\/strong> \u2192 <strong>MX-tietueet<\/strong>.<\/p>\n\n\n\n<figure class=\"wp-block-image size-full\"><img loading=\"lazy\" decoding=\"async\" width=\"972\" height=\"552\" src=\"https:\/\/www.zoner.fi\/tuki\/wp-content\/uploads\/2025\/09\/direct-admin-mx-tietueet.png\" alt=\"\" class=\"wp-image-137596\" srcset=\"https:\/\/www.zoner.fi\/tuki\/wp-content\/uploads\/2025\/09\/direct-admin-mx-tietueet.png 972w, https:\/\/www.zoner.fi\/tuki\/wp-content\/uploads\/2025\/09\/direct-admin-mx-tietueet-300x170.png 300w, https:\/\/www.zoner.fi\/tuki\/wp-content\/uploads\/2025\/09\/direct-admin-mx-tietueet-768x436.png 768w\" sizes=\"auto, (max-width: 972px) 100vw, 972px\" \/><\/figure>\n\n\n\n<p>Poista vanhat m\u00e4\u00e4ritykset laittamalla valinta m\u00e4\u00e4rityksen kohdalla olevaan ruutuun ja klikkaamalla <strong>Poista<\/strong>. Lis\u00e4\u00e4 sitten kaikki alla olevat tietueet klikkaamalla vihre\u00e4\u00e4 <strong>Lis\u00e4\u00e4 tietue<\/strong> -painiketta. Avautuvassa ponnahdusikkunassa muokataan rivi\u00e4 Arvo ja muutokset tallennetaan klikkaamalla <strong>Lis\u00e4\u00e4<\/strong>.<\/p>\n\n\n\n<figure class=\"wp-block-table\"><table><tbody><tr><td><strong>Nimi<\/strong><\/td><td><strong>Tietueen tyyppi<\/strong><\/td><td><strong>Prioriteetti<\/strong><\/td><td><strong>Arvo<\/strong><\/td><\/tr><tr><td>@<\/td><td>MX<\/td><td>0<\/td><td>domain-fi.mail.protection.outlook.com.<\/td><\/tr><\/tbody><\/table><\/figure>\n\n\n\n<figure class=\"wp-block-image size-full\"><img loading=\"lazy\" decoding=\"async\" width=\"500\" height=\"266\" src=\"https:\/\/www.zoner.fi\/tuki\/wp-content\/uploads\/2022\/08\/office365-kayttoonotto-mx-records.jpg\" alt=\"\" class=\"wp-image-130127\" srcset=\"https:\/\/www.zoner.fi\/tuki\/wp-content\/uploads\/2022\/08\/office365-kayttoonotto-mx-records.jpg 500w, https:\/\/www.zoner.fi\/tuki\/wp-content\/uploads\/2022\/08\/office365-kayttoonotto-mx-records-300x160.jpg 300w\" sizes=\"auto, (max-width: 500px) 100vw, 500px\" \/><\/figure>\n\n\n\n<p><strong>Poista viel\u00e4 valinta kohdasta K\u00e4yt\u00e4 t\u00e4t\u00e4 palvelinta s\u00e4hk\u00f6postieni k\u00e4sittelyyn.<\/strong><\/p>\n\n\n\n<figure class=\"wp-block-image size-full\"><img loading=\"lazy\" decoding=\"async\" width=\"900\" height=\"224\" src=\"https:\/\/www.zoner.fi\/tuki\/wp-content\/uploads\/2022\/08\/office365-kayttoonotto-mx-tietue-kayta.jpg\" alt=\"\" class=\"wp-image-130121\" srcset=\"https:\/\/www.zoner.fi\/tuki\/wp-content\/uploads\/2022\/08\/office365-kayttoonotto-mx-tietue-kayta.jpg 900w, https:\/\/www.zoner.fi\/tuki\/wp-content\/uploads\/2022\/08\/office365-kayttoonotto-mx-tietue-kayta-300x75.jpg 300w, https:\/\/www.zoner.fi\/tuki\/wp-content\/uploads\/2022\/08\/office365-kayttoonotto-mx-tietue-kayta-768x191.jpg 768w\" sizes=\"auto, (max-width: 900px) 100vw, 900px\" \/><\/figure>\n\n\n\n<p>Muutoksen j\u00e4lkeen s\u00e4hk\u00f6postit alkavat ohjautumaan Microsoftin palveluun muutaman tunnin kuluessa.<\/p>\n\n\n\n<p>Mahdolliset muut Microsoftilta saadut m\u00e4\u00e4ritykset voidaan lis\u00e4t\u00e4 samalla tavoin.<\/p>\n","protected":false},"excerpt":{"rendered":"<p>Microsoft 365 -palvelun k\u00e4ytt\u00f6\u00f6notto Zonerin webhotellissa.<\/p>\n","protected":false},"author":13,"featured_media":0,"parent":129010,"menu_order":0,"comment_status":"closed","ping_status":"closed","template":"","meta":{"_relevanssi_hide_post":"","_relevanssi_hide_content":"","_relevanssi_pin_for_all":"","_relevanssi_pin_keywords":"","_relevanssi_unpin_keywords":"","_relevanssi_related_keywords":"","_relevanssi_related_include_ids":"","_relevanssi_related_exclude_ids":"","_relevanssi_related_no_append":"","_relevanssi_related_not_related":"","_relevanssi_related_posts":"1063,1066,1076","_relevanssi_noindex_reason":"","footnotes":""},"categories":[192,197],"tags":[110,95],"wf_page_folders":[],"class_list":{"0":"post-129669","1":"page","2":"type-page","3":"status-publish","5":"category-directadmin","6":"category-microsoft-365","7":"tag-microsoft-365","8":"tag-ohjelmistot"},"_links":{"self":[{"href":"https:\/\/www.zoner.fi\/tuki\/wp-json\/wp\/v2\/pages\/129669","targetHints":{"allow":["GET"]}}],"collection":[{"href":"https:\/\/www.zoner.fi\/tuki\/wp-json\/wp\/v2\/pages"}],"about":[{"href":"https:\/\/www.zoner.fi\/tuki\/wp-json\/wp\/v2\/types\/page"}],"author":[{"embeddable":true,"href":"https:\/\/www.zoner.fi\/tuki\/wp-json\/wp\/v2\/users\/13"}],"replies":[{"embeddable":true,"href":"https:\/\/www.zoner.fi\/tuki\/wp-json\/wp\/v2\/comments?post=129669"}],"version-history":[{"count":11,"href":"https:\/\/www.zoner.fi\/tuki\/wp-json\/wp\/v2\/pages\/129669\/revisions"}],"predecessor-version":[{"id":137597,"href":"https:\/\/www.zoner.fi\/tuki\/wp-json\/wp\/v2\/pages\/129669\/revisions\/137597"}],"up":[{"embeddable":true,"href":"https:\/\/www.zoner.fi\/tuki\/wp-json\/wp\/v2\/pages\/129010"}],"wp:attachment":[{"href":"https:\/\/www.zoner.fi\/tuki\/wp-json\/wp\/v2\/media?parent=129669"}],"wp:term":[{"taxonomy":"category","embeddable":true,"href":"https:\/\/www.zoner.fi\/tuki\/wp-json\/wp\/v2\/categories?post=129669"},{"taxonomy":"post_tag","embeddable":true,"href":"https:\/\/www.zoner.fi\/tuki\/wp-json\/wp\/v2\/tags?post=129669"},{"taxonomy":"wf_page_folders","embeddable":true,"href":"https:\/\/www.zoner.fi\/tuki\/wp-json\/wp\/v2\/wf_page_folders?post=129669"}],"curies":[{"name":"wp","href":"https:\/\/api.w.org\/{rel}","templated":true}]}}