{"id":129913,"date":"2022-08-16T10:50:16","date_gmt":"2022-08-16T07:50:16","guid":{"rendered":"https:\/\/www.zoner.fi\/tuki\/?page_id=129913"},"modified":"2025-09-17T14:33:28","modified_gmt":"2025-09-17T11:33:28","slug":"miten-luon-domainpointerin","status":"publish","type":"page","link":"https:\/\/www.zoner.fi\/tuki\/webhotellit\/miten-luon-domainpointerin\/","title":{"rendered":"Miten luon domainpointerin?"},"content":{"rendered":"\n<p>T\u00e4ss\u00e4 ohjeessa k\u00e4ymme l\u00e4pi, kuinka voit luoda domainpointereita <a href=\"https:\/\/www.zoner.fi\/webhotellit\/\">webhotellin<\/a> hallintapaneelista k\u00e4sin.<\/p>\n\n\n\n<h2 class=\"wp-block-heading\">Mik\u00e4 on domainpointer?<\/h2>\n\n\n\n<p>Domainpointerin avulla on mahdollista ohjata kokonaan halutun verkkotunnuksen liikenne toiselle verkkotunnukselle. Kyseess\u00e4 ei ole pelkk\u00e4 <a href=\"https:\/\/www.zoner.fi\/tuki\/webhotellit\/miten-luon-uudelleenohjauksen-webhotellissa\/\" data-type=\"page\" data-id=\"129929\">uudelleenohjaus<\/a>, koska domainpointer mahdollistaa esimerkiksi tietyn ohjelmiston ja sivuston k\u00e4yt\u00f6n useilla eri verkkotunnuksilla siten, ett\u00e4 ohjattu verkkotunnus n\u00e4ytet\u00e4\u00e4n k\u00e4vij\u00e4lle h\u00e4nen selaimessaan.<\/p>\n\n\n\n<h3 class=\"wp-block-heading\">Domainpointerin ja lis\u00e4verkkotunnuksen erot<\/h3>\n\n\n\n<p>On hyv\u00e4 huomioida, ett\u00e4 domainpointerina lis\u00e4tt\u00e4v\u00e4 <a href=\"https:\/\/www.zoner.fi\/verkkotunnus\/\">verkkotunnus <\/a>ei mahdollista omaa kotisivutilaa tai s\u00e4hk\u00f6postilaatikoiden luomista. Lis\u00e4verkkotunnuksena lis\u00e4tt\u00e4v\u00e4 domain saa oman kansiorakenteen ja mahdollistaa my\u00f6s kotisivukoneen k\u00e4yt\u00f6n webhotellista.<\/p>\n\n\n\n<p>Mik\u00e4li haluat luoda samaan webhotelliin omat kotisivut tai s\u00e4hk\u00f6postiosoitteet my\u00f6s useammalle domainille, sinun tulee tilata haluttu domain lis\u00e4verkkotunnuksena <a href=\"https:\/\/www.zoner.fi\/domainhaku\/\">domainhaun<\/a> kautta. <\/p>\n\n\n\n<h3 class=\"wp-block-heading\">Domainpointerin luominen<\/h3>\n\n\n\n<p>1. Kirjaudu sis\u00e4\u00e4n webhotellin DirectAdmin-hallintapaneeliin.<\/p>\n\n\n\n<p>2. Jos sinulla on kauttamme useampi domain, valitse ensin se domain, johon haluat kohdentaa muokkauksen. Ohje muokattavan domainin valintaan l\u00f6ytyy <a href=\"https:\/\/www.zoner.fi\/tuki\/webhotellit\/miten-kaytan-directadmin-hallintapaneelia\/\" data-type=\"page\" data-id=\"129716\">t\u00e4\u00e4lt\u00e4<\/a>.<\/p>\n\n\n\n<p>3. Valitse p\u00e4\u00e4valikosta Tilin hallinta \u2013 Domainpointerit.<\/p>\n\n\n\n<figure class=\"wp-block-image\"><img decoding=\"async\" src=\"https:\/\/zonerwp2022.zoner.fi\/wp-content\/uploads\/2019\/02\/domainpointer-paavalikko.jpg\" alt=\"\" class=\"wp-image-44117\"\/><\/figure>\n\n\n\n<p>4. Klikkaa avautuvalla Domainpointerit -sivulla n\u00e4kyv\u00e4\u00e4 vihre\u00e4\u00e4 painiketta Luo domainpointer.<\/p>\n\n\n\n<figure class=\"wp-block-image\"><img decoding=\"async\" src=\"https:\/\/zonerwp2022.zoner.fi\/wp-content\/uploads\/2019\/02\/luo-domainpointer.jpg\" alt=\"luo domainpointer\" class=\"wp-image-45797\"\/><\/figure>\n\n\n\n<p>5. Ruutuun aukeaa ponnahdusikkuna, johon voit nyt kirjoittaa l\u00e4hdeosoitteen eli osoitteen, josta liikenne halutaan ohjata valittuun domainiin.<\/p>\n\n\n\n<figure class=\"wp-block-image\"><img decoding=\"async\" src=\"https:\/\/zonerwp2022.zoner.fi\/wp-content\/uploads\/2019\/02\/lisaa-uusi-domainpointer-ponnahdusikkuna.jpg\" alt=\"\" class=\"wp-image-44120\"\/><\/figure>\n\n\n\n<p><strong>Luo aliaksena<\/strong> -valinta mahdollistaa l\u00e4hdeosoitteen n\u00e4kymisen selaimen osoiterivill\u00e4, vaikka varsinainen liikenne ohjautuukin kohdeosoitteen tiedostorakenteeseen. T\u00e4m\u00e4 mahdollistaa monien multisite-toimintojen k\u00e4yt\u00f6n, jossa yhden ohjelmistoasennuksen alta hallitaan useita eri sivustoja.<\/p>\n\n\n\n<p>Mik\u00e4li haluat vain pelk\u00e4n uudelleenohjauksen l\u00e4hdeosoitteelta kohdeosoitteeseen, poista valinta ruudusta Luo aliaksena. Tallenna muutokset klikkaamalla Luo -painiketta.<\/p>\n\n\n\n<p>6. Nyt listassa n\u00e4kyy luomasi domainpointerit.<\/p>\n\n\n\n<figure class=\"wp-block-image\"><img decoding=\"async\" src=\"https:\/\/zonerwp2022.zoner.fi\/wp-content\/uploads\/2019\/02\/luo-domainpointer-painike.jpg\" alt=\"\" class=\"wp-image-44123\"\/><\/figure>\n\n\n\n<h3 class=\"wp-block-heading\">Paikallinen s\u00e4hk\u00f6posti -asetus<\/h3>\n\n\n\n<p>Paikallinen s\u00e4hk\u00f6posti -asetus m\u00e4\u00e4ritt\u00e4\u00e4 palvelimelle, kuuluuko domainpointerilla ohjatun verkkotunnuksen s\u00e4hk\u00f6postit ohjautua kyseiseen webhotelliin vai ei. Mik\u00e4li m\u00e4\u00e4ritys on muodossa kyll\u00e4, v\u00e4litet\u00e4\u00e4n Zonerin palvelimilta l\u00e4htev\u00e4t viestit aina webhotelliin.<\/p>\n\n\n\n<p>Domainpointerina m\u00e4\u00e4ritetylle verkkotunnukselle ei ole mahdollista luoda webhotellissa omia s\u00e4hk\u00f6postilaatikoita, mutta aliaksena m\u00e4\u00e4ritetyn domainpointerin s\u00e4hk\u00f6postiosoitteet uudelleenohjataan my\u00f6s automaattisesti kohdeverkkotunnukselle.<\/p>\n\n\n\n<p>Esimerkiksi jos pointtaat domaintestaus.com aliaksena kohteeseen domaintestaus.fi ja sinulla on webhotellista luotuna info@domaintestaus.fi-osoite, ohjautuvat my\u00f6s info@domaintestaus.com-osoitteeseen v\u00e4litetyt viestit kyseiseen laatikkoon.<\/p>\n\n\n\n<p>Voit vaihtaa m\u00e4\u00e4rityst\u00e4 valitsemalla osoitteen edess\u00e4 olevan ruudun ja valitsemalla joko <strong>Set Local Mail<\/strong> (kyll\u00e4) tai <strong>Set Remote Mail<\/strong> (ei).<\/p>\n\n\n\n<figure class=\"wp-block-image\"><img decoding=\"async\" src=\"https:\/\/zonerwp2022.zoner.fi\/wp-content\/uploads\/2019\/02\/set-local-mail.jpg\" alt=\"set local mail\" class=\"wp-image-45815\"\/><\/figure>\n\n\n\n<h3 class=\"wp-block-heading\">DNS-asetukset domainpointerille<\/h3>\n\n\n\n<p>Domainpointatulle verkkotunnukselle on mahdollista m\u00e4\u00e4ritt\u00e4\u00e4 my\u00f6s omat DNS-tietueet. T\u00e4m\u00e4 on erityisen k\u00e4tev\u00e4\u00e4, mik\u00e4li esimerkiksi verkkotunnuksen jokin alidomain t\u00e4ytyy ohjata erilliseen palveluun tai verkkotunnuksella on s\u00e4hk\u00f6postit ulkoisessa palvelussa.<\/p>\n\n\n\n<p>DNS-asetuksia p\u00e4\u00e4set muokkaamaan valitsemalla DNS-sarakkeen alta: N\u00e4yt\u00e4<\/p>\n\n\n\n<figure class=\"wp-block-image\"><img decoding=\"async\" src=\"https:\/\/zonerwp2022.zoner.fi\/wp-content\/uploads\/2019\/02\/domainpointer-dns-asetukset.jpg\" alt=\"domainpointer dns-asetukset\" class=\"wp-image-45824\"\/><\/figure>\n\n\n\n<p>Katso t\u00e4\u00e4lt\u00e4 tarkemmat ohjeet <a href=\"https:\/\/www.zoner.fi\/tuki\/webhotellit\/miten-muokkaan-dns-tietueita-webhotellissa\/\" data-type=\"page\" data-id=\"129673\">DNS-tietueiden muokkaamiseen<\/a>.<\/p>\n\n\n\n<h3 class=\"wp-block-heading\">Domainpointerin poistaminen<\/h3>\n\n\n\n<p>Domainpointerin saa poistettua k\u00e4yt\u00f6st\u00e4 valitsemalla osoitteen edess\u00e4 olevan ruudun ja valitsemalla: Poista<\/p>\n\n\n\n<figure class=\"wp-block-image\"><img decoding=\"async\" src=\"https:\/\/zonerwp2022.zoner.fi\/wp-content\/uploads\/2019\/02\/domainpointerin-poistaminen.jpg\" alt=\"domainpointerin poistaminen\" class=\"wp-image-45818\"\/><\/figure>\n\n\n\n<p>Erillinen ponnahdusikkuna kysyy sinulta viel\u00e4 varmuudeksi, haluatko poistaa pointerin pysyv\u00e4sti.<\/p>\n\n\n\n<figure class=\"wp-block-image\"><img decoding=\"async\" src=\"https:\/\/zonerwp2022.zoner.fi\/wp-content\/uploads\/2019\/02\/poista-domainpointer.jpg\" alt=\"poista domainpointer\" class=\"wp-image-45821\"\/><\/figure>\n","protected":false},"excerpt":{"rendered":"<p>T\u00e4ss\u00e4 ohjeessa k\u00e4ymme l\u00e4pi, kuinka voit luoda domainpointereita webhotellin hallintapaneelista k\u00e4sin. Mik\u00e4 on domainpointer? Domainpointerin avulla on mahdollista ohjata kokonaan halutun verkkotunnuksen liikenne toiselle verkkotunnukselle. Kyseess\u00e4 ei ole pelkk\u00e4 uudelleenohjaus, koska domainpointer mahdollistaa esimerkiksi tietyn ohjelmiston ja sivuston k\u00e4yt\u00f6n useilla eri verkkotunnuksilla siten, ett\u00e4 ohjattu verkkotunnus n\u00e4ytet\u00e4\u00e4n k\u00e4vij\u00e4lle h\u00e4nen selaimessaan. Domainpointerin ja lis\u00e4verkkotunnuksen erot On &#8230; <a title=\"Miten luon domainpointerin?\" class=\"read-more\" href=\"https:\/\/www.zoner.fi\/tuki\/webhotellit\/miten-luon-domainpointerin\/\" aria-label=\"Lue lis\u00e4\u00e4 aiheesta Miten luon domainpointerin?\">Lue lis\u00e4\u00e4<\/a><\/p>\n","protected":false},"author":15,"featured_media":0,"parent":129010,"menu_order":0,"comment_status":"closed","ping_status":"closed","template":"","meta":{"_relevanssi_hide_post":"","_relevanssi_hide_content":"","_relevanssi_pin_for_all":"","_relevanssi_pin_keywords":"","_relevanssi_unpin_keywords":"","_relevanssi_related_keywords":"","_relevanssi_related_include_ids":"","_relevanssi_related_exclude_ids":"","_relevanssi_related_no_append":"","_relevanssi_related_not_related":"","_relevanssi_related_posts":"1066,1076,1063","_relevanssi_noindex_reason":"","footnotes":""},"categories":[192,209],"tags":[219,158],"wf_page_folders":[],"class_list":{"0":"post-129913","1":"page","2":"type-page","3":"status-publish","5":"category-directadmin","6":"category-directadmin-verkkotunnus","7":"tag-verkkotunnusten-hallinta","8":"tag-yleiset"},"_links":{"self":[{"href":"https:\/\/www.zoner.fi\/tuki\/wp-json\/wp\/v2\/pages\/129913","targetHints":{"allow":["GET"]}}],"collection":[{"href":"https:\/\/www.zoner.fi\/tuki\/wp-json\/wp\/v2\/pages"}],"about":[{"href":"https:\/\/www.zoner.fi\/tuki\/wp-json\/wp\/v2\/types\/page"}],"author":[{"embeddable":true,"href":"https:\/\/www.zoner.fi\/tuki\/wp-json\/wp\/v2\/users\/15"}],"replies":[{"embeddable":true,"href":"https:\/\/www.zoner.fi\/tuki\/wp-json\/wp\/v2\/comments?post=129913"}],"version-history":[{"count":7,"href":"https:\/\/www.zoner.fi\/tuki\/wp-json\/wp\/v2\/pages\/129913\/revisions"}],"predecessor-version":[{"id":137461,"href":"https:\/\/www.zoner.fi\/tuki\/wp-json\/wp\/v2\/pages\/129913\/revisions\/137461"}],"up":[{"embeddable":true,"href":"https:\/\/www.zoner.fi\/tuki\/wp-json\/wp\/v2\/pages\/129010"}],"wp:attachment":[{"href":"https:\/\/www.zoner.fi\/tuki\/wp-json\/wp\/v2\/media?parent=129913"}],"wp:term":[{"taxonomy":"category","embeddable":true,"href":"https:\/\/www.zoner.fi\/tuki\/wp-json\/wp\/v2\/categories?post=129913"},{"taxonomy":"post_tag","embeddable":true,"href":"https:\/\/www.zoner.fi\/tuki\/wp-json\/wp\/v2\/tags?post=129913"},{"taxonomy":"wf_page_folders","embeddable":true,"href":"https:\/\/www.zoner.fi\/tuki\/wp-json\/wp\/v2\/wf_page_folders?post=129913"}],"curies":[{"name":"wp","href":"https:\/\/api.w.org\/{rel}","templated":true}]}}