{"id":131770,"date":"2024-04-18T15:21:09","date_gmt":"2024-04-18T12:21:09","guid":{"rendered":"https:\/\/www.zoner.fi\/tuki\/?page_id=131770"},"modified":"2024-04-18T15:46:27","modified_gmt":"2024-04-18T12:46:27","slug":"wordpress-aloitus","status":"publish","type":"page","link":"https:\/\/www.zoner.fi\/tuki\/wordpress\/wordpress-aloitus\/","title":{"rendered":"WordPress-aloitus: Mik\u00e4 on WordPress ja miten voit aloittaa sen k\u00e4ytt\u00e4misen?"},"content":{"rendered":"\n<div class=\"wp-block-group is-vertical is-layout-flex wp-container-core-group-is-layout-8cf370e7 wp-block-group-is-layout-flex\">\n<h2 class=\"gb-headline gb-headline-58e6b9e7 gb-headline-text\">Mik\u00e4 on WordPress?&nbsp;<\/h2>\n\n\n\n<p>WordPress on suosittu ja helppok\u00e4ytt\u00f6inen ohjelmisto nettisivujen tai blogin tekoon ja hallintaan. Avoimen l\u00e4hdekoodin ohjelmistona se on t\u00e4ysin ilmainen k\u00e4ytt\u00e4\u00e4, joten joudut maksamaan vain webhotellista ja verkkotunnuksesta, mink\u00e4 lis\u00e4ksi voit halutessasi ostaa maksullisia lis\u00e4osia ja teemoja.&nbsp;<\/p>\n<\/div>\n\n\n\n<p>WordPressi\u00e4 k\u00e4ytettiin aluksi vain blogien luomiseen, mutta monien uudistusten j\u00e4lkeen siit\u00e4 on tullut todella monipuolinen, ja voit luoda sill\u00e4 mink\u00e4laisen verkkosivuston tahansa. Voit rakentaa harrastus- tai lifestyleblogeja, portfolioita, yrityssivustoja, verkkokauppoja, mobiilisovelluksia ja j\u00e4sensivustoja.&nbsp;<\/p>\n\n\n\n<p>Tutustu t\u00e4h\u00e4n oppaaseen, niin WordPress-aloitus k\u00e4y helpommin!&nbsp;<br>&nbsp;<\/p>\n\n\n\n<div class=\"wp-block-group is-vertical is-layout-flex wp-container-core-group-is-layout-8cf370e7 wp-block-group-is-layout-flex\">\n<h2 class=\"gb-headline gb-headline-b2362be5 gb-headline-text\">Mist\u00e4 WordPress-verkkosivusto muodostuu?&nbsp;<\/h2>\n\n\n\n<p><strong>WordPress-ydin: <\/strong>T\u00e4m\u00e4 on verkkosivustosi perusta. Se sis\u00e4lt\u00e4\u00e4 itse WordPress-ohjelmiston, joka vastaa verkkosivuston sis\u00e4ll\u00f6n hallinnasta, k\u00e4sittelee k\u00e4ytt\u00e4jien todennukset ja tarjoaa kehyksen teemoille ja lis\u00e4osille.&nbsp;<\/p>\n<\/div>\n\n\n\n<p><strong>Teemat:<em> <\/em><\/strong>Teema m\u00e4\u00e4ritt\u00e4\u00e4 verkkosivustosi yleisen ulkoasun. WordPress-teemat ovat muokattavia malleja, jotka m\u00e4\u00e4ritt\u00e4v\u00e4t, milt\u00e4 sivustosi n\u00e4ytt\u00e4\u00e4 ja miten sen sis\u00e4lt\u00f6 esitet\u00e4\u00e4n. Voit valita tuhansista ilmaisista ja maksullisista teemoista tai voit luoda oman mukautetun teeman.&nbsp;<\/p>\n\n\n\n<p><strong>Lis\u00e4osat:<em> <\/em><\/strong>Lis\u00e4osilla saat lis\u00e4\u00e4 toimintoja WordPress-verkkosivustoosi. Niiden avulla voit lis\u00e4t\u00e4 sivuille ominaisuuksia, kuten yhteydenottolomakkeita, sosiaalisen median integraatiota, SEO- eli hakukoneoptimointity\u00f6kaluja, verkkokauppatoimintoja ja paljon muuta. WordPress-lis\u00e4osahakemistossa on tuhansia lis\u00e4osia.&nbsp;<\/p>\n\n\n\n<p><strong>Sis\u00e4lt\u00f6:<em> <\/em><\/strong>WordPressin avulla voit luoda ja hallita erityyppisi\u00e4 sis\u00e4lt\u00f6j\u00e4, kuten sivuja, artikkeleita, kuvia, videoita ja paljon muuta. Voit j\u00e4rjest\u00e4\u00e4 sis\u00e4lt\u00f6si luokkiin ja tunnisteisiin navigoinnin helpottamiseksi.&nbsp;<\/p>\n\n\n\n<p><strong>Mediakirjasto:<\/strong> WordPressin mediakirjastossa voit hallita kaikkia sivustosi mediatiedostoja, kuten kuvia, videoita, \u00e4\u00e4nitiedostoja ja asiakirjoja. Voit helposti lis\u00e4t\u00e4 mediasis\u00e4lt\u00f6\u00e4 artikkeleihin ja sivuihin kirjastosta.&nbsp;<\/p>\n\n\n\n<p><strong>K\u00e4ytt\u00e4j\u00e4t ja roolit:<\/strong> WordPress tarjoaa k\u00e4tev\u00e4n k\u00e4ytt\u00e4jienhallintaj\u00e4rjestelm\u00e4n, jonka avulla voit m\u00e4\u00e4ritt\u00e4\u00e4, kuka voi k\u00e4ytt\u00e4\u00e4 verkkosivustoasi tai tehd\u00e4 muutoksia siihen. Voit m\u00e4\u00e4ritt\u00e4\u00e4 k\u00e4ytt\u00e4jille eri rooleja (esim. j\u00e4rjestelm\u00e4nvalvoja, muokkaaja, tekij\u00e4, tilaaja), joilla on eritasoiset k\u00e4ytt\u00f6oikeudet.&nbsp;<\/p>\n\n\n\n<p><strong>Valikot:<em> <\/em><\/strong>Voit luoda mukautettuja valikoita hallitaksesi verkkosivustosi navigointirakennetta. Valikot sis\u00e4lt\u00e4v\u00e4t yleens\u00e4 linkkej\u00e4 sivuille, artikkeleihin, artikkeleihin ja mukautettuihin linkkeihin. WordPressin avulla voit luoda useita valikoita ja n\u00e4ytt\u00e4\u00e4 ne sivustosi eri paikoissa.&nbsp;<\/p>\n\n\n\n<p><strong>Vimpaimet:<\/strong> Vimpaimet(widget)<strong><em> <\/em><\/strong>ovat pieni\u00e4 sis\u00e4lt\u00f6- tai toimintolohkoja, joita voit lis\u00e4t\u00e4 verkkosivustoosi, yleens\u00e4 sivupalkkiin tai alatunnisteeseen. Vimpaimet voivat n\u00e4ytt\u00e4\u00e4 esimerkiksi viimeisimm\u00e4t artikkelit, luokat, hakupalkit, sosiaalisen median sy\u00f6tteet ja paljon muuta.&nbsp;<\/p>\n\n\n\n<p><strong>Mukautusvaihtoehdot:<\/strong> WordPress tarjoaa mukautusty\u00f6kalun, jonka avulla voit tehd\u00e4 muutoksia teemasi asetteluun ja visuaaliseen ilmeeseen ilman, ett\u00e4 sinun tarvitsee muokata koodia. Voit muokata v\u00e4rej\u00e4, fontteja, yl\u00e4- ja alatunnisteasetuksia ja paljon muuta.&nbsp;<\/p>\n\n\n\n<p><strong>Tietokanta:<\/strong> WordPress tallentaa kaiken verkkosivuston sis\u00e4ll\u00f6n, asetukset ja k\u00e4ytt\u00e4j\u00e4tiedot tietokantaan. Se k\u00e4ytt\u00e4\u00e4 MySQL-tietokantaa n\u00e4iden tietojen hallintaan.&nbsp;<\/p>\n\n\n\n<p><strong>Pysyv\u00e4t linkit: <\/strong>Pysyv\u00e4t linkit ovat sivustosi sivujen ja artikkeleiden URL-osoitteita. WordPressin avulla voit mukauttaa n\u00e4iden pysyvien linkkien rakennetta, jotta ne olisivat k\u00e4ytt\u00e4j\u00e4- ja hakukoneyst\u00e4v\u00e4llisempi\u00e4.&nbsp;<\/p>\n\n\n\n<p><strong>Asetukset:<\/strong> WordPressill\u00e4 on laaja valikoima asetuksia, joiden avulla voit m\u00e4\u00e4ritt\u00e4\u00e4 verkkosivustosi eri osa-alueita, esimerkiksi luku-, kirjoitus- ja keskusteluasetukset, sek\u00e4 paljon muuta. N\u00e4iden asetusten avulla voit hallita sivustosi toimintaa.&nbsp;<\/p>\n\n\n\n<p><em>&#8221;N\u00e4m\u00e4 elementit yhdess\u00e4 luovat t\u00e4ysin toimivan WordPress-verkkosivuston. Sivustosi suunnittelu, toiminnallisuus ja sis\u00e4lt\u00f6 vaihtelevat tavoitteidesi ja mieltymystesi mukaan, mutta n\u00e4m\u00e4 ydinkomponentit tarjoavat rakennuspalikoita monenlaisten verkkosivustojen luomiseen blogeista ja henkil\u00f6kohtaisista portfolioista verkkokauppoihin ja yrityssivustoihin.<\/em>&nbsp;<\/p>\n\n\n\n<div class=\"wp-block-group is-vertical is-layout-flex wp-container-core-group-is-layout-8cf370e7 wp-block-group-is-layout-flex\">\n<h2 class=\"gb-headline gb-headline-c8b843d6 gb-headline-text\">WordPress-aloitus:&nbsp;Asenna WordPress<\/h2>\n\n\n\n<p><\/p>\n\n\n\n<h3 class=\"gb-headline gb-headline-dd67e066 gb-headline-text\">Vaihe 1: Valitse hosting-palveluntarjoaja\u00a0<\/h3>\n\n\n\n<p>Ennen kuin voit asentaa WordPressin, tarvitset sivustollesi kotisivutilaa. Voit tilata sit\u00e4 web-hosting-palveluntarjoajan, kuten Zoner ja one.com (+ WP.one). Valitse tarpeisiisi ja budjettiisi sopiva palvelu ja paketti. Esimerkiksi WP.one on tehokas alusta WordPress-sivuston yll\u00e4pitoon.\u00a0<\/p>\n<\/div>\n\n\n\n<div class=\"wp-block-group is-vertical is-layout-flex wp-container-core-group-is-layout-8cf370e7 wp-block-group-is-layout-flex\">\n<h3 class=\"gb-headline gb-headline-a0c38164 gb-headline-text\">Vaihe 2: Rekister\u00f6i verkkotunnus<\/h3>\n\n\n\n<p>Jos sinulla ei viel\u00e4 ole verkkotunnusta eli domainia, sinun on rekister\u00f6it\u00e4v\u00e4 se valitsemasi hosting-palveluntarjoajan tai jonkin toisen verkkotunnuksia rekister\u00f6iv\u00e4n palvelun kautta.\u00a0<\/p>\n<\/div>\n\n\n\n<div class=\"wp-block-group is-vertical is-layout-flex wp-container-core-group-is-layout-8cf370e7 wp-block-group-is-layout-flex\">\n<h3 class=\"gb-headline gb-headline-86c3448c gb-headline-text\">Vaihe 3: Avaa hosting-ohjauspaneeli<\/h3>\n\n\n\n<p>Kun olet tilannut hosting-palvelun ja rekister\u00f6inyt verkkotunnuksesi, kirjaudu hosting-palveluntarjoajasi ohjauspaneeliin. Sielt\u00e4 voit hallita verkkosivustoasi. Jos k\u00e4yt\u00e4t WP.one-palvelua, voit kirjautua sinne osoitteessa app.wp.one antamalla s\u00e4hk\u00f6postiosoitteesi.\u00a0<\/p>\n<\/div>\n\n\n\n<div class=\"wp-block-group is-vertical is-layout-flex wp-container-core-group-is-layout-8cf370e7 wp-block-group-is-layout-flex\"><div class=\"gb-container gb-container-0c246505\">\n\n<div class=\"wp-block-group is-vertical is-layout-flex wp-container-core-group-is-layout-8cf370e7 wp-block-group-is-layout-flex\">\n<h3 class=\"gb-headline gb-headline-0746c81b gb-headline-text\">Vaihe 4: Asenna WordPress\u00a0<\/h3>\n\n\n\n<p>WordPressin asentamisen vaiheet voivat vaihdella palveluntarjoajan mukaan, mutta useimmat tarjoavat yhden napsautuksen WordPress-asennuksia. Etsi ohjauspaneelistasi kohta &#8221;Automaattinen asennus&#8221; tai &#8221;Yhden napsautuksen asennus&#8221; tai vastaava. Jos k\u00e4yt\u00e4t WP.one-palvelua, klikkaa hallintapaneelin yl\u00e4osasta l\u00f6ytyv\u00e4\u00e4 linkki\u00e4 <strong>DNS<\/strong>:&nbsp;&nbsp;<\/p>\n<\/div>\n\n<\/div><\/div>\n\n\n\n<figure class=\"wp-block-image size-large\"><img loading=\"lazy\" decoding=\"async\" width=\"1024\" height=\"53\" src=\"https:\/\/www.zoner.fi\/tuki\/wp-content\/uploads\/2024\/04\/image009-2-1024x53.png\" alt=\"\" class=\"wp-image-131788\" srcset=\"https:\/\/www.zoner.fi\/tuki\/wp-content\/uploads\/2024\/04\/image009-2-1024x53.png 1024w, https:\/\/www.zoner.fi\/tuki\/wp-content\/uploads\/2024\/04\/image009-2-300x16.png 300w, https:\/\/www.zoner.fi\/tuki\/wp-content\/uploads\/2024\/04\/image009-2-768x40.png 768w, https:\/\/www.zoner.fi\/tuki\/wp-content\/uploads\/2024\/04\/image009-2.png 1140w\" sizes=\"auto, (max-width: 1024px) 100vw, 1024px\" \/><\/figure>\n\n\n\n<p>Avattuasi DNS-sivun klikkaa painiketta <strong>Lis\u00e4\u00e4 verkkotunnus<\/strong> (Add domain):&nbsp;<\/p>\n\n\n\n<figure class=\"wp-block-image size-large\"><img loading=\"lazy\" decoding=\"async\" width=\"1024\" height=\"136\" src=\"https:\/\/www.zoner.fi\/tuki\/wp-content\/uploads\/2024\/04\/image011-2-1024x136.png\" alt=\"\" class=\"wp-image-131789\" srcset=\"https:\/\/www.zoner.fi\/tuki\/wp-content\/uploads\/2024\/04\/image011-2-1024x136.png 1024w, https:\/\/www.zoner.fi\/tuki\/wp-content\/uploads\/2024\/04\/image011-2-300x40.png 300w, https:\/\/www.zoner.fi\/tuki\/wp-content\/uploads\/2024\/04\/image011-2-768x102.png 768w, https:\/\/www.zoner.fi\/tuki\/wp-content\/uploads\/2024\/04\/image011-2.png 1503w\" sizes=\"auto, (max-width: 1024px) 100vw, 1024px\" \/><\/figure>\n\n\n\n<p>Lis\u00e4\u00e4 verkkotunnuksesi, niin j\u00e4rjestelm\u00e4 luo sille nimipalvelimen, jonka voit kopioida verkkotunnuksesi tarjoajalle:&nbsp;<\/p>\n\n\n\n<figure class=\"wp-block-image size-full\"><img loading=\"lazy\" decoding=\"async\" width=\"693\" height=\"339\" src=\"https:\/\/www.zoner.fi\/tuki\/wp-content\/uploads\/2024\/04\/image013-2.png\" alt=\"\" class=\"wp-image-131790\" srcset=\"https:\/\/www.zoner.fi\/tuki\/wp-content\/uploads\/2024\/04\/image013-2.png 693w, https:\/\/www.zoner.fi\/tuki\/wp-content\/uploads\/2024\/04\/image013-2-300x147.png 300w\" sizes=\"auto, (max-width: 693px) 100vw, 693px\" \/><\/figure>\n\n\n\n<p>Seuraavaksi napsauta linkki\u00e4 <strong>Sivustot<\/strong> (Sites) WP.one-hallintapaneelin yl\u00e4osassa. Klikkaa sitten painiketta <strong>Lis\u00e4\u00e4 sivusto<\/strong> (Add site):&nbsp;<\/p>\n\n\n\n<figure class=\"wp-block-image size-large\"><img loading=\"lazy\" decoding=\"async\" width=\"1024\" height=\"147\" src=\"https:\/\/www.zoner.fi\/tuki\/wp-content\/uploads\/2024\/04\/image015-2-1024x147.png\" alt=\"\" class=\"wp-image-131791\" srcset=\"https:\/\/www.zoner.fi\/tuki\/wp-content\/uploads\/2024\/04\/image015-2-1024x147.png 1024w, https:\/\/www.zoner.fi\/tuki\/wp-content\/uploads\/2024\/04\/image015-2-300x43.png 300w, https:\/\/www.zoner.fi\/tuki\/wp-content\/uploads\/2024\/04\/image015-2-768x111.png 768w, https:\/\/www.zoner.fi\/tuki\/wp-content\/uploads\/2024\/04\/image015-2.png 1529w\" sizes=\"auto, (max-width: 1024px) 100vw, 1024px\" \/><\/figure>\n\n\n\n<p>Valitse kahdesta vaihtoehdosta: <strong>Luo uusi sivusto <\/strong>(Create new site) tai <strong>Siirr\u00e4 sivusto <\/strong>(Migrate site)&nbsp;<\/p>\n\n\n\n<figure class=\"wp-block-image size-full\"><img loading=\"lazy\" decoding=\"async\" width=\"698\" height=\"439\" src=\"https:\/\/www.zoner.fi\/tuki\/wp-content\/uploads\/2024\/04\/image017-1.png\" alt=\"\" class=\"wp-image-131793\" srcset=\"https:\/\/www.zoner.fi\/tuki\/wp-content\/uploads\/2024\/04\/image017-1.png 698w, https:\/\/www.zoner.fi\/tuki\/wp-content\/uploads\/2024\/04\/image017-1-300x189.png 300w\" sizes=\"auto, (max-width: 698px) 100vw, 698px\" \/><\/figure>\n\n\n\n<p>Voit siirt\u00e4\u00e4 asennuksen jo olemassa olevalle sivustollesi tai luoda uuden sivuston:&nbsp;<\/p>\n\n\n\n<figure class=\"wp-block-image size-full\"><img loading=\"lazy\" decoding=\"async\" width=\"693\" height=\"502\" src=\"https:\/\/www.zoner.fi\/tuki\/wp-content\/uploads\/2024\/04\/image019-1.png\" alt=\"\" class=\"wp-image-131794\" srcset=\"https:\/\/www.zoner.fi\/tuki\/wp-content\/uploads\/2024\/04\/image019-1.png 693w, https:\/\/www.zoner.fi\/tuki\/wp-content\/uploads\/2024\/04\/image019-1-300x217.png 300w\" sizes=\"auto, (max-width: 693px) 100vw, 693px\" \/><\/figure>\n\n\n\n<p>Uuden verkkosivuston asennusta varten sinun tarvitsee vain sy\u00f6tt\u00e4\u00e4 DNS:\u00e4\u00e4n lis\u00e4\u00e4m\u00e4si verkkotunnus ja WordPress-verkkosivustosi j\u00e4rjestelm\u00e4nvalvojan s\u00e4hk\u00f6postiosoite:&nbsp;<\/p>\n\n\n\n<figure class=\"wp-block-image size-full\"><img loading=\"lazy\" decoding=\"async\" width=\"693\" height=\"421\" src=\"https:\/\/www.zoner.fi\/tuki\/wp-content\/uploads\/2024\/04\/image021-1.png\" alt=\"\" class=\"wp-image-131795\" srcset=\"https:\/\/www.zoner.fi\/tuki\/wp-content\/uploads\/2024\/04\/image021-1.png 693w, https:\/\/www.zoner.fi\/tuki\/wp-content\/uploads\/2024\/04\/image021-1-300x182.png 300w\" sizes=\"auto, (max-width: 693px) 100vw, 693px\" \/><\/figure>\n\n\n\n<h3 class=\"gb-headline gb-headline-f35deaf2 gb-headline-text\">Vaihe 5: Avaa WordPress-hallintapaneeli\u00a0<\/h3>\n\n\n\n<p>Kun asennus on valmis, voit k\u00e4ytt\u00e4\u00e4 WordPress-hallintapaneeliasi siirtym\u00e4ll\u00e4 osoitteeseen, joka muodostuu verkkotunnuksestasi, sen verkkotunnusp\u00e4\u00e4tteest\u00e4 ja osasta &#8221;\/wp-admin&#8221; (esimerkiksi &#8221;sivustonnimi.com\/wp-admin&#8221;).&nbsp;<\/p>\n\n\n\n<p>Voit siirty\u00e4 WordPress-hallintapaneeliisi helposti my\u00f6s WP.one-hallintapaneelin kautta: klikkaa ensin auki <strong>Sivustot <\/strong>(sivun yl\u00e4reunassa) ja sen j\u00e4lkeen napsauta verkkotunnustasi, kuten yotomode.com alla olevassa kuvassa:&nbsp;<\/p>\n\n\n\n<figure class=\"wp-block-image size-full\"><img loading=\"lazy\" decoding=\"async\" width=\"672\" height=\"445\" src=\"https:\/\/www.zoner.fi\/tuki\/wp-content\/uploads\/2024\/04\/image023.png\" alt=\"\" class=\"wp-image-131796\" srcset=\"https:\/\/www.zoner.fi\/tuki\/wp-content\/uploads\/2024\/04\/image023.png 672w, https:\/\/www.zoner.fi\/tuki\/wp-content\/uploads\/2024\/04\/image023-300x199.png 300w\" sizes=\"auto, (max-width: 672px) 100vw, 672px\" \/><\/figure>\n\n\n\n<p>Avautuneelta sivulta p\u00e4\u00e4set katsomaan tilisi ja verkkosivustosi Yleiskatsaus-, Asetukset-, Verkkotunnukset-, K\u00e4ytt\u00e4j\u00e4-, Tilasto-, P\u00e4ivitykset ja Paketti-tietoja. Voit my\u00f6s kirjautua WordPress-hallintapaneeliisi napsauttamalla oikeassa reunassa olevaa<strong> WP Admin<\/strong>-painiketta<strong>.&nbsp;<\/strong>&nbsp;<\/p>\n\n\n\n<figure class=\"wp-block-image size-large\"><img loading=\"lazy\" decoding=\"async\" width=\"1024\" height=\"175\" src=\"https:\/\/www.zoner.fi\/tuki\/wp-content\/uploads\/2024\/04\/image025-1024x175.png\" alt=\"\" class=\"wp-image-131797\" srcset=\"https:\/\/www.zoner.fi\/tuki\/wp-content\/uploads\/2024\/04\/image025-1024x175.png 1024w, https:\/\/www.zoner.fi\/tuki\/wp-content\/uploads\/2024\/04\/image025-300x51.png 300w, https:\/\/www.zoner.fi\/tuki\/wp-content\/uploads\/2024\/04\/image025-768x131.png 768w, https:\/\/www.zoner.fi\/tuki\/wp-content\/uploads\/2024\/04\/image025.png 1377w\" sizes=\"auto, (max-width: 1024px) 100vw, 1024px\" \/><\/figure>\n\n\n\n<p>WordPressin asennus on valmis! Voit nyt ryhty\u00e4 rakentamaan sivustoasi WordPress-hallintapaneelissasi.&nbsp;<\/p>\n","protected":false},"excerpt":{"rendered":"<p>Mik\u00e4 on WordPress?&nbsp; WordPress on suosittu ja helppok\u00e4ytt\u00f6inen ohjelmisto nettisivujen tai blogin tekoon ja hallintaan. Avoimen l\u00e4hdekoodin ohjelmistona se on t\u00e4ysin ilmainen k\u00e4ytt\u00e4\u00e4, joten joudut maksamaan vain webhotellista ja verkkotunnuksesta, mink\u00e4 lis\u00e4ksi voit halutessasi ostaa maksullisia lis\u00e4osia ja teemoja.&nbsp; WordPressi\u00e4 k\u00e4ytettiin aluksi vain blogien luomiseen, mutta monien uudistusten j\u00e4lkeen siit\u00e4 on tullut todella monipuolinen, ja &#8230; <a title=\"WordPress-aloitus: Mik\u00e4 on WordPress ja miten voit aloittaa sen k\u00e4ytt\u00e4misen?\" class=\"read-more\" href=\"https:\/\/www.zoner.fi\/tuki\/wordpress\/wordpress-aloitus\/\" aria-label=\"Lue lis\u00e4\u00e4 aiheesta WordPress-aloitus: Mik\u00e4 on WordPress ja miten voit aloittaa sen k\u00e4ytt\u00e4misen?\">Lue lis\u00e4\u00e4<\/a><\/p>\n","protected":false},"author":18,"featured_media":0,"parent":740,"menu_order":0,"comment_status":"closed","ping_status":"closed","template":"","meta":{"_relevanssi_hide_post":"","_relevanssi_hide_content":"","_relevanssi_pin_for_all":"","_relevanssi_pin_keywords":"","_relevanssi_unpin_keywords":"","_relevanssi_related_keywords":"","_relevanssi_related_include_ids":"","_relevanssi_related_exclude_ids":"","_relevanssi_related_no_append":"","_relevanssi_related_not_related":"","_relevanssi_related_posts":"130464,130779,130515,130616,130813,1076","_relevanssi_noindex_reason":"","footnotes":""},"categories":[72],"tags":[100],"wf_page_folders":[],"class_list":{"0":"post-131770","1":"page","2":"type-page","3":"status-publish","5":"category-wordpress","6":"tag-wordpressin-perusohjeet"},"_links":{"self":[{"href":"https:\/\/www.zoner.fi\/tuki\/wp-json\/wp\/v2\/pages\/131770","targetHints":{"allow":["GET"]}}],"collection":[{"href":"https:\/\/www.zoner.fi\/tuki\/wp-json\/wp\/v2\/pages"}],"about":[{"href":"https:\/\/www.zoner.fi\/tuki\/wp-json\/wp\/v2\/types\/page"}],"author":[{"embeddable":true,"href":"https:\/\/www.zoner.fi\/tuki\/wp-json\/wp\/v2\/users\/18"}],"replies":[{"embeddable":true,"href":"https:\/\/www.zoner.fi\/tuki\/wp-json\/wp\/v2\/comments?post=131770"}],"version-history":[{"count":10,"href":"https:\/\/www.zoner.fi\/tuki\/wp-json\/wp\/v2\/pages\/131770\/revisions"}],"predecessor-version":[{"id":131878,"href":"https:\/\/www.zoner.fi\/tuki\/wp-json\/wp\/v2\/pages\/131770\/revisions\/131878"}],"up":[{"embeddable":true,"href":"https:\/\/www.zoner.fi\/tuki\/wp-json\/wp\/v2\/pages\/740"}],"wp:attachment":[{"href":"https:\/\/www.zoner.fi\/tuki\/wp-json\/wp\/v2\/media?parent=131770"}],"wp:term":[{"taxonomy":"category","embeddable":true,"href":"https:\/\/www.zoner.fi\/tuki\/wp-json\/wp\/v2\/categories?post=131770"},{"taxonomy":"post_tag","embeddable":true,"href":"https:\/\/www.zoner.fi\/tuki\/wp-json\/wp\/v2\/tags?post=131770"},{"taxonomy":"wf_page_folders","embeddable":true,"href":"https:\/\/www.zoner.fi\/tuki\/wp-json\/wp\/v2\/wf_page_folders?post=131770"}],"curies":[{"name":"wp","href":"https:\/\/api.w.org\/{rel}","templated":true}]}}