{"id":131805,"date":"2024-04-18T15:31:05","date_gmt":"2024-04-18T12:31:05","guid":{"rendered":"https:\/\/www.zoner.fi\/tuki\/?page_id=131805"},"modified":"2024-04-18T15:50:08","modified_gmt":"2024-04-18T12:50:08","slug":"wordpress-etusivu-ohje","status":"publish","type":"page","link":"https:\/\/www.zoner.fi\/tuki\/wordpress\/wordpress-etusivu-ohje\/","title":{"rendered":"WordPress-etusivu: M\u00e4\u00e4rit\u00e4 sivusi logo, favicon, otsikko ja kuvaus"},"content":{"rendered":"\n<p>WordPress-etusivu, logo, favicon, otsikko ja kuvaus ovat t\u00e4rkeit\u00e4 elementtej\u00e4 sivustosi ulkoasussa ja br\u00e4ndiss\u00e4. T\u00e4ss\u00e4 ohjeessa kerromme, miten etusivun muokkaus onnistuu, ja kuinka voit lis\u00e4t\u00e4 tai vaihtaa sivustosi logon, faviconin, otsikon ja kuvauksen.\u00a0<\/p>\n\n\n\n<div class=\"wp-block-group is-vertical is-layout-flex wp-container-core-group-is-layout-8cf370e7 wp-block-group-is-layout-flex\">\n<h2 class=\"gb-headline gb-headline-5fe1ef0f gb-headline-text\">Etusivun muuttaminen&nbsp;&nbsp;<\/h2>\n\n\n\n<ol class=\"wp-block-list\" start=\"1\">\n<li><strong>Kirjaudu sis\u00e4\u00e4n WordPress-hallintapaneeliisi<\/strong>&nbsp;<\/li>\n<\/ol>\n<\/div>\n\n\n\n<ul class=\"wp-block-list\">\n<li>Kirjaudu sis\u00e4\u00e4n WordPress-hallintapaneeliisi yll\u00e4pit\u00e4j\u00e4n tunnuksillasi. P\u00e4\u00e4set sinne helposti WP.onen kautta klikkaamalla <strong>WP Admin<\/strong> -painiketta:&nbsp;&nbsp;<\/li>\n<\/ul>\n\n\n\n<figure class=\"wp-block-image size-large\"><img loading=\"lazy\" decoding=\"async\" width=\"1024\" height=\"476\" src=\"https:\/\/www.zoner.fi\/tuki\/wp-content\/uploads\/2024\/04\/image002-2-1024x476.png\" alt=\"\" class=\"wp-image-131811\" srcset=\"https:\/\/www.zoner.fi\/tuki\/wp-content\/uploads\/2024\/04\/image002-2-1024x476.png 1024w, https:\/\/www.zoner.fi\/tuki\/wp-content\/uploads\/2024\/04\/image002-2-300x139.png 300w, https:\/\/www.zoner.fi\/tuki\/wp-content\/uploads\/2024\/04\/image002-2-768x357.png 768w, https:\/\/www.zoner.fi\/tuki\/wp-content\/uploads\/2024\/04\/image002-2.png 1100w\" sizes=\"auto, (max-width: 1024px) 100vw, 1024px\" \/><\/figure>\n\n\n\n<ul class=\"wp-block-list\">\n<li>Voit kirjautua sis\u00e4\u00e4n my\u00f6s seuraavan osoitteen kautta, jos korvaat siihen oman verkkotunnuksesi ja sen verkkotunnusp\u00e4\u00e4tteen: <strong>verkkotunnus.com\/wp-admin<\/strong>&nbsp;<\/li>\n<\/ul>\n\n\n\n<ol class=\"wp-block-list\" start=\"2\">\n<li>Valitse vasemmanpuoleisesta valikosta <strong>Asetukset (Settings)<\/strong> &gt; <strong>Lukeminen <\/strong>(Reading) &nbsp;&nbsp;<\/li>\n<\/ol>\n\n\n\n<figure class=\"wp-block-image size-large\"><img loading=\"lazy\" decoding=\"async\" width=\"1024\" height=\"736\" src=\"https:\/\/www.zoner.fi\/tuki\/wp-content\/uploads\/2024\/04\/image004-1-1024x736.png\" alt=\"\" class=\"wp-image-131812\" srcset=\"https:\/\/www.zoner.fi\/tuki\/wp-content\/uploads\/2024\/04\/image004-1-1024x736.png 1024w, https:\/\/www.zoner.fi\/tuki\/wp-content\/uploads\/2024\/04\/image004-1-300x216.png 300w, https:\/\/www.zoner.fi\/tuki\/wp-content\/uploads\/2024\/04\/image004-1-768x552.png 768w, https:\/\/www.zoner.fi\/tuki\/wp-content\/uploads\/2024\/04\/image004-1.png 1099w\" sizes=\"auto, (max-width: 1024px) 100vw, 1024px\" \/><\/figure>\n\n\n\n<ol class=\"wp-block-list\" start=\"3\">\n<li>Valitse <strong>Kotisivusi n\u00e4ytt\u00e4\u00e4<\/strong> (Your homepage displays) -kohdasta <strong>Sivu <\/strong>(a static page)<strong> <\/strong>-vaihtoehto ja valitse pudotusvalikosta se sivu, jonka haluat asettaa etusivuksi.&nbsp;<\/li>\n<\/ol>\n\n\n\n<ol class=\"wp-block-list\" start=\"4\">\n<li>Klikkaa viel\u00e4 <strong>Tallenna muutokset<\/strong> (Save changes), niin WordPress-etusivu on muutettu.&nbsp;&nbsp;<\/li>\n<\/ol>\n\n\n\n<div class=\"wp-block-group is-vertical is-layout-flex wp-container-core-group-is-layout-8cf370e7 wp-block-group-is-layout-flex\">\n<h2 class=\"gb-headline gb-headline-e82e4883 gb-headline-text\">Logon ja faviconin muuttaminen&nbsp;<\/h2>\n\n\n\n<ol class=\"wp-block-list\" start=\"1\">\n<li>Kirjaudu sis\u00e4\u00e4n WordPress-hallintapaneeliisi&nbsp;<\/li>\n<\/ol>\n<\/div>\n\n\n\n<p>2. Siirry vasemmanpuoleisesta valikosta sivulle <strong>Ulkoasu<\/strong> (Appearance) -&gt; <strong>Mukauta<\/strong> (Editor\/Customize)&nbsp;<\/p>\n\n\n\n<figure class=\"wp-block-image size-large\"><img loading=\"lazy\" decoding=\"async\" width=\"1024\" height=\"736\" src=\"https:\/\/www.zoner.fi\/tuki\/wp-content\/uploads\/2024\/04\/image006-2-1024x736.png\" alt=\"\" class=\"wp-image-131813\" srcset=\"https:\/\/www.zoner.fi\/tuki\/wp-content\/uploads\/2024\/04\/image006-2-1024x736.png 1024w, https:\/\/www.zoner.fi\/tuki\/wp-content\/uploads\/2024\/04\/image006-2-300x216.png 300w, https:\/\/www.zoner.fi\/tuki\/wp-content\/uploads\/2024\/04\/image006-2-768x552.png 768w, https:\/\/www.zoner.fi\/tuki\/wp-content\/uploads\/2024\/04\/image006-2.png 1099w\" sizes=\"auto, (max-width: 1024px) 100vw, 1024px\" \/><\/figure>\n\n\n\n<p>3. Avaa kohta <strong>Sivuston identiteetti<\/strong> (Site Identity)<\/p>\n\n\n\n<figure class=\"wp-block-image size-large\"><img loading=\"lazy\" decoding=\"async\" width=\"1024\" height=\"736\" src=\"https:\/\/www.zoner.fi\/tuki\/wp-content\/uploads\/2024\/04\/image008-1-1024x736.png\" alt=\"\" class=\"wp-image-131814\" srcset=\"https:\/\/www.zoner.fi\/tuki\/wp-content\/uploads\/2024\/04\/image008-1-1024x736.png 1024w, https:\/\/www.zoner.fi\/tuki\/wp-content\/uploads\/2024\/04\/image008-1-300x216.png 300w, https:\/\/www.zoner.fi\/tuki\/wp-content\/uploads\/2024\/04\/image008-1-768x552.png 768w, https:\/\/www.zoner.fi\/tuki\/wp-content\/uploads\/2024\/04\/image008-1.png 1099w\" sizes=\"auto, (max-width: 1024px) 100vw, 1024px\" \/><\/figure>\n\n\n\n<p>4. Aseta logo klikkaamalla <strong>Valitse logo<\/strong> (Choose a logo) -nappia ja valitse kuva koneeltasi tai mediakirjastostasi.&nbsp;<\/p>\n\n\n\n<figure class=\"wp-block-image size-large\"><img loading=\"lazy\" decoding=\"async\" width=\"1024\" height=\"736\" src=\"https:\/\/www.zoner.fi\/tuki\/wp-content\/uploads\/2024\/04\/image010-2-1024x736.png\" alt=\"\" class=\"wp-image-131815\" srcset=\"https:\/\/www.zoner.fi\/tuki\/wp-content\/uploads\/2024\/04\/image010-2-1024x736.png 1024w, https:\/\/www.zoner.fi\/tuki\/wp-content\/uploads\/2024\/04\/image010-2-300x216.png 300w, https:\/\/www.zoner.fi\/tuki\/wp-content\/uploads\/2024\/04\/image010-2-768x552.png 768w, https:\/\/www.zoner.fi\/tuki\/wp-content\/uploads\/2024\/04\/image010-2.png 1099w\" sizes=\"auto, (max-width: 1024px) 100vw, 1024px\" \/><\/figure>\n\n\n\n<p>5. Alempana samalla sivulla pystyt lataamaan sivullesi faviconin <strong>Valitse sivuston kuvake<\/strong> (Select the site icon) -napista.<\/p>\n\n\n\n<p>6. Tehty\u00e4si muutokset paina lopuksi <strong>Julkaise<\/strong>, niin logo ja favicon n\u00e4kyv\u00e4t sivuillasi.<\/p>\n\n\n\n<p>Huom! Joissakin teemoissa logon ja faviconin muuttaminen tehd\u00e4\u00e4n eri tavalla. Katso siin\u00e4 tapauksessa teemasi ohjeet.&nbsp;<\/p>\n\n\n\n<div class=\"wp-block-group is-vertical is-layout-flex wp-container-core-group-is-layout-8cf370e7 wp-block-group-is-layout-flex\">\n<h2 class=\"gb-headline gb-headline-526e67de gb-headline-text\">WordPress-etusivun muokkaus: otsikon ja kuvauksen muuttaminen&nbsp;<\/h2>\n\n\n\n<ol class=\"wp-block-list\" start=\"1\">\n<li>Kirjaudu sis\u00e4\u00e4n WordPress-hallintapaneeliisi&nbsp;<\/li>\n<\/ol>\n<\/div>\n\n\n\n<p>2. Siirry kohtaan <strong>Asetukset<\/strong> -&gt; <strong>Yleiset asetukset<\/strong>.<\/p>\n\n\n\n<p>3. Voit muuttaa sivustosi otsikkoa ja kuvausta t\u00e4ll\u00e4 sivulla. Muista lopuksi tallentaa muutokset sivun alareunan <strong>Tallenna muutokset<\/strong> -napista.&nbsp;&nbsp;<\/p>\n\n\n\n<figure class=\"wp-block-image size-full\"><img loading=\"lazy\" decoding=\"async\" width=\"974\" height=\"963\" src=\"https:\/\/www.zoner.fi\/tuki\/wp-content\/uploads\/2024\/04\/image012-2.png\" alt=\"\" class=\"wp-image-131816\" srcset=\"https:\/\/www.zoner.fi\/tuki\/wp-content\/uploads\/2024\/04\/image012-2.png 974w, https:\/\/www.zoner.fi\/tuki\/wp-content\/uploads\/2024\/04\/image012-2-300x297.png 300w, https:\/\/www.zoner.fi\/tuki\/wp-content\/uploads\/2024\/04\/image012-2-768x759.png 768w\" sizes=\"auto, (max-width: 974px) 100vw, 974px\" \/><\/figure>\n","protected":false},"excerpt":{"rendered":"<p>WordPress-etusivu, logo, favicon, otsikko ja kuvaus ovat t\u00e4rkeit\u00e4 elementtej\u00e4 sivustosi ulkoasussa ja br\u00e4ndiss\u00e4. T\u00e4ss\u00e4 ohjeessa kerromme, miten etusivun muokkaus onnistuu, ja kuinka voit lis\u00e4t\u00e4 tai vaihtaa sivustosi logon, faviconin, otsikon ja kuvauksen.\u00a0 Etusivun muuttaminen&nbsp;&nbsp; Logon ja faviconin muuttaminen&nbsp; 2. Siirry vasemmanpuoleisesta valikosta sivulle Ulkoasu (Appearance) -&gt; Mukauta (Editor\/Customize)&nbsp; 3. Avaa kohta Sivuston identiteetti (Site Identity) &#8230; <a title=\"WordPress-etusivu: M\u00e4\u00e4rit\u00e4 sivusi logo, favicon, otsikko ja kuvaus\" class=\"read-more\" href=\"https:\/\/www.zoner.fi\/tuki\/wordpress\/wordpress-etusivu-ohje\/\" aria-label=\"Lue lis\u00e4\u00e4 aiheesta WordPress-etusivu: M\u00e4\u00e4rit\u00e4 sivusi logo, favicon, otsikko ja kuvaus\">Lue lis\u00e4\u00e4<\/a><\/p>\n","protected":false},"author":18,"featured_media":0,"parent":740,"menu_order":0,"comment_status":"closed","ping_status":"closed","template":"","meta":{"_relevanssi_hide_post":"","_relevanssi_hide_content":"","_relevanssi_pin_for_all":"","_relevanssi_pin_keywords":"","_relevanssi_unpin_keywords":"","_relevanssi_related_keywords":"","_relevanssi_related_include_ids":"","_relevanssi_related_exclude_ids":"","_relevanssi_related_no_append":"","_relevanssi_related_not_related":"","_relevanssi_related_posts":"130515,130819,130813,130498,130464,130899","_relevanssi_noindex_reason":"","footnotes":""},"categories":[72],"tags":[101],"wf_page_folders":[],"class_list":{"0":"post-131805","1":"page","2":"type-page","3":"status-publish","5":"category-wordpress","6":"tag-wordpressin-ulkoasu"},"_links":{"self":[{"href":"https:\/\/www.zoner.fi\/tuki\/wp-json\/wp\/v2\/pages\/131805","targetHints":{"allow":["GET"]}}],"collection":[{"href":"https:\/\/www.zoner.fi\/tuki\/wp-json\/wp\/v2\/pages"}],"about":[{"href":"https:\/\/www.zoner.fi\/tuki\/wp-json\/wp\/v2\/types\/page"}],"author":[{"embeddable":true,"href":"https:\/\/www.zoner.fi\/tuki\/wp-json\/wp\/v2\/users\/18"}],"replies":[{"embeddable":true,"href":"https:\/\/www.zoner.fi\/tuki\/wp-json\/wp\/v2\/comments?post=131805"}],"version-history":[{"count":5,"href":"https:\/\/www.zoner.fi\/tuki\/wp-json\/wp\/v2\/pages\/131805\/revisions"}],"predecessor-version":[{"id":131887,"href":"https:\/\/www.zoner.fi\/tuki\/wp-json\/wp\/v2\/pages\/131805\/revisions\/131887"}],"up":[{"embeddable":true,"href":"https:\/\/www.zoner.fi\/tuki\/wp-json\/wp\/v2\/pages\/740"}],"wp:attachment":[{"href":"https:\/\/www.zoner.fi\/tuki\/wp-json\/wp\/v2\/media?parent=131805"}],"wp:term":[{"taxonomy":"category","embeddable":true,"href":"https:\/\/www.zoner.fi\/tuki\/wp-json\/wp\/v2\/categories?post=131805"},{"taxonomy":"post_tag","embeddable":true,"href":"https:\/\/www.zoner.fi\/tuki\/wp-json\/wp\/v2\/tags?post=131805"},{"taxonomy":"wf_page_folders","embeddable":true,"href":"https:\/\/www.zoner.fi\/tuki\/wp-json\/wp\/v2\/wf_page_folders?post=131805"}],"curies":[{"name":"wp","href":"https:\/\/api.w.org\/{rel}","templated":true}]}}