{"id":131896,"date":"2024-06-17T21:23:05","date_gmt":"2024-06-17T18:23:05","guid":{"rendered":"https:\/\/www.zoner.fi\/tuki\/?page_id=131896"},"modified":"2025-09-25T12:05:25","modified_gmt":"2025-09-25T09:05:25","slug":"termly-evastebannerin-muokkaus","status":"publish","type":"page","link":"https:\/\/www.zoner.fi\/tuki\/muut-ohjeet\/termly-evastebannerin-muokkaus\/","title":{"rendered":"N\u00e4in voit muokata Termly-ev\u00e4stebanneriasi"},"content":{"rendered":"\n<p>Termlyll\u00e4 voit helposti lis\u00e4t\u00e4 sivuillesi useiden kansainv\u00e4listen tietosuojalakien kanssa yhteensopivan ev\u00e4stebannerin ja muokata sen ulkoasua sivustoosi sopivaksi.<\/p>\n\n\n\n<p><strong>Huomaa<\/strong>: Jos haluat muokata Termlyn ev\u00e4stebanneria, pyyd\u00e4 ensin Termly-hallintapaneelin tunnukset Zonerin asiakaspalvelulta esimerkiksi s\u00e4hk\u00f6postilla.<\/p>\n\n\n\n<h2 class=\"wp-block-heading has-accent-color has-text-color has-link-color wp-elements-6e04fb4dfb3e0c45034afefd4d7be561\">Ev\u00e4stebannerin muokkaaminen<\/h2>\n\n\n\n<p>Kirjaudu <strong>Termly-hallintapaneeliin<\/strong> ja avaa sen vasemmanpuoleisesta valikosta kohta <strong>Consent Management<\/strong> -> <strong>Consent Banner<\/strong>. T\u00e4ll\u00e4 sivulla voit muokata bannerin ulkoasua ja muita t\u00e4rkeit\u00e4 asetuksia.<\/p>\n\n\n\n<figure class=\"wp-block-image size-large\"><img loading=\"lazy\" decoding=\"async\" width=\"1024\" height=\"460\" src=\"https:\/\/www.zoner.fi\/tuki\/wp-content\/uploads\/2024\/04\/1-1024x460.png\" alt=\"\" class=\"wp-image-131897\" srcset=\"https:\/\/www.zoner.fi\/tuki\/wp-content\/uploads\/2024\/04\/1-1024x460.png 1024w, https:\/\/www.zoner.fi\/tuki\/wp-content\/uploads\/2024\/04\/1-300x135.png 300w, https:\/\/www.zoner.fi\/tuki\/wp-content\/uploads\/2024\/04\/1-768x345.png 768w, https:\/\/www.zoner.fi\/tuki\/wp-content\/uploads\/2024\/04\/1-1536x689.png 1536w, https:\/\/www.zoner.fi\/tuki\/wp-content\/uploads\/2024\/04\/1.png 1887w\" sizes=\"auto, (max-width: 1024px) 100vw, 1024px\" \/><\/figure>\n\n\n\n<h3 class=\"wp-block-heading has-accent-color has-text-color has-link-color wp-elements-27f3ca679ae146574eaaa6fb2ab581bf\">1. Ulkoasu<\/h3>\n\n\n\n<figure class=\"wp-block-image size-full\"><img loading=\"lazy\" decoding=\"async\" width=\"545\" height=\"467\" src=\"https:\/\/www.zoner.fi\/tuki\/wp-content\/uploads\/2024\/04\/2.png\" alt=\"\" class=\"wp-image-131898\" srcset=\"https:\/\/www.zoner.fi\/tuki\/wp-content\/uploads\/2024\/04\/2.png 545w, https:\/\/www.zoner.fi\/tuki\/wp-content\/uploads\/2024\/04\/2-300x257.png 300w\" sizes=\"auto, (max-width: 545px) 100vw, 545px\" \/><\/figure>\n\n\n\n<p>Sivun alussa voit muokata bannerin ulkoasua valitsemalla jonkin valmiista teemoista tai mukautetun teeman, jonka avulla voit muuttaa bannerin fonttia, fonttikokoa ja v\u00e4rej\u00e4. Tekstien on kuitenkin erotuttava hyvin bannerin taustasta, jotta se noudattaa kansainv\u00e4lisi\u00e4 tietosuojalakeja.<\/p>\n\n\n\n<p>Voit my\u00f6s valita bannerin sijainnin sivustollasi kolmesta eri vaihtoehdosta:<\/p>\n\n\n\n<ul class=\"wp-block-list\">\n<li><strong>Banner<\/strong>: Sivun alaosaan ilmestyv\u00e4 koko sivun levyinen palkki.<\/li>\n\n\n\n<li><strong>Modal<\/strong>: Keskelle sivua ilmestyv\u00e4 ponnahdusikkuna.<\/li>\n\n\n\n<li><strong>Tooltip<\/strong>: Sivun kulmaan ilmestyv\u00e4 laatikko. Voit valita, mihin kulmaan bannerilaatikko ilmestyy.<\/li>\n<\/ul>\n\n\n\n<p><strong>Preview<\/strong>-napista voit tarkistaa, milt\u00e4 banneri n\u00e4ytt\u00e4\u00e4 valitsemillasi asetuksilla.<\/p>\n\n\n\n<h3 class=\"wp-block-heading has-accent-color has-text-color has-link-color wp-elements-e0790773481e7ee9cc74266eef347245\">2. Ev\u00e4stesetukset<\/h3>\n\n\n\n<p>Saman sivun <strong>Banner text settings<\/strong> -kohdassa voit vastata kysymyksiin, joiden perustella Termly-luo sivustoosi sopivan bannerin.<\/p>\n\n\n\n<figure class=\"wp-block-image size-full\"><img loading=\"lazy\" decoding=\"async\" width=\"710\" height=\"246\" src=\"https:\/\/www.zoner.fi\/tuki\/wp-content\/uploads\/2024\/04\/3.png\" alt=\"\" class=\"wp-image-131899\" srcset=\"https:\/\/www.zoner.fi\/tuki\/wp-content\/uploads\/2024\/04\/3.png 710w, https:\/\/www.zoner.fi\/tuki\/wp-content\/uploads\/2024\/04\/3-300x104.png 300w\" sizes=\"auto, (max-width: 710px) 100vw, 710px\" \/><\/figure>\n\n\n\n<ul class=\"wp-block-list\">\n<li>Valitse, k\u00e4yt\u00e4tk\u00f6\/aiotko k\u00e4ytt\u00e4\u00e4 sivustollasi sis\u00e4ll\u00f6n mukautusta k\u00e4ytt\u00e4j\u00e4n perusteella.<\/li>\n\n\n\n<li>Valitse, k\u00e4yt\u00e4tk\u00f6\/aiotko k\u00e4ytt\u00e4\u00e4 sivustollasi kohdistettuja mainoksia, kuten Google Adsense\u00e4.<\/li>\n\n\n\n<li>Valitse, jaatko\/aiotko jakaa k\u00e4ytt\u00e4j\u00e4tietoja kolmannen osapuolen sosiaalisen median alustojen kanssa.<\/li>\n<\/ul>\n\n\n\n<p>Seuraavassa <strong>Consent settings<\/strong>-kohdassa voit muuttaa bannerin asetuksia aluekohtaisesti. Termly suosittelee kuitenkin vain oletusasetusten k\u00e4ytt\u00e4mist\u00e4 tai asetusten tiukentamista. Kevyempi\u00e4 ev\u00e4steasetuksia ei kannata valita, ellet ole varma niiden laillisuudesta.<\/p>\n\n\n\n<figure class=\"wp-block-image size-full\"><img loading=\"lazy\" decoding=\"async\" width=\"515\" height=\"229\" src=\"https:\/\/www.zoner.fi\/tuki\/wp-content\/uploads\/2024\/04\/4.png\" alt=\"\" class=\"wp-image-131900\" srcset=\"https:\/\/www.zoner.fi\/tuki\/wp-content\/uploads\/2024\/04\/4.png 515w, https:\/\/www.zoner.fi\/tuki\/wp-content\/uploads\/2024\/04\/4-300x133.png 300w\" sizes=\"auto, (max-width: 515px) 100vw, 515px\" \/><\/figure>\n\n\n\n<ul class=\"wp-block-list\">\n<li><strong>Enable consent banner:<\/strong> Valitse, n\u00e4ytet\u00e4\u00e4nk\u00f6 ev\u00e4stebanneria valitun alueen k\u00e4vij\u00f6ille.<\/li>\n\n\n\n<li><strong>Decline button:<\/strong> Valitse, onko bannerissa nappi, jolla ev\u00e4steist\u00e4 voi kielt\u00e4yty\u00e4.<\/li>\n\n\n\n<li><strong>Preferences button:<\/strong> Valitse, voiko k\u00e4vij\u00e4 valita itse hyv\u00e4ksym\u00e4ns\u00e4 ev\u00e4steet.<\/li>\n\n\n\n<li><strong>Opt in \/ Opt out:<\/strong> Jos valitset <strong>Opt in<\/strong>, sivustollesi saapuvan k\u00e4vij\u00e4n on hyv\u00e4ksytt\u00e4v\u00e4 ev\u00e4steet, ennen kuin ne voidaan asettaa h\u00e4nelle. Jos valitset <strong>Opt out<\/strong>, ev\u00e4steet asetetaan k\u00e4vij\u00f6ille automaattisesti, kun he saapuvat sivullesi, mutta he voivat nappia painamalla poistaa ne k\u00e4yt\u00f6st\u00e4. Opt out- tyyliset ev\u00e4steet eiv\u00e4t v\u00e4ltt\u00e4m\u00e4tt\u00e4 ole laillisia kaikilla alueilla.<\/li>\n\n\n\n<li><strong>Scroll to consent:<\/strong> Joillakin alueilla ev\u00e4steiden hyv\u00e4ksymiseksi voi riitt\u00e4\u00e4 se, ett\u00e4 k\u00e4ytt\u00e4j\u00e4 vieritt\u00e4\u00e4 sivua tarpeeksi alas. T\u00e4t\u00e4 asetusta ei pid\u00e4 k\u00e4ytt\u00e4\u00e4 EU-alueella, koska se ei ole GDPR:n mukainen.<\/li>\n\n\n\n<li><strong>Google Consent Mode<\/strong>: Jos Google Consent mode on p\u00e4\u00e4ll\u00e4, Google-tunnisteita ei estet\u00e4 sivustollasi, mutta niihin sovelletaan k\u00e4ytt\u00e4j\u00e4n sivustollasi m\u00e4\u00e4ritt\u00e4mi\u00e4 ev\u00e4steasetuksia.<\/li>\n\n\n\n<li><strong>Enable \u201dDo not sell or share my information\u201d option<\/strong>: T\u00e4m\u00e4 antaa k\u00e4ytt\u00e4jille mahdollisuuden kielt\u00e4yty\u00e4 kaikista valinnaisista seurantatunnisteista.<\/li>\n\n\n\n<li><strong>Respect GPC signal:<\/strong> Termly voi GPC-signaalin havaitessaan kytke\u00e4 edellisen kohdan \u201dDo not sell or share my information&#8221;-valinnan automaattisesti p\u00e4\u00e4lle, jos k\u00e4yt\u00e4t t\u00e4t\u00e4 asetusta.<\/li>\n<\/ul>\n\n\n\n<h3 class=\"wp-block-heading has-accent-color has-text-color has-link-color wp-elements-948df4db290b31a67fdbf69917e278f9\">3. Kieliasetukset<\/h3>\n\n\n\n<figure class=\"wp-block-image size-full\"><img loading=\"lazy\" decoding=\"async\" width=\"515\" height=\"229\" src=\"https:\/\/www.zoner.fi\/tuki\/wp-content\/uploads\/2024\/04\/5.png\" alt=\"\" class=\"wp-image-131901\" srcset=\"https:\/\/www.zoner.fi\/tuki\/wp-content\/uploads\/2024\/04\/5.png 515w, https:\/\/www.zoner.fi\/tuki\/wp-content\/uploads\/2024\/04\/5-300x133.png 300w\" sizes=\"auto, (max-width: 515px) 100vw, 515px\" \/><\/figure>\n\n\n\n<p>Ev\u00e4stebanneri voidaan k\u00e4\u00e4nt\u00e4\u00e4 eri kielille ja n\u00e4ytt\u00e4\u00e4 sivustosi k\u00e4vij\u00f6ille heid\u00e4n omalla kielell\u00e4\u00e4n. <strong>Multi-language Settings<\/strong> -kohdassa voit valita, mill\u00e4 kielill\u00e4 bannerisi voidaan n\u00e4ytt\u00e4\u00e4.<\/p>\n\n\n\n<h3 class=\"wp-block-heading has-accent-color has-text-color has-link-color wp-elements-7c18013a908922ca3f4a73fd356d3a72\">4. Tallenna muutokset<\/h3>\n\n\n\n<p>Tallenna lopuksi tekem\u00e4si muutokset sivun oikean alareunan <strong>SAVE<\/strong>-napista.<\/p>\n","protected":false},"excerpt":{"rendered":"<p>Termlyll\u00e4 voit helposti lis\u00e4t\u00e4 sivuillesi useiden kansainv\u00e4listen tietosuojalakien kanssa yhteensopivan ev\u00e4stebannerin ja muokata sen ulkoasua sivustoosi sopivaksi. Huomaa: Jos haluat muokata Termlyn ev\u00e4stebanneria, pyyd\u00e4 ensin Termly-hallintapaneelin tunnukset Zonerin asiakaspalvelulta esimerkiksi s\u00e4hk\u00f6postilla. Ev\u00e4stebannerin muokkaaminen Kirjaudu Termly-hallintapaneeliin ja avaa sen vasemmanpuoleisesta valikosta kohta Consent Management -> Consent Banner. T\u00e4ll\u00e4 sivulla voit muokata bannerin ulkoasua ja muita t\u00e4rkeit\u00e4 &#8230; <a title=\"N\u00e4in voit muokata Termly-ev\u00e4stebanneriasi\" class=\"read-more\" href=\"https:\/\/www.zoner.fi\/tuki\/muut-ohjeet\/termly-evastebannerin-muokkaus\/\" aria-label=\"Lue lis\u00e4\u00e4 aiheesta N\u00e4in voit muokata Termly-ev\u00e4stebanneriasi\">Lue lis\u00e4\u00e4<\/a><\/p>\n","protected":false},"author":18,"featured_media":0,"parent":132280,"menu_order":0,"comment_status":"closed","ping_status":"closed","template":"","meta":{"_relevanssi_hide_post":"","_relevanssi_hide_content":"","_relevanssi_pin_for_all":"","_relevanssi_pin_keywords":"","_relevanssi_unpin_keywords":"","_relevanssi_related_keywords":"","_relevanssi_related_include_ids":"","_relevanssi_related_exclude_ids":"","_relevanssi_related_no_append":"","_relevanssi_related_not_related":"","_relevanssi_related_posts":"130684,130515,130667,130450,130657,130440","_relevanssi_noindex_reason":"","footnotes":""},"categories":[227],"tags":[122],"wf_page_folders":[],"class_list":{"0":"post-131896","1":"page","2":"type-page","3":"status-publish","5":"category-termly","6":"tag-termly"},"_links":{"self":[{"href":"https:\/\/www.zoner.fi\/tuki\/wp-json\/wp\/v2\/pages\/131896","targetHints":{"allow":["GET"]}}],"collection":[{"href":"https:\/\/www.zoner.fi\/tuki\/wp-json\/wp\/v2\/pages"}],"about":[{"href":"https:\/\/www.zoner.fi\/tuki\/wp-json\/wp\/v2\/types\/page"}],"author":[{"embeddable":true,"href":"https:\/\/www.zoner.fi\/tuki\/wp-json\/wp\/v2\/users\/18"}],"replies":[{"embeddable":true,"href":"https:\/\/www.zoner.fi\/tuki\/wp-json\/wp\/v2\/comments?post=131896"}],"version-history":[{"count":6,"href":"https:\/\/www.zoner.fi\/tuki\/wp-json\/wp\/v2\/pages\/131896\/revisions"}],"predecessor-version":[{"id":137675,"href":"https:\/\/www.zoner.fi\/tuki\/wp-json\/wp\/v2\/pages\/131896\/revisions\/137675"}],"up":[{"embeddable":true,"href":"https:\/\/www.zoner.fi\/tuki\/wp-json\/wp\/v2\/pages\/132280"}],"wp:attachment":[{"href":"https:\/\/www.zoner.fi\/tuki\/wp-json\/wp\/v2\/media?parent=131896"}],"wp:term":[{"taxonomy":"category","embeddable":true,"href":"https:\/\/www.zoner.fi\/tuki\/wp-json\/wp\/v2\/categories?post=131896"},{"taxonomy":"post_tag","embeddable":true,"href":"https:\/\/www.zoner.fi\/tuki\/wp-json\/wp\/v2\/tags?post=131896"},{"taxonomy":"wf_page_folders","embeddable":true,"href":"https:\/\/www.zoner.fi\/tuki\/wp-json\/wp\/v2\/wf_page_folders?post=131896"}],"curies":[{"name":"wp","href":"https:\/\/api.w.org\/{rel}","templated":true}]}}