{"id":131930,"date":"2024-05-06T13:32:58","date_gmt":"2024-05-06T10:32:58","guid":{"rendered":"https:\/\/www.zoner.fi\/tuki\/?page_id=131930"},"modified":"2025-09-25T17:15:45","modified_gmt":"2025-09-25T14:15:45","slug":"zoner-home","status":"publish","type":"page","link":"https:\/\/www.zoner.fi\/tuki\/zoner-home\/","title":{"rendered":"Oma tili ja tilaukset"},"content":{"rendered":"<div class=\"gb-container gb-container-2d9fdd11 alignfull\">\n<div class=\"gb-container gb-container-6a55b7b0\" id=\"kirjautuminen\">\n<div class=\"gb-grid-wrapper gb-grid-wrapper-28ef970c\">\n<div class=\"gb-grid-column gb-grid-column-3b1a2cfc\"><div class=\"gb-container gb-container-3b1a2cfc\">\n\n<h2 class=\"gb-headline gb-headline-ba08c3e3 gb-headline-text\">Kirjautuminen<\/h2>\n\n<\/div><\/div>\n\n<div class=\"gb-grid-column gb-grid-column-d04d73a3\"><div class=\"gb-container gb-container-d04d73a3\">\n\n<div class=\"gb-grid-wrapper gb-grid-wrapper-dd553327 gb-query-loop-wrapper\">\n<div class=\"gb-grid-column gb-grid-column-56733ae2 gb-query-loop-item post-136352 page type-page status-publish category-oma-tili-ja-tilaukset tag-kirjautuminen tag-tilaukset\"><div class=\"gb-container gb-container-56733ae2\">\n<h3 class=\"gb-headline gb-headline-effbdb09\"><span class=\"gb-icon\"><svg aria-hidden=\"true\" role=\"img\" height=\"1em\" width=\"1em\" viewbox=\"0 0 256 512\" xmlns=\"http:\/\/www.w3.org\/2000\/svg\"><path fill=\"currentColor\" d=\"M224.3 273l-136 136c-9.4 9.4-24.6 9.4-33.9 0l-22.6-22.6c-9.4-9.4-9.4-24.6 0-33.9l96.4-96.4-96.4-96.4c-9.4-9.4-9.4-24.6 0-33.9L54.3 103c9.4-9.4 24.6-9.4 33.9 0l136 136c9.5 9.4 9.5 24.6.1 34z\"><\/path><\/svg><\/span><span class=\"gb-headline-text\"><a href=\"https:\/\/www.zoner.fi\/tuki\/zoner-home\/mista-loydan-sopimukset-zoner-home-hallintapaneelissa\/\">Mist\u00e4 l\u00f6yd\u00e4n sopimukset Zoner Home -hallintapaneelissa?<\/a><\/span><\/h3>\n<\/div><\/div>\n\n<div class=\"gb-grid-column gb-grid-column-56733ae2 gb-query-loop-item post-136010 page type-page status-publish category-kumppanit category-oma-tili-ja-tilaukset category-zoner-home-webhotellit tag-kirjautuminen tag-kumppanit tag-yleiset\"><div class=\"gb-container gb-container-56733ae2\">\n<h3 class=\"gb-headline gb-headline-effbdb09\"><span class=\"gb-icon\"><svg aria-hidden=\"true\" role=\"img\" height=\"1em\" width=\"1em\" viewbox=\"0 0 256 512\" xmlns=\"http:\/\/www.w3.org\/2000\/svg\"><path fill=\"currentColor\" d=\"M224.3 273l-136 136c-9.4 9.4-24.6 9.4-33.9 0l-22.6-22.6c-9.4-9.4-9.4-24.6 0-33.9l96.4-96.4-96.4-96.4c-9.4-9.4-9.4-24.6 0-33.9L54.3 103c9.4-9.4 24.6-9.4 33.9 0l136 136c9.5 9.4 9.5 24.6.1 34z\"><\/path><\/svg><\/span><span class=\"gb-headline-text\"><a href=\"https:\/\/www.zoner.fi\/tuki\/zoner-home\/ohje-zonerin-kumppaneille-zoner-home-perusteet\/\">Ohje Zonerin kumppaneille &#8211; Miten hallitsen asiakkaani webhotellia?<\/a><\/span><\/h3>\n<\/div><\/div>\n\n<div class=\"gb-grid-column gb-grid-column-56733ae2 gb-query-loop-item post-135120 page type-page status-publish category-oma-tili-ja-tilaukset tag-kirjautuminen\"><div class=\"gb-container gb-container-56733ae2\">\n<h3 class=\"gb-headline gb-headline-effbdb09\"><span class=\"gb-icon\"><svg aria-hidden=\"true\" role=\"img\" height=\"1em\" width=\"1em\" viewbox=\"0 0 256 512\" xmlns=\"http:\/\/www.w3.org\/2000\/svg\"><path fill=\"currentColor\" d=\"M224.3 273l-136 136c-9.4 9.4-24.6 9.4-33.9 0l-22.6-22.6c-9.4-9.4-9.4-24.6 0-33.9l96.4-96.4-96.4-96.4c-9.4-9.4-9.4-24.6 0-33.9L54.3 103c9.4-9.4 24.6-9.4 33.9 0l136 136c9.5 9.4 9.5 24.6.1 34z\"><\/path><\/svg><\/span><span class=\"gb-headline-text\"><a href=\"https:\/\/www.zoner.fi\/tuki\/zoner-home\/zonerille-siirretyt-asiakkaat-nain-voit-hallita-palveluitasi\/\">Zonerille siirretyt asiakkaat &#8211; N\u00e4in voit hallita palveluitasi<\/a><\/span><\/h3>\n<\/div><\/div>\n\n<div class=\"gb-grid-column gb-grid-column-56733ae2 gb-query-loop-item post-135205 page type-page status-publish category-oma-tili-ja-tilaukset tag-kirjautuminen\"><div class=\"gb-container gb-container-56733ae2\">\n<h3 class=\"gb-headline gb-headline-effbdb09\"><span class=\"gb-icon\"><svg aria-hidden=\"true\" role=\"img\" height=\"1em\" width=\"1em\" viewbox=\"0 0 256 512\" xmlns=\"http:\/\/www.w3.org\/2000\/svg\"><path fill=\"currentColor\" d=\"M224.3 273l-136 136c-9.4 9.4-24.6 9.4-33.9 0l-22.6-22.6c-9.4-9.4-9.4-24.6 0-33.9l96.4-96.4-96.4-96.4c-9.4-9.4-9.4-24.6 0-33.9L54.3 103c9.4-9.4 24.6-9.4 33.9 0l136 136c9.5 9.4 9.5 24.6.1 34z\"><\/path><\/svg><\/span><span class=\"gb-headline-text\"><a href=\"https:\/\/www.zoner.fi\/tuki\/zoner-home\/miten-kirjaudun-webhotelliini-zoner-homen-kautta\/\">Miten kirjaudun webhotelliin?<\/a><\/span><\/h3>\n<\/div><\/div>\n\n<div class=\"gb-grid-column gb-grid-column-56733ae2 gb-query-loop-item post-135397 page type-page status-publish category-oma-tili-ja-tilaukset tag-kirjautuminen\"><div class=\"gb-container gb-container-56733ae2\">\n<h3 class=\"gb-headline gb-headline-effbdb09\"><span class=\"gb-icon\"><svg aria-hidden=\"true\" role=\"img\" height=\"1em\" width=\"1em\" viewbox=\"0 0 256 512\" xmlns=\"http:\/\/www.w3.org\/2000\/svg\"><path fill=\"currentColor\" d=\"M224.3 273l-136 136c-9.4 9.4-24.6 9.4-33.9 0l-22.6-22.6c-9.4-9.4-9.4-24.6 0-33.9l96.4-96.4-96.4-96.4c-9.4-9.4-9.4-24.6 0-33.9L54.3 103c9.4-9.4 24.6-9.4 33.9 0l136 136c9.5 9.4 9.5 24.6.1 34z\"><\/path><\/svg><\/span><span class=\"gb-headline-text\"><a href=\"https:\/\/www.zoner.fi\/tuki\/zoner-home\/miten-otan-kayttoon-kaksivaiheisen-tunnistautumisen-zoner-homessa\/\">Miten otan k\u00e4ytt\u00f6\u00f6n kaksivaiheisen tunnistautumisen Zoner Homessa?<\/a><\/span><\/h3>\n<\/div><\/div>\n\n<div class=\"gb-grid-column gb-grid-column-56733ae2 gb-query-loop-item post-132106 page type-page status-publish category-oma-tili-ja-tilaukset tag-kirjautuminen\"><div class=\"gb-container gb-container-56733ae2\">\n<h3 class=\"gb-headline gb-headline-effbdb09\"><span class=\"gb-icon\"><svg aria-hidden=\"true\" role=\"img\" height=\"1em\" width=\"1em\" viewbox=\"0 0 256 512\" xmlns=\"http:\/\/www.w3.org\/2000\/svg\"><path fill=\"currentColor\" d=\"M224.3 273l-136 136c-9.4 9.4-24.6 9.4-33.9 0l-22.6-22.6c-9.4-9.4-9.4-24.6 0-33.9l96.4-96.4-96.4-96.4c-9.4-9.4-9.4-24.6 0-33.9L54.3 103c9.4-9.4 24.6-9.4 33.9 0l136 136c9.5 9.4 9.5 24.6.1 34z\"><\/path><\/svg><\/span><span class=\"gb-headline-text\"><a href=\"https:\/\/www.zoner.fi\/tuki\/zoner-home\/miten-vaihdan-zoner-homen-kielen\/\">Miten vaihdan Zoner Home -hallintapaneelin kielen<\/a><\/span><\/h3>\n<\/div><\/div>\n\n<div class=\"gb-grid-column gb-grid-column-56733ae2 gb-query-loop-item post-131944 page type-page status-publish category-oma-tili-ja-tilaukset tag-kirjautuminen tag-omat-tiedot\"><div class=\"gb-container gb-container-56733ae2\">\n<h3 class=\"gb-headline gb-headline-effbdb09\"><span class=\"gb-icon\"><svg aria-hidden=\"true\" role=\"img\" height=\"1em\" width=\"1em\" viewbox=\"0 0 256 512\" xmlns=\"http:\/\/www.w3.org\/2000\/svg\"><path fill=\"currentColor\" d=\"M224.3 273l-136 136c-9.4 9.4-24.6 9.4-33.9 0l-22.6-22.6c-9.4-9.4-9.4-24.6 0-33.9l96.4-96.4-96.4-96.4c-9.4-9.4-9.4-24.6 0-33.9L54.3 103c9.4-9.4 24.6-9.4 33.9 0l136 136c9.5 9.4 9.5 24.6.1 34z\"><\/path><\/svg><\/span><span class=\"gb-headline-text\"><a href=\"https:\/\/www.zoner.fi\/tuki\/zoner-home\/miten-vaihdan-zoner-home-salasanan\/\">Miten vaihdan Zoner Home -salasanan<\/a><\/span><\/h3>\n<\/div><\/div>\n\n<div class=\"gb-grid-column gb-grid-column-56733ae2 gb-query-loop-item post-131924 page type-page status-publish category-oma-tili-ja-tilaukset tag-kirjautuminen\"><div class=\"gb-container gb-container-56733ae2\">\n<h3 class=\"gb-headline gb-headline-effbdb09\"><span class=\"gb-icon\"><svg aria-hidden=\"true\" role=\"img\" height=\"1em\" width=\"1em\" viewbox=\"0 0 256 512\" xmlns=\"http:\/\/www.w3.org\/2000\/svg\"><path fill=\"currentColor\" d=\"M224.3 273l-136 136c-9.4 9.4-24.6 9.4-33.9 0l-22.6-22.6c-9.4-9.4-9.4-24.6 0-33.9l96.4-96.4-96.4-96.4c-9.4-9.4-9.4-24.6 0-33.9L54.3 103c9.4-9.4 24.6-9.4 33.9 0l136 136c9.5 9.4 9.5 24.6.1 34z\"><\/path><\/svg><\/span><span class=\"gb-headline-text\"><a href=\"https:\/\/www.zoner.fi\/tuki\/zoner-home\/miten-hallitsen-zoner-home-kayttajia\/\">Miten hallitsen Zoner Home -k\u00e4ytt\u00e4ji\u00e4<\/a><\/span><\/h3>\n<\/div><\/div>\n\n<div class=\"gb-grid-column gb-grid-column-56733ae2 gb-query-loop-item post-131939 page type-page status-publish category-oma-tili-ja-tilaukset tag-kirjautuminen\"><div class=\"gb-container gb-container-56733ae2\">\n<h3 class=\"gb-headline gb-headline-effbdb09\"><span class=\"gb-icon\"><svg aria-hidden=\"true\" role=\"img\" height=\"1em\" width=\"1em\" viewbox=\"0 0 256 512\" xmlns=\"http:\/\/www.w3.org\/2000\/svg\"><path fill=\"currentColor\" d=\"M224.3 273l-136 136c-9.4 9.4-24.6 9.4-33.9 0l-22.6-22.6c-9.4-9.4-9.4-24.6 0-33.9l96.4-96.4-96.4-96.4c-9.4-9.4-9.4-24.6 0-33.9L54.3 103c9.4-9.4 24.6-9.4 33.9 0l136 136c9.5 9.4 9.5 24.6.1 34z\"><\/path><\/svg><\/span><span class=\"gb-headline-text\"><a href=\"https:\/\/www.zoner.fi\/tuki\/zoner-home\/miten-kirjaudun-zoner-home-hallintapaneeliin\/\">Miten kirjaudun Zoner Home -hallintapaneeliin<\/a><\/span><\/h3>\n<\/div><\/div>\n<\/div>\n\n<\/div><\/div>\n<\/div>\n<\/div>\n<\/div>\n\n<div class=\"gb-container gb-container-2b95ede7 alignfull\">\n<div class=\"gb-container gb-container-6a979e36\" id=\"omat-tiedot\">\n<div class=\"gb-grid-wrapper gb-grid-wrapper-7d3429c5\">\n<div class=\"gb-grid-column gb-grid-column-0bb694a2\"><div class=\"gb-container gb-container-0bb694a2\">\n\n<h2 class=\"gb-headline gb-headline-33bb7291 gb-headline-text\">Omat tiedot<\/h2>\n\n<\/div><\/div>\n\n<div class=\"gb-grid-column gb-grid-column-705b4237\"><div class=\"gb-container gb-container-705b4237\">\n\n<div class=\"gb-grid-wrapper gb-grid-wrapper-a167430d gb-query-loop-wrapper\">\n<div class=\"gb-grid-column gb-grid-column-5c214158 gb-query-loop-item post-132114 page type-page status-publish category-oma-tili-ja-tilaukset tag-omat-tiedot\"><div class=\"gb-container gb-container-5c214158\">\n<h2 class=\"gb-headline gb-headline-1018b807\"><span class=\"gb-icon\"><svg aria-hidden=\"true\" role=\"img\" height=\"1em\" width=\"1em\" viewbox=\"0 0 256 512\" xmlns=\"http:\/\/www.w3.org\/2000\/svg\"><path fill=\"currentColor\" d=\"M224.3 273l-136 136c-9.4 9.4-24.6 9.4-33.9 0l-22.6-22.6c-9.4-9.4-9.4-24.6 0-33.9l96.4-96.4-96.4-96.4c-9.4-9.4-9.4-24.6 0-33.9L54.3 103c9.4-9.4 24.6-9.4 33.9 0l136 136c9.5 9.4 9.5 24.6.1 34z\"><\/path><\/svg><\/span><span class=\"gb-headline-text\"><a href=\"https:\/\/www.zoner.fi\/tuki\/zoner-home\/miten-muutan-uutiskirjeen-asetuksia\/\">Miten muutan uutiskirjeen asetuksia<\/a><\/span><\/h2>\n<\/div><\/div>\n\n<div class=\"gb-grid-column gb-grid-column-5c214158 gb-query-loop-item post-132110 page type-page status-publish category-oma-tili-ja-tilaukset tag-omat-tiedot\"><div class=\"gb-container gb-container-5c214158\">\n<h2 class=\"gb-headline gb-headline-1018b807\"><span class=\"gb-icon\"><svg aria-hidden=\"true\" role=\"img\" height=\"1em\" width=\"1em\" viewbox=\"0 0 256 512\" xmlns=\"http:\/\/www.w3.org\/2000\/svg\"><path fill=\"currentColor\" d=\"M224.3 273l-136 136c-9.4 9.4-24.6 9.4-33.9 0l-22.6-22.6c-9.4-9.4-9.4-24.6 0-33.9l96.4-96.4-96.4-96.4c-9.4-9.4-9.4-24.6 0-33.9L54.3 103c9.4-9.4 24.6-9.4 33.9 0l136 136c9.5 9.4 9.5 24.6.1 34z\"><\/path><\/svg><\/span><span class=\"gb-headline-text\"><a href=\"https:\/\/www.zoner.fi\/tuki\/zoner-home\/miten-otan-kayttoon-tumman-teeman-zoner-homessa\/\">Miten otan k\u00e4ytt\u00f6\u00f6n tumman teeman Zoner Homessa<\/a><\/span><\/h2>\n<\/div><\/div>\n\n<div class=\"gb-grid-column gb-grid-column-5c214158 gb-query-loop-item post-131944 page type-page status-publish category-oma-tili-ja-tilaukset tag-kirjautuminen tag-omat-tiedot\"><div class=\"gb-container gb-container-5c214158\">\n<h2 class=\"gb-headline gb-headline-1018b807\"><span class=\"gb-icon\"><svg aria-hidden=\"true\" role=\"img\" height=\"1em\" width=\"1em\" viewbox=\"0 0 256 512\" xmlns=\"http:\/\/www.w3.org\/2000\/svg\"><path fill=\"currentColor\" d=\"M224.3 273l-136 136c-9.4 9.4-24.6 9.4-33.9 0l-22.6-22.6c-9.4-9.4-9.4-24.6 0-33.9l96.4-96.4-96.4-96.4c-9.4-9.4-9.4-24.6 0-33.9L54.3 103c9.4-9.4 24.6-9.4 33.9 0l136 136c9.5 9.4 9.5 24.6.1 34z\"><\/path><\/svg><\/span><span class=\"gb-headline-text\"><a href=\"https:\/\/www.zoner.fi\/tuki\/zoner-home\/miten-vaihdan-zoner-home-salasanan\/\">Miten vaihdan Zoner Home -salasanan<\/a><\/span><\/h2>\n<\/div><\/div>\n\n<div class=\"gb-grid-column gb-grid-column-5c214158 gb-query-loop-item post-131917 page type-page status-publish category-oma-tili-ja-tilaukset tag-omat-tiedot\"><div class=\"gb-container gb-container-5c214158\">\n<h2 class=\"gb-headline gb-headline-1018b807\"><span class=\"gb-icon\"><svg aria-hidden=\"true\" role=\"img\" height=\"1em\" width=\"1em\" viewbox=\"0 0 256 512\" xmlns=\"http:\/\/www.w3.org\/2000\/svg\"><path fill=\"currentColor\" d=\"M224.3 273l-136 136c-9.4 9.4-24.6 9.4-33.9 0l-22.6-22.6c-9.4-9.4-9.4-24.6 0-33.9l96.4-96.4-96.4-96.4c-9.4-9.4-9.4-24.6 0-33.9L54.3 103c9.4-9.4 24.6-9.4 33.9 0l136 136c9.5 9.4 9.5 24.6.1 34z\"><\/path><\/svg><\/span><span class=\"gb-headline-text\"><a href=\"https:\/\/www.zoner.fi\/tuki\/zoner-home\/miten-paivitan-yhteystietoni\/\">Miten p\u00e4ivit\u00e4n yhteystietoni<\/a><\/span><\/h2>\n<\/div><\/div>\n<\/div>\n\n<\/div><\/div>\n<\/div>\n<\/div>\n<\/div>\n\n<div class=\"gb-container gb-container-328c22c9 alignfull\">\n<div class=\"gb-container gb-container-51b13398\" id=\"tilaukset\">\n<div class=\"gb-grid-wrapper gb-grid-wrapper-fe80b64d\">\n<div class=\"gb-grid-column gb-grid-column-b77b4a48\"><div class=\"gb-container gb-container-b77b4a48\">\n\n<h2 class=\"gb-headline gb-headline-c0f1ef8d gb-headline-text\">Tilaukset<\/h2>\n\n<\/div><\/div>\n\n<div class=\"gb-grid-column gb-grid-column-46df7aff\"><div class=\"gb-container gb-container-46df7aff\">\n\n<div class=\"gb-grid-wrapper gb-grid-wrapper-5e817e16 gb-query-loop-wrapper\">\n<div class=\"gb-grid-column gb-grid-column-2d3a222a gb-query-loop-item post-136352 page type-page status-publish category-oma-tili-ja-tilaukset tag-kirjautuminen tag-tilaukset\"><div class=\"gb-container gb-container-2d3a222a\">\n<h3 class=\"gb-headline gb-headline-c36137d9\"><span class=\"gb-icon\"><svg aria-hidden=\"true\" role=\"img\" height=\"1em\" width=\"1em\" viewbox=\"0 0 256 512\" xmlns=\"http:\/\/www.w3.org\/2000\/svg\"><path fill=\"currentColor\" d=\"M224.3 273l-136 136c-9.4 9.4-24.6 9.4-33.9 0l-22.6-22.6c-9.4-9.4-9.4-24.6 0-33.9l96.4-96.4-96.4-96.4c-9.4-9.4-9.4-24.6 0-33.9L54.3 103c9.4-9.4 24.6-9.4 33.9 0l136 136c9.5 9.4 9.5 24.6.1 34z\"><\/path><\/svg><\/span><span class=\"gb-headline-text\"><a href=\"https:\/\/www.zoner.fi\/tuki\/zoner-home\/mista-loydan-sopimukset-zoner-home-hallintapaneelissa\/\">Mist\u00e4 l\u00f6yd\u00e4n sopimukset Zoner Home -hallintapaneelissa?<\/a><\/span><\/h3>\n<\/div><\/div>\n\n<div class=\"gb-grid-column gb-grid-column-2d3a222a gb-query-loop-item post-131968 page type-page status-publish category-oma-tili-ja-tilaukset tag-tilaukset\"><div class=\"gb-container gb-container-2d3a222a\">\n<h3 class=\"gb-headline gb-headline-c36137d9\"><span class=\"gb-icon\"><svg aria-hidden=\"true\" role=\"img\" height=\"1em\" width=\"1em\" viewbox=\"0 0 256 512\" xmlns=\"http:\/\/www.w3.org\/2000\/svg\"><path fill=\"currentColor\" d=\"M224.3 273l-136 136c-9.4 9.4-24.6 9.4-33.9 0l-22.6-22.6c-9.4-9.4-9.4-24.6 0-33.9l96.4-96.4-96.4-96.4c-9.4-9.4-9.4-24.6 0-33.9L54.3 103c9.4-9.4 24.6-9.4 33.9 0l136 136c9.5 9.4 9.5 24.6.1 34z\"><\/path><\/svg><\/span><span class=\"gb-headline-text\"><a href=\"https:\/\/www.zoner.fi\/tuki\/zoner-home\/miten-irtisanon-palveluni\/\">Miten irtisanon palveluni<\/a><\/span><\/h3>\n<\/div><\/div>\n<\/div>\n\n<\/div><\/div>\n<\/div>\n<\/div>\n<\/div>\n\n<div class=\"gb-container gb-container-c04d62b5 alignfull\">\n<div class=\"gb-container gb-container-0cc80a7f\" id=\"laskut\">\n<div class=\"gb-grid-wrapper gb-grid-wrapper-c6ec08b0\">\n<div class=\"gb-grid-column gb-grid-column-def08004\"><div class=\"gb-container gb-container-def08004\">\n\n<h2 class=\"gb-headline gb-headline-a76015b4 gb-headline-text\">Laskut<\/h2>\n\n<\/div><\/div>\n\n<div class=\"gb-grid-column gb-grid-column-1b0ff549\"><div class=\"gb-container gb-container-1b0ff549\">\n\n<div class=\"gb-grid-wrapper gb-grid-wrapper-9eb30aad gb-query-loop-wrapper\">\n<div class=\"gb-grid-column gb-grid-column-acb58f67 gb-query-loop-item post-135664 page type-page status-publish category-oma-tili-ja-tilaukset tag-laskut\"><div class=\"gb-container gb-container-acb58f67\">\n<h2 class=\"gb-headline gb-headline-97f8dd16\"><span class=\"gb-icon\"><svg aria-hidden=\"true\" role=\"img\" height=\"1em\" width=\"1em\" viewbox=\"0 0 256 512\" xmlns=\"http:\/\/www.w3.org\/2000\/svg\"><path fill=\"currentColor\" d=\"M224.3 273l-136 136c-9.4 9.4-24.6 9.4-33.9 0l-22.6-22.6c-9.4-9.4-9.4-24.6 0-33.9l96.4-96.4-96.4-96.4c-9.4-9.4-9.4-24.6 0-33.9L54.3 103c9.4-9.4 24.6-9.4 33.9 0l136 136c9.5 9.4 9.5 24.6.1 34z\"><\/path><\/svg><\/span><span class=\"gb-headline-text\"><a href=\"https:\/\/www.zoner.fi\/tuki\/zoner-home\/missa-naen-tilaukseni-laskut\/\">Miss\u00e4 n\u00e4en tilaukseni laskut?<\/a><\/span><\/h2>\n<\/div><\/div>\n\n<div class=\"gb-grid-column gb-grid-column-acb58f67 gb-query-loop-item post-135668 page type-page status-publish category-oma-tili-ja-tilaukset tag-laskut\"><div class=\"gb-container gb-container-acb58f67\">\n<h2 class=\"gb-headline gb-headline-97f8dd16\"><span class=\"gb-icon\"><svg aria-hidden=\"true\" role=\"img\" height=\"1em\" width=\"1em\" viewbox=\"0 0 256 512\" xmlns=\"http:\/\/www.w3.org\/2000\/svg\"><path fill=\"currentColor\" d=\"M224.3 273l-136 136c-9.4 9.4-24.6 9.4-33.9 0l-22.6-22.6c-9.4-9.4-9.4-24.6 0-33.9l96.4-96.4-96.4-96.4c-9.4-9.4-9.4-24.6 0-33.9L54.3 103c9.4-9.4 24.6-9.4 33.9 0l136 136c9.5 9.4 9.5 24.6.1 34z\"><\/path><\/svg><\/span><span class=\"gb-headline-text\"><a href=\"https:\/\/www.zoner.fi\/tuki\/zoner-home\/miten-muutan-laskun-lahetystapaa\/\">Miten muutan laskun l\u00e4hetystapaa?<\/a><\/span><\/h2>\n<\/div><\/div>\n\n<div class=\"gb-grid-column gb-grid-column-acb58f67 gb-query-loop-item post-134763 page type-page status-publish category-oma-tili-ja-tilaukset tag-laskut\"><div class=\"gb-container gb-container-acb58f67\">\n<h2 class=\"gb-headline gb-headline-97f8dd16\"><span class=\"gb-icon\"><svg aria-hidden=\"true\" role=\"img\" height=\"1em\" width=\"1em\" viewbox=\"0 0 256 512\" xmlns=\"http:\/\/www.w3.org\/2000\/svg\"><path fill=\"currentColor\" d=\"M224.3 273l-136 136c-9.4 9.4-24.6 9.4-33.9 0l-22.6-22.6c-9.4-9.4-9.4-24.6 0-33.9l96.4-96.4-96.4-96.4c-9.4-9.4-9.4-24.6 0-33.9L54.3 103c9.4-9.4 24.6-9.4 33.9 0l136 136c9.5 9.4 9.5 24.6.1 34z\"><\/path><\/svg><\/span><span class=\"gb-headline-text\"><a href=\"https:\/\/www.zoner.fi\/tuki\/usein-kysyttya-laskutus\/\">Usein kysytty\u00e4 &#8211; Laskutus<\/a><\/span><\/h2>\n<\/div><\/div>\n<\/div>\n\n<\/div><\/div>\n<\/div>\n<\/div>\n<\/div>","protected":false},"excerpt":{"rendered":"","protected":false},"author":1,"featured_media":0,"parent":0,"menu_order":0,"comment_status":"closed","ping_status":"closed","template":"","meta":{"_relevanssi_hide_post":"","_relevanssi_hide_content":"","_relevanssi_pin_for_all":"","_relevanssi_pin_keywords":"","_relevanssi_unpin_keywords":"","_relevanssi_related_keywords":"","_relevanssi_related_include_ids":"","_relevanssi_related_exclude_ids":"","_relevanssi_related_no_append":"","_relevanssi_related_not_related":"","_relevanssi_related_posts":"130464,130526,130578,130865,130424,130616","_relevanssi_noindex_reason":"","footnotes":""},"categories":[],"tags":[],"wf_page_folders":[],"class_list":["post-131930","page","type-page","status-publish"],"_links":{"self":[{"href":"https:\/\/www.zoner.fi\/tuki\/wp-json\/wp\/v2\/pages\/131930","targetHints":{"allow":["GET"]}}],"collection":[{"href":"https:\/\/www.zoner.fi\/tuki\/wp-json\/wp\/v2\/pages"}],"about":[{"href":"https:\/\/www.zoner.fi\/tuki\/wp-json\/wp\/v2\/types\/page"}],"author":[{"embeddable":true,"href":"https:\/\/www.zoner.fi\/tuki\/wp-json\/wp\/v2\/users\/1"}],"replies":[{"embeddable":true,"href":"https:\/\/www.zoner.fi\/tuki\/wp-json\/wp\/v2\/comments?post=131930"}],"version-history":[{"count":20,"href":"https:\/\/www.zoner.fi\/tuki\/wp-json\/wp\/v2\/pages\/131930\/revisions"}],"predecessor-version":[{"id":137757,"href":"https:\/\/www.zoner.fi\/tuki\/wp-json\/wp\/v2\/pages\/131930\/revisions\/137757"}],"wp:attachment":[{"href":"https:\/\/www.zoner.fi\/tuki\/wp-json\/wp\/v2\/media?parent=131930"}],"wp:term":[{"taxonomy":"category","embeddable":true,"href":"https:\/\/www.zoner.fi\/tuki\/wp-json\/wp\/v2\/categories?post=131930"},{"taxonomy":"post_tag","embeddable":true,"href":"https:\/\/www.zoner.fi\/tuki\/wp-json\/wp\/v2\/tags?post=131930"},{"taxonomy":"wf_page_folders","embeddable":true,"href":"https:\/\/www.zoner.fi\/tuki\/wp-json\/wp\/v2\/wf_page_folders?post=131930"}],"curies":[{"name":"wp","href":"https:\/\/api.w.org\/{rel}","templated":true}]}}