{"id":131960,"date":"2024-05-06T15:26:09","date_gmt":"2024-05-06T12:26:09","guid":{"rendered":"https:\/\/www.zoner.fi\/tuki\/?page_id=131960"},"modified":"2025-09-17T10:58:44","modified_gmt":"2025-09-17T07:58:44","slug":"miten-haen-valittajanvaihtoavaimen","status":"publish","type":"page","link":"https:\/\/www.zoner.fi\/tuki\/zoner-home\/miten-haen-valittajanvaihtoavaimen\/","title":{"rendered":"Miten haen v\u00e4litt\u00e4j\u00e4nvaihtoavaimen Zoner Homessa"},"content":{"rendered":"\n<blockquote class=\"wp-block-quote is-layout-flow wp-block-quote-is-layout-flow\">\n<p><strong>Huom! V\u00e4litt\u00e4j\u00e4nvaihtoavainta ei t\u00e4ll\u00e4 hetkell\u00e4 voi hakea Zoner Homesta.<\/strong> Jos tarvitset v\u00e4litt\u00e4j\u00e4nvaihtoavaimen, saat sen asiakaspalvelultamme: tuki@zoner.fi<\/p>\n<\/blockquote>\n\n\n\n<p>Jos haluat siirt\u00e4\u00e4 verkkotunnuksesi toiselle palveluntarjoajalle, tarvitset siirtoa varten <a href=\"https:\/\/www.zoner.fi\/verkkotunnus\/verkkotunnusvalittaja\/\" data-type=\"link\" data-id=\"https:\/\/www.zoner.fi\/verkkotunnus\/verkkotunnusvalittaja\/\">v\u00e4litt\u00e4j\u00e4nvaihtoavaimen<\/a>. Voit hakea v\u00e4litt\u00e4j\u00e4nvaihtoavainta suoraan <a href=\"https:\/\/home.zoner.fi\/\" target=\"_blank\" rel=\"noopener\">Zoner Homessa<\/a> sen j\u00e4lkeen, kun olet ensin irtisanonut verkkotunnussopimuksen, mutta ennen, kuin sen voimassaolo p\u00e4\u00e4ttyy. <\/p>\n\n\n\n<p><strong>T\u00e4rke\u00e4\u00e4<\/strong>: Jos et siirr\u00e4 irtisanomaasi verkkotunnusta toiselle palveluntarjoajalle ennen sopimuksen p\u00e4\u00e4ttymisp\u00e4iv\u00e4\u00e4, se poistetaan kokonaan. T\u00e4m\u00e4n j\u00e4lkeen kuka tahansa voi varata sen.<\/p>\n\n\n\n<ol class=\"wp-block-list\">\n<li><a href=\"#1\">Irtisano verkkotunnus<\/a><\/li>\n\n\n\n<li><a href=\"#2\">Hae v\u00e4litt\u00e4j\u00e4nvaihtoavain<\/a><\/li>\n<\/ol>\n\n\n\n<h2 class=\"wp-block-heading\" id=\"1\">1. Irtisano verkkotunnus<\/h2>\n\n\n\n<p>1. Kirjaudu <a href=\"https:\/\/home.zoner.fi\/\" target=\"_blank\" rel=\"noopener\">Zoner Homeen<\/a>. <strong>Ohje<\/strong>: <a href=\"https:\/\/www.zoner.fi\/tuki\/zoner-home\/miten-kirjaudun-zoner-home-hallintapaneeliin\/\">Miten kirjaudun Zoner Home -hallintapaneeliin?<\/a><br>2. Klikkaa yl\u00e4palkissa <strong>Omat tuotteet<\/strong> ja vierit\u00e4 alas kohtaan <strong>Verkkotunnukset<\/strong>.<br>3. Etsi listasta verkkotunnus, jonka haluat siirt\u00e4\u00e4 toiselle palveluntarjoajalle. Jos etsim\u00e4si verkkotunnus ei n\u00e4y listassa, klikkaa <strong>Katso kaikki verkkotunnukset<\/strong>.<br>4. Klikkaa verkkotunnuksen oikealla puolella kuvaketta, jossa on kolme pistett\u00e4, ja valitse avautuneessa valikossa <strong>Irtisano sopimus<\/strong>.<\/p>\n\n\n\n<figure class=\"wp-block-image size-large\"><img loading=\"lazy\" decoding=\"async\" width=\"1024\" height=\"608\" src=\"https:\/\/www.zoner.fi\/tuki\/wp-content\/uploads\/2025\/06\/irtisano-verkkotunnus-1024x608.png\" alt=\"\" class=\"wp-image-136336\" srcset=\"https:\/\/www.zoner.fi\/tuki\/wp-content\/uploads\/2025\/06\/irtisano-verkkotunnus-1024x608.png 1024w, https:\/\/www.zoner.fi\/tuki\/wp-content\/uploads\/2025\/06\/irtisano-verkkotunnus-300x178.png 300w, https:\/\/www.zoner.fi\/tuki\/wp-content\/uploads\/2025\/06\/irtisano-verkkotunnus-768x456.png 768w, https:\/\/www.zoner.fi\/tuki\/wp-content\/uploads\/2025\/06\/irtisano-verkkotunnus-1536x912.png 1536w, https:\/\/www.zoner.fi\/tuki\/wp-content\/uploads\/2025\/06\/irtisano-verkkotunnus.png 1950w\" sizes=\"auto, (max-width: 1024px) 100vw, 1024px\" \/><\/figure>\n\n\n\n<p>3. Valitse avautuneella sivulla p\u00e4\u00e4ttymisp\u00e4iv\u00e4 ja irtisanomisen syy, ja klikkaa sitten <strong>Vahvista<\/strong>-painiketta.<\/p>\n\n\n\n<figure class=\"wp-block-image size-large\"><img loading=\"lazy\" decoding=\"async\" width=\"1024\" height=\"724\" src=\"https:\/\/www.zoner.fi\/tuki\/wp-content\/uploads\/2025\/06\/irtisano-verkkotunnus-2-1024x724.png\" alt=\"\" class=\"wp-image-136338\" srcset=\"https:\/\/www.zoner.fi\/tuki\/wp-content\/uploads\/2025\/06\/irtisano-verkkotunnus-2-1024x724.png 1024w, https:\/\/www.zoner.fi\/tuki\/wp-content\/uploads\/2025\/06\/irtisano-verkkotunnus-2-300x212.png 300w, https:\/\/www.zoner.fi\/tuki\/wp-content\/uploads\/2025\/06\/irtisano-verkkotunnus-2-768x543.png 768w, https:\/\/www.zoner.fi\/tuki\/wp-content\/uploads\/2025\/06\/irtisano-verkkotunnus-2-1536x1086.png 1536w, https:\/\/www.zoner.fi\/tuki\/wp-content\/uploads\/2025\/06\/irtisano-verkkotunnus-2.png 1604w\" sizes=\"auto, (max-width: 1024px) 100vw, 1024px\" \/><\/figure>\n\n\n\n<h2 class=\"wp-block-heading\" id=\"2\">2. Hae v\u00e4litt\u00e4j\u00e4nvaihtoavain<\/h2>\n\n\n\n<blockquote class=\"wp-block-quote is-layout-flow wp-block-quote-is-layout-flow\">\n<p><strong>Huom! V\u00e4litt\u00e4j\u00e4nvaihtoavainta ei t\u00e4ll\u00e4 hetkell\u00e4 voi hakea Zoner Homesta.<\/strong> Pyyd\u00e4 v\u00e4litt\u00e4j\u00e4nvaihtoavain asiakaspalvelultamme: tuki@zoner.fi<\/p>\n<\/blockquote>\n\n\n\n<p>Voit hakea v\u00e4litt\u00e4j\u00e4nvaihtoavainta Zoner Homessa sen j\u00e4lkeen, kun olet irtisanonut verkkotunnuksen. <strong>Muista siirt\u00e4\u00e4 verkkotunnus toiselle palveluntarjoajalle ennen, kuin sen sopimus p\u00e4\u00e4ttyy.<\/strong><\/p>\n\n\n\n<p>1. Klikkaa Zoner Homessa yl\u00e4palkissa <strong>Omat tuotteet<\/strong> ja vierit\u00e4 alas kohtaan <strong>Verkkotunnukset<\/strong>.<br>2. Etsi listasta verkkotunnus, jonka haluat siirt\u00e4\u00e4 toiselle palveluntarjoajalle. Jos etsim\u00e4si verkkotunnus ei n\u00e4y listassa, klikkaa <strong>Katso kaikki verkkotunnukset<\/strong>.<br>4. Klikkaa verkkotunnuksen oikealla puolella kuvaketta, jossa on kolme pistett\u00e4, ja valitse avautuneessa valikossa <strong>Hallitse verkkotunnusta<\/strong>.<\/p>\n\n\n\n<figure class=\"wp-block-image size-large\"><img loading=\"lazy\" decoding=\"async\" width=\"1024\" height=\"713\" src=\"https:\/\/www.zoner.fi\/tuki\/wp-content\/uploads\/2025\/01\/verkkotunnus-zoner-home-1024x713.png\" alt=\"\" class=\"wp-image-135130\" srcset=\"https:\/\/www.zoner.fi\/tuki\/wp-content\/uploads\/2025\/01\/verkkotunnus-zoner-home-1024x713.png 1024w, https:\/\/www.zoner.fi\/tuki\/wp-content\/uploads\/2025\/01\/verkkotunnus-zoner-home-300x209.png 300w, https:\/\/www.zoner.fi\/tuki\/wp-content\/uploads\/2025\/01\/verkkotunnus-zoner-home-768x534.png 768w, https:\/\/www.zoner.fi\/tuki\/wp-content\/uploads\/2025\/01\/verkkotunnus-zoner-home.png 1430w\" sizes=\"auto, (max-width: 1024px) 100vw, 1024px\" \/><\/figure>\n\n\n\n<p>4. Klikkaa aukeavalla Yleiskatsaus-sivulla &#8221;<strong>Pyyd\u00e4 avain verkkotunnuksen siirtoa varten<\/strong>&#8221; -painiketta.<\/p>\n\n\n\n<figure class=\"wp-block-image size-large\"><img loading=\"lazy\" decoding=\"async\" width=\"1024\" height=\"658\" src=\"https:\/\/www.zoner.fi\/tuki\/wp-content\/uploads\/2025\/06\/zoner-home-valittajanvaihtoavain-1024x658.png\" alt=\"\" class=\"wp-image-136339\" srcset=\"https:\/\/www.zoner.fi\/tuki\/wp-content\/uploads\/2025\/06\/zoner-home-valittajanvaihtoavain-1024x658.png 1024w, https:\/\/www.zoner.fi\/tuki\/wp-content\/uploads\/2025\/06\/zoner-home-valittajanvaihtoavain-300x193.png 300w, https:\/\/www.zoner.fi\/tuki\/wp-content\/uploads\/2025\/06\/zoner-home-valittajanvaihtoavain-768x493.png 768w, https:\/\/www.zoner.fi\/tuki\/wp-content\/uploads\/2025\/06\/zoner-home-valittajanvaihtoavain-1536x987.png 1536w, https:\/\/www.zoner.fi\/tuki\/wp-content\/uploads\/2025\/06\/zoner-home-valittajanvaihtoavain.png 1765w\" sizes=\"auto, (max-width: 1024px) 100vw, 1024px\" \/><\/figure>\n\n\n\n<p>5. Anna v\u00e4litt\u00e4j\u00e4nvaihtoavain uudelle palveluntarjoajallesi verkkotunnuksen siirtoa varten.<\/p>\n","protected":false},"excerpt":{"rendered":"<p>Huom! V\u00e4litt\u00e4j\u00e4nvaihtoavainta ei t\u00e4ll\u00e4 hetkell\u00e4 voi hakea Zoner Homesta. Jos tarvitset v\u00e4litt\u00e4j\u00e4nvaihtoavaimen, saat sen asiakaspalvelultamme: tuki@zoner.fi Jos haluat siirt\u00e4\u00e4 verkkotunnuksesi toiselle palveluntarjoajalle, tarvitset siirtoa varten v\u00e4litt\u00e4j\u00e4nvaihtoavaimen. Voit hakea v\u00e4litt\u00e4j\u00e4nvaihtoavainta suoraan Zoner Homessa sen j\u00e4lkeen, kun olet ensin irtisanonut verkkotunnussopimuksen, mutta ennen, kuin sen voimassaolo p\u00e4\u00e4ttyy. T\u00e4rke\u00e4\u00e4: Jos et siirr\u00e4 irtisanomaasi verkkotunnusta toiselle palveluntarjoajalle ennen sopimuksen &#8230; <a title=\"Miten haen v\u00e4litt\u00e4j\u00e4nvaihtoavaimen Zoner Homessa\" class=\"read-more\" href=\"https:\/\/www.zoner.fi\/tuki\/zoner-home\/miten-haen-valittajanvaihtoavaimen\/\" aria-label=\"Lue lis\u00e4\u00e4 aiheesta Miten haen v\u00e4litt\u00e4j\u00e4nvaihtoavaimen Zoner Homessa\">Lue lis\u00e4\u00e4<\/a><\/p>\n","protected":false},"author":20,"featured_media":0,"parent":131930,"menu_order":0,"comment_status":"closed","ping_status":"closed","template":"","meta":{"_relevanssi_hide_post":"","_relevanssi_hide_content":"","_relevanssi_pin_for_all":"","_relevanssi_pin_keywords":"","_relevanssi_unpin_keywords":"","_relevanssi_related_keywords":"","_relevanssi_related_include_ids":"","_relevanssi_related_exclude_ids":"","_relevanssi_related_no_append":"","_relevanssi_related_not_related":"","_relevanssi_related_posts":"130667,130397,130684,1076,131506,131535","_relevanssi_noindex_reason":"","footnotes":""},"categories":[210],"tags":[208],"wf_page_folders":[],"class_list":{"0":"post-131960","1":"page","2":"type-page","3":"status-publish","5":"category-zoner-home-verkkotunnus","6":"tag-verkkotunnuksen-siirtaminen"},"_links":{"self":[{"href":"https:\/\/www.zoner.fi\/tuki\/wp-json\/wp\/v2\/pages\/131960","targetHints":{"allow":["GET"]}}],"collection":[{"href":"https:\/\/www.zoner.fi\/tuki\/wp-json\/wp\/v2\/pages"}],"about":[{"href":"https:\/\/www.zoner.fi\/tuki\/wp-json\/wp\/v2\/types\/page"}],"author":[{"embeddable":true,"href":"https:\/\/www.zoner.fi\/tuki\/wp-json\/wp\/v2\/users\/20"}],"replies":[{"embeddable":true,"href":"https:\/\/www.zoner.fi\/tuki\/wp-json\/wp\/v2\/comments?post=131960"}],"version-history":[{"count":16,"href":"https:\/\/www.zoner.fi\/tuki\/wp-json\/wp\/v2\/pages\/131960\/revisions"}],"predecessor-version":[{"id":136466,"href":"https:\/\/www.zoner.fi\/tuki\/wp-json\/wp\/v2\/pages\/131960\/revisions\/136466"}],"up":[{"embeddable":true,"href":"https:\/\/www.zoner.fi\/tuki\/wp-json\/wp\/v2\/pages\/131930"}],"wp:attachment":[{"href":"https:\/\/www.zoner.fi\/tuki\/wp-json\/wp\/v2\/media?parent=131960"}],"wp:term":[{"taxonomy":"category","embeddable":true,"href":"https:\/\/www.zoner.fi\/tuki\/wp-json\/wp\/v2\/categories?post=131960"},{"taxonomy":"post_tag","embeddable":true,"href":"https:\/\/www.zoner.fi\/tuki\/wp-json\/wp\/v2\/tags?post=131960"},{"taxonomy":"wf_page_folders","embeddable":true,"href":"https:\/\/www.zoner.fi\/tuki\/wp-json\/wp\/v2\/wf_page_folders?post=131960"}],"curies":[{"name":"wp","href":"https:\/\/api.w.org\/{rel}","templated":true}]}}