{"id":132309,"date":"2024-06-18T12:36:56","date_gmt":"2024-06-18T09:36:56","guid":{"rendered":"https:\/\/www.zoner.fi\/tuki\/?page_id=132309"},"modified":"2025-09-22T10:20:38","modified_gmt":"2025-09-22T07:20:38","slug":"mita-ovat-ftp-ja-sftp","status":"publish","type":"page","link":"https:\/\/www.zoner.fi\/tuki\/webhotellit\/mita-ovat-ftp-ja-sftp\/","title":{"rendered":"Mit\u00e4 ovat FTP ja SFTP?\u00a0"},"content":{"rendered":"\n<p>FTP ja SFTP ovat tiedonsiirtomenetelmi\u00e4, joilla voidaan verkon kautta siirt\u00e4\u00e4 tietoja kahden tietokoneen v\u00e4lill\u00e4. Kotisivujen yhteydess\u00e4 niit\u00e4 k\u00e4ytet\u00e4\u00e4n erityisesti siihen, kun siirret\u00e4\u00e4n kotisivujen tiedostoja omalta koneelta webhotellin palvelimelle.&nbsp;&nbsp;<\/p>\n\n\n\n<p>N\u00e4iden kahden yhteyden merkitt\u00e4vin ero on se, ett\u00e4 SFTP-yhteys sis\u00e4lt\u00e4\u00e4 salauksen, joten sen kautta voidaan l\u00e4hett\u00e4\u00e4 my\u00f6s t\u00e4rke\u00e4mpi\u00e4 tietoja.<\/p>\n\n\n\n<h2 class=\"wp-block-heading\">Mik\u00e4 on FTP?&nbsp;<\/h2>\n\n\n\n<p>FTP-yhteyden avulla voit siirt\u00e4\u00e4 tietoja kahden tietokoneen v\u00e4lill\u00e4 tehokkaasti. Se ei kuitenkaan ole yht\u00e4 turvallinen tiedonsiirtotapa kuin SFTP, sill\u00e4 sen kautta l\u00e4hetetyt tiedot eiv\u00e4t ole salattuja.&nbsp;<\/p>\n\n\n\n<p>Tietojensiirto FTP-protokollalla toimii niin, ett\u00e4 tiedostot ladataan omalta koneelta verkon kautta FTP-palvelimelle, josta niiden vastaanottaja voi ladata ne omalle koneelleen. Yleens\u00e4 tietojensiirto tehd\u00e4\u00e4n jollakin FTP-ohjelmalla, kuten <a href=\"https:\/\/www.zoner.fi\/tuki\/wordpress\/filezilla-wordpress-sivuston-tiedostojen-siirrossa\/\">FileZillalla<\/a>.&nbsp;<\/p>\n\n\n\n<p>FTP-yhteytt\u00e4 k\u00e4ytet\u00e4\u00e4n tiedostojen siirt\u00e4miseen omalta koneelta webhotellin palvelimelle. Voit k\u00e4ytt\u00e4\u00e4 siihen jotakin ilmaista FTP-ohjelmaa.<\/p>\n\n\n\n<h2 class=\"wp-block-heading\">Mik\u00e4 on SFTP?&nbsp;<\/h2>\n\n\n\n<p>SFTP eli <a href=\"https:\/\/www.zoner.fi\/tuki\/webhotellit\/mika-on-ssh\/\">SSH-yhteys<\/a> on turvallinen tapa siirt\u00e4\u00e4 tietoja kahden koneen v\u00e4lill\u00e4. SFTP-protokolla sis\u00e4lt\u00e4\u00e4 salauksen, joten sen kautta voidaan siirt\u00e4\u00e4 my\u00f6s salaisempia tietoja.&nbsp;<\/p>\n\n\n\n<p>SFTP\/SSH-yhteydell\u00e4 voidaan my\u00f6s muodostaa turvallinen et\u00e4yhteys toisessa paikassa sijaitsevaan palvelimeen. Sill\u00e4 voit siis ottaa et\u00e4yhteyden esimerkiksi tai virtuaalipalvelimeen.<\/p>\n","protected":false},"excerpt":{"rendered":"<p>FTP ja SFTP ovat tiedonsiirtomenetelmi\u00e4, joilla voit verkon kautta siirt\u00e4\u00e4 tietoja tietokoneesta toiseen. Lue lis\u00e4\u00e4 siit\u00e4, mit\u00e4 ovat FTP ja SFTP.<\/p>\n","protected":false},"author":18,"featured_media":0,"parent":129010,"menu_order":0,"comment_status":"closed","ping_status":"closed","template":"","meta":{"_relevanssi_hide_post":"","_relevanssi_hide_content":"","_relevanssi_pin_for_all":"","_relevanssi_pin_keywords":"","_relevanssi_unpin_keywords":"","_relevanssi_related_keywords":"","_relevanssi_related_include_ids":"","_relevanssi_related_exclude_ids":"","_relevanssi_related_no_append":"","_relevanssi_related_not_related":"","_relevanssi_related_posts":"131888,131550,131506,132301,130515,130424","_relevanssi_noindex_reason":"","footnotes":""},"categories":[218,190,192,217],"tags":[93,99],"wf_page_folders":[],"class_list":{"0":"post-132309","1":"page","2":"type-page","3":"status-publish","5":"category-cpanel-webhotelli-fi-webhotellit","6":"category-cpanel-wepardi","7":"category-directadmin","8":"category-zoner-home-webhotellit","9":"tag-ftp-sftp-ssh","10":"tag-tietokannat"},"_links":{"self":[{"href":"https:\/\/www.zoner.fi\/tuki\/wp-json\/wp\/v2\/pages\/132309","targetHints":{"allow":["GET"]}}],"collection":[{"href":"https:\/\/www.zoner.fi\/tuki\/wp-json\/wp\/v2\/pages"}],"about":[{"href":"https:\/\/www.zoner.fi\/tuki\/wp-json\/wp\/v2\/types\/page"}],"author":[{"embeddable":true,"href":"https:\/\/www.zoner.fi\/tuki\/wp-json\/wp\/v2\/users\/18"}],"replies":[{"embeddable":true,"href":"https:\/\/www.zoner.fi\/tuki\/wp-json\/wp\/v2\/comments?post=132309"}],"version-history":[{"count":6,"href":"https:\/\/www.zoner.fi\/tuki\/wp-json\/wp\/v2\/pages\/132309\/revisions"}],"predecessor-version":[{"id":137533,"href":"https:\/\/www.zoner.fi\/tuki\/wp-json\/wp\/v2\/pages\/132309\/revisions\/137533"}],"up":[{"embeddable":true,"href":"https:\/\/www.zoner.fi\/tuki\/wp-json\/wp\/v2\/pages\/129010"}],"wp:attachment":[{"href":"https:\/\/www.zoner.fi\/tuki\/wp-json\/wp\/v2\/media?parent=132309"}],"wp:term":[{"taxonomy":"category","embeddable":true,"href":"https:\/\/www.zoner.fi\/tuki\/wp-json\/wp\/v2\/categories?post=132309"},{"taxonomy":"post_tag","embeddable":true,"href":"https:\/\/www.zoner.fi\/tuki\/wp-json\/wp\/v2\/tags?post=132309"},{"taxonomy":"wf_page_folders","embeddable":true,"href":"https:\/\/www.zoner.fi\/tuki\/wp-json\/wp\/v2\/wf_page_folders?post=132309"}],"curies":[{"name":"wp","href":"https:\/\/api.w.org\/{rel}","templated":true}]}}