{"id":132598,"date":"2024-10-04T15:32:06","date_gmt":"2024-10-04T12:32:06","guid":{"rendered":"https:\/\/www.zoner.fi\/tuki\/?page_id=132598"},"modified":"2025-09-25T17:53:46","modified_gmt":"2025-09-25T14:53:46","slug":"ajanvarauskalenteri-ukk","status":"publish","type":"page","link":"https:\/\/www.zoner.fi\/tuki\/kotisivukone\/basekit\/ajanvarauskalenteri-ukk\/","title":{"rendered":"Kotisivu Ajanvarauskalenteri: usein kysyttyj\u00e4 kysymyksi\u00e4 (UKK\/FAQ)"},"content":{"rendered":"\n<h2 class=\"wp-block-heading\"><strong>Mik\u00e4 on ajanvarauskalenteri?<\/strong><\/h2>\n\n\n\n<p>Ajanvarauskalenteri on kalenterisovellus, jossa on sis\u00e4\u00e4nrakennetut maksuty\u00f6kalut. Se sis\u00e4lt\u00e4\u00e4 kaiken, mit\u00e4 tarvitset tarjotaksesi palveluita sivustosi kautta. Palvelut voit j\u00e4rjest\u00e4\u00e4 asiakkaillesi paikan p\u00e4\u00e4ll\u00e4 tai verkossa.<\/p>\n\n\n\n<p>Voit my\u00f6s j\u00e4rjest\u00e4\u00e4 tapahtumia, joihin voi osallistua useita henkil\u00f6it\u00e4.<\/p>\n\n\n\n<h2 class=\"wp-block-heading\"><strong>Kenelle ajanvarauskalenteri sopii?<\/strong><\/h2>\n\n\n\n<p>Tavoitteemme on tarjota pienyrityksille ty\u00f6kalut, joita he tarvitsevat menesty\u00e4kseen verkossa. Kalenteri on tarkoitettu pienille yrityksille, jotka haluavat laajentaa palvelutarjontaansa.<\/p>\n\n\n\n<p>Varauspalveluita on kahdenlaisia: Ajanvaraus ja Tapahtumat.<\/p>\n\n\n\n<p>Kalenteriohjelmisto on tarkoitettu palveluiden tarjoamiseen, ei majoitustoimintaan.<\/p>\n\n\n\n<h2 class=\"wp-block-heading\"><strong>Voinko vastaanottaa maksuja palveluistani?<\/strong><\/h2>\n\n\n\n<p>Kyll\u00e4. Sovelluksesta l\u00f6ytyy useita eri maksutapoja.<\/p>\n\n\n\n<h2 class=\"wp-block-heading\"><strong>Voinko lis\u00e4t\u00e4 useita henkil\u00f6it\u00e4 hallitsemaan varauksia?<\/strong><\/h2>\n\n\n\n<p>Valitettavasti varauksia voi t\u00e4ll\u00e4 hetkell\u00e4 hallinnoida vain yksi henkil\u00f6.&nbsp;<\/p>\n\n\n\n<h2 class=\"wp-block-heading\"><strong>Tarvitsenko fyysisen toimipisteen palveluiden tarjoamiseen?<\/strong><\/h2>\n\n\n\n<p>Toimipistett\u00e4 ei tarvita, vaan voit my\u00f6s tarjota palveluita verkossa.<\/p>\n\n\n\n<h2 class=\"wp-block-heading\"><strong>Mit\u00e4 eroa on ajanvarauksella ja tapahtumalla?<\/strong><\/h2>\n\n\n\n<p><strong>Ajanvaraus<\/strong>: asiakkaasi voivat varata aikoja yrityksen aukioloaikojen puitteissa. Sin\u00e4 m\u00e4\u00e4rit\u00e4t tapaamisen tyypin ja keston, ja asiakkaasi voivat varata haluamansa ajan.<\/p>\n\n\n\n<p><strong>Tapahtuma:<\/strong>&nbsp;palvelu, jossa m\u00e4\u00e4rittelet ajan ja paikan. Sen ei tarvitse olla aukioloaikojesi sis\u00e4ll\u00e4. Asiakkaat voivat ilmoittautua tapahtumaan.<\/p>\n\n\n\n<h2 class=\"wp-block-heading\"><strong>L\u00e4hetet\u00e4\u00e4nk\u00f6 asiakkaille s\u00e4hk\u00f6postiviesti, kun he tekev\u00e4t varauksen?<\/strong><\/h2>\n\n\n\n<p>Kyll\u00e4. Heille l\u00e4hetet\u00e4\u00e4n automaattisesti s\u00e4hk\u00f6posti, jossa on varaustiedot. Sivuston omistajana saat my\u00f6s ilmoituksen varauksesta ja n\u00e4et varauksen kalenterissasi.<\/p>\n\n\n\n<h2 class=\"wp-block-heading\"><strong>Klikkaan Kalenteri-sovellusta, mutta se ei aukea. Miksi?<\/strong><\/h2>\n\n\n\n<p>Kalenteri tarvitsee&nbsp;<strong>\/services<\/strong>&nbsp;URL-osoitteen itselleen. Varmista, ett\u00e4 sinulla ei ole sivua, joka k\u00e4ytt\u00e4\u00e4 t\u00e4t\u00e4 URL-osoitetta, ennen kuin yrit\u00e4t k\u00e4ytt\u00e4\u00e4 Kalenteria.<\/p>\n","protected":false},"excerpt":{"rendered":"<p>Mik\u00e4 on ajanvarauskalenteri? Ajanvarauskalenteri on kalenterisovellus, jossa on sis\u00e4\u00e4nrakennetut maksuty\u00f6kalut. Se sis\u00e4lt\u00e4\u00e4 kaiken, mit\u00e4 tarvitset tarjotaksesi palveluita sivustosi kautta. Palvelut voit j\u00e4rjest\u00e4\u00e4 asiakkaillesi paikan p\u00e4\u00e4ll\u00e4 tai verkossa. Voit my\u00f6s j\u00e4rjest\u00e4\u00e4 tapahtumia, joihin voi osallistua useita henkil\u00f6it\u00e4. Kenelle ajanvarauskalenteri sopii? Tavoitteemme on tarjota pienyrityksille ty\u00f6kalut, joita he tarvitsevat menesty\u00e4kseen verkossa. Kalenteri on tarkoitettu pienille yrityksille, jotka &#8230; <a title=\"Kotisivu Ajanvarauskalenteri: usein kysyttyj\u00e4 kysymyksi\u00e4 (UKK\/FAQ)\" class=\"read-more\" href=\"https:\/\/www.zoner.fi\/tuki\/kotisivukone\/basekit\/ajanvarauskalenteri-ukk\/\" aria-label=\"Lue lis\u00e4\u00e4 aiheesta Kotisivu Ajanvarauskalenteri: usein kysyttyj\u00e4 kysymyksi\u00e4 (UKK\/FAQ)\">Lue lis\u00e4\u00e4<\/a><\/p>\n","protected":false},"author":48,"featured_media":0,"parent":137592,"menu_order":0,"comment_status":"closed","ping_status":"closed","template":"","meta":{"_relevanssi_hide_post":"","_relevanssi_hide_content":"","_relevanssi_pin_for_all":"","_relevanssi_pin_keywords":"","_relevanssi_unpin_keywords":"","_relevanssi_related_keywords":"","_relevanssi_related_include_ids":"","_relevanssi_related_exclude_ids":"","_relevanssi_related_no_append":"","_relevanssi_related_not_related":"","_relevanssi_related_posts":"131541,130684,130865,131506,130819,130616","_relevanssi_noindex_reason":"","footnotes":""},"categories":[222],"tags":[224],"wf_page_folders":[],"class_list":{"0":"post-132598","1":"page","2":"type-page","3":"status-publish","5":"category-basekit","6":"tag-ajanvarauskalenteri"},"_links":{"self":[{"href":"https:\/\/www.zoner.fi\/tuki\/wp-json\/wp\/v2\/pages\/132598","targetHints":{"allow":["GET"]}}],"collection":[{"href":"https:\/\/www.zoner.fi\/tuki\/wp-json\/wp\/v2\/pages"}],"about":[{"href":"https:\/\/www.zoner.fi\/tuki\/wp-json\/wp\/v2\/types\/page"}],"author":[{"embeddable":true,"href":"https:\/\/www.zoner.fi\/tuki\/wp-json\/wp\/v2\/users\/48"}],"replies":[{"embeddable":true,"href":"https:\/\/www.zoner.fi\/tuki\/wp-json\/wp\/v2\/comments?post=132598"}],"version-history":[{"count":3,"href":"https:\/\/www.zoner.fi\/tuki\/wp-json\/wp\/v2\/pages\/132598\/revisions"}],"predecessor-version":[{"id":137642,"href":"https:\/\/www.zoner.fi\/tuki\/wp-json\/wp\/v2\/pages\/132598\/revisions\/137642"}],"up":[{"embeddable":true,"href":"https:\/\/www.zoner.fi\/tuki\/wp-json\/wp\/v2\/pages\/137592"}],"wp:attachment":[{"href":"https:\/\/www.zoner.fi\/tuki\/wp-json\/wp\/v2\/media?parent=132598"}],"wp:term":[{"taxonomy":"category","embeddable":true,"href":"https:\/\/www.zoner.fi\/tuki\/wp-json\/wp\/v2\/categories?post=132598"},{"taxonomy":"post_tag","embeddable":true,"href":"https:\/\/www.zoner.fi\/tuki\/wp-json\/wp\/v2\/tags?post=132598"},{"taxonomy":"wf_page_folders","embeddable":true,"href":"https:\/\/www.zoner.fi\/tuki\/wp-json\/wp\/v2\/wf_page_folders?post=132598"}],"curies":[{"name":"wp","href":"https:\/\/api.w.org\/{rel}","templated":true}]}}