{"id":132606,"date":"2024-10-07T10:20:21","date_gmt":"2024-10-07T07:20:21","guid":{"rendered":"https:\/\/www.zoner.fi\/tuki\/?page_id=132606"},"modified":"2025-09-25T17:54:01","modified_gmt":"2025-09-25T14:54:01","slug":"ajanvarauskalenteri-varausten-hallinta","status":"publish","type":"page","link":"https:\/\/www.zoner.fi\/tuki\/kotisivukone\/basekit\/ajanvarauskalenteri-varausten-hallinta\/","title":{"rendered":"Kotisivu Ajanvarauskalenteri: Varausten hallinta"},"content":{"rendered":"\n<p>Palvelun tietoja voi hallita eri tavoin palvelun tyypist\u00e4 riippuen. Mene ensin kalenteriin, jossa n\u00e4kyv\u00e4t tulevat ajanvaraukset.<\/p>\n\n\n\n<figure class=\"wp-block-image size-full\"><img loading=\"lazy\" decoding=\"async\" width=\"643\" height=\"146\" src=\"https:\/\/www.zoner.fi\/tuki\/wp-content\/uploads\/2024\/10\/Varausten-hallinta-1.png\" alt=\"\" class=\"wp-image-134023\" srcset=\"https:\/\/www.zoner.fi\/tuki\/wp-content\/uploads\/2024\/10\/Varausten-hallinta-1.png 643w, https:\/\/www.zoner.fi\/tuki\/wp-content\/uploads\/2024\/10\/Varausten-hallinta-1-300x68.png 300w\" sizes=\"auto, (max-width: 643px) 100vw, 643px\" \/><\/figure>\n\n\n\n<p>Palvelutyypit erottuvat v\u00e4rien perusteella. Ajanvaraukset n\u00e4kyv\u00e4t liilana ja tapahtumat ovat vihreit\u00e4.<\/p>\n\n\n\n<figure class=\"wp-block-image size-full\"><img loading=\"lazy\" decoding=\"async\" width=\"643\" height=\"222\" src=\"https:\/\/www.zoner.fi\/tuki\/wp-content\/uploads\/2024\/10\/Varausten-hallinta-2.png\" alt=\"\" class=\"wp-image-134024\" srcset=\"https:\/\/www.zoner.fi\/tuki\/wp-content\/uploads\/2024\/10\/Varausten-hallinta-2.png 643w, https:\/\/www.zoner.fi\/tuki\/wp-content\/uploads\/2024\/10\/Varausten-hallinta-2-300x104.png 300w\" sizes=\"auto, (max-width: 643px) 100vw, 643px\" \/><\/figure>\n\n\n\n<p>Kun klikkaat varausta, n\u00e4et sen tiedot oikealle puolelle aukeavassa sivuvalikossa.<\/p>\n\n\n\n<h2 class=\"wp-block-heading\"><strong>Varauksen tiedot<\/strong><\/h2>\n\n\n\n<p>Varauksen tiedoista l\u00f6yd\u00e4t kolme vaihtoehtoa.<\/p>\n\n\n\n<p><strong>Muokkaa varattua aikaa:&nbsp;<\/strong>voit vaihtaa asiakkaan nimen, puhelinnumeron sek\u00e4 s\u00e4hk\u00f6postiosoitteen<\/p>\n\n\n\n<p><strong>Siirr\u00e4 varattua aikaa:<\/strong>&nbsp;voit siirt\u00e4\u00e4 varauksen toiseen ajankohtaan. Asiakas saa ilmoituksen varauksen siirt\u00e4misest\u00e4.<\/p>\n\n\n\n<p><strong>Peru varattu aika:<\/strong>&nbsp;t\u00e4m\u00e4 valinta peruuttaa varatun ajan. Asiakas saa ilmoituksen varauksen perumisesta.<\/p>\n\n\n\n<figure class=\"wp-block-image size-full\"><img loading=\"lazy\" decoding=\"async\" width=\"577\" height=\"203\" src=\"https:\/\/www.zoner.fi\/tuki\/wp-content\/uploads\/2024\/10\/Varausten-hallinta-3.png\" alt=\"\" class=\"wp-image-134025\" srcset=\"https:\/\/www.zoner.fi\/tuki\/wp-content\/uploads\/2024\/10\/Varausten-hallinta-3.png 577w, https:\/\/www.zoner.fi\/tuki\/wp-content\/uploads\/2024\/10\/Varausten-hallinta-3-300x106.png 300w\" sizes=\"auto, (max-width: 577px) 100vw, 577px\" \/><\/figure>\n\n\n\n<h2 class=\"wp-block-heading\"><strong>Muokkaa varattua aikaa<\/strong><\/h2>\n\n\n\n<p>Muokataksesi asiakkaan tietoja klikkaa <strong>Muokkaa varattua aikaa<\/strong> -painiketta. Tee tarvittavat muutokset ja klikkaa <strong>Tallenna<\/strong>, kun olet valmis.<\/p>\n\n\n\n<figure class=\"wp-block-image size-full\"><img loading=\"lazy\" decoding=\"async\" width=\"621\" height=\"808\" src=\"https:\/\/www.zoner.fi\/tuki\/wp-content\/uploads\/2024\/10\/Varausten-hallinta-4.png\" alt=\"\" class=\"wp-image-134026\" srcset=\"https:\/\/www.zoner.fi\/tuki\/wp-content\/uploads\/2024\/10\/Varausten-hallinta-4.png 621w, https:\/\/www.zoner.fi\/tuki\/wp-content\/uploads\/2024\/10\/Varausten-hallinta-4-231x300.png 231w\" sizes=\"auto, (max-width: 621px) 100vw, 621px\" \/><\/figure>\n\n\n\n<h2 class=\"wp-block-heading\"><strong>Siirr\u00e4 ajanvarausta<\/strong><\/h2>\n\n\n\n<p>Siirt\u00e4\u00e4ksesi ajanvarausta klikkaa <strong>Siirr\u00e4 ajanvarausta<\/strong> -painiketta, niin n\u00e4et kalenterin mahdollisista vapaista ajoista.<\/p>\n\n\n\n<p>Valitse uusi aika ja vahvista muutos. Asiakas saa muutoksesta ilmoituksen s\u00e4hk\u00f6postitse.<br><br><\/p>\n\n\n\n<figure class=\"wp-block-image size-full\"><img loading=\"lazy\" decoding=\"async\" width=\"430\" height=\"723\" src=\"https:\/\/www.zoner.fi\/tuki\/wp-content\/uploads\/2024\/10\/Varausten-hallinta-5.png\" alt=\"\" class=\"wp-image-134027\" srcset=\"https:\/\/www.zoner.fi\/tuki\/wp-content\/uploads\/2024\/10\/Varausten-hallinta-5.png 430w, https:\/\/www.zoner.fi\/tuki\/wp-content\/uploads\/2024\/10\/Varausten-hallinta-5-178x300.png 178w\" sizes=\"auto, (max-width: 430px) 100vw, 430px\" \/><\/figure>\n\n\n\n<h2 class=\"wp-block-heading\"><strong>Peru varattu aika<\/strong><\/h2>\n\n\n\n<p>Peruaksesi varatun ajan klikkaa <strong>Peru varattu aika<\/strong> ja vahvista peruminen klikkaamalla <strong>peruuta ajanvaraus<\/strong>.<\/p>\n\n\n\n<figure class=\"wp-block-image size-full\"><img loading=\"lazy\" decoding=\"async\" width=\"589\" height=\"229\" src=\"https:\/\/www.zoner.fi\/tuki\/wp-content\/uploads\/2024\/10\/Varausten-hallinta-6.png\" alt=\"\" class=\"wp-image-134028\" srcset=\"https:\/\/www.zoner.fi\/tuki\/wp-content\/uploads\/2024\/10\/Varausten-hallinta-6.png 589w, https:\/\/www.zoner.fi\/tuki\/wp-content\/uploads\/2024\/10\/Varausten-hallinta-6-300x117.png 300w\" sizes=\"auto, (max-width: 589px) 100vw, 589px\" \/><\/figure>\n","protected":false},"excerpt":{"rendered":"<p>Palvelun tietoja voi hallita eri tavoin palvelun tyypist\u00e4 riippuen. Mene ensin kalenteriin, jossa n\u00e4kyv\u00e4t tulevat ajanvaraukset. Palvelutyypit erottuvat v\u00e4rien perusteella. Ajanvaraukset n\u00e4kyv\u00e4t liilana ja tapahtumat ovat vihreit\u00e4. Kun klikkaat varausta, n\u00e4et sen tiedot oikealle puolelle aukeavassa sivuvalikossa. Varauksen tiedot Varauksen tiedoista l\u00f6yd\u00e4t kolme vaihtoehtoa. Muokkaa varattua aikaa:&nbsp;voit vaihtaa asiakkaan nimen, puhelinnumeron sek\u00e4 s\u00e4hk\u00f6postiosoitteen Siirr\u00e4 varattua &#8230; <a title=\"Kotisivu Ajanvarauskalenteri: Varausten hallinta\" class=\"read-more\" href=\"https:\/\/www.zoner.fi\/tuki\/kotisivukone\/basekit\/ajanvarauskalenteri-varausten-hallinta\/\" aria-label=\"Lue lis\u00e4\u00e4 aiheesta Kotisivu Ajanvarauskalenteri: Varausten hallinta\">Lue lis\u00e4\u00e4<\/a><\/p>\n","protected":false},"author":48,"featured_media":0,"parent":137592,"menu_order":0,"comment_status":"closed","ping_status":"closed","template":"","meta":{"_relevanssi_hide_post":"","_relevanssi_hide_content":"","_relevanssi_pin_for_all":"","_relevanssi_pin_keywords":"","_relevanssi_unpin_keywords":"","_relevanssi_related_keywords":"","_relevanssi_related_include_ids":"","_relevanssi_related_exclude_ids":"","_relevanssi_related_no_append":"","_relevanssi_related_not_related":"","_relevanssi_related_posts":"132261,130865,130498,132336,130667,130641","_relevanssi_noindex_reason":"","footnotes":""},"categories":[222],"tags":[224],"wf_page_folders":[],"class_list":{"0":"post-132606","1":"page","2":"type-page","3":"status-publish","5":"category-basekit","6":"tag-ajanvarauskalenteri"},"_links":{"self":[{"href":"https:\/\/www.zoner.fi\/tuki\/wp-json\/wp\/v2\/pages\/132606","targetHints":{"allow":["GET"]}}],"collection":[{"href":"https:\/\/www.zoner.fi\/tuki\/wp-json\/wp\/v2\/pages"}],"about":[{"href":"https:\/\/www.zoner.fi\/tuki\/wp-json\/wp\/v2\/types\/page"}],"author":[{"embeddable":true,"href":"https:\/\/www.zoner.fi\/tuki\/wp-json\/wp\/v2\/users\/48"}],"replies":[{"embeddable":true,"href":"https:\/\/www.zoner.fi\/tuki\/wp-json\/wp\/v2\/comments?post=132606"}],"version-history":[{"count":4,"href":"https:\/\/www.zoner.fi\/tuki\/wp-json\/wp\/v2\/pages\/132606\/revisions"}],"predecessor-version":[{"id":137635,"href":"https:\/\/www.zoner.fi\/tuki\/wp-json\/wp\/v2\/pages\/132606\/revisions\/137635"}],"up":[{"embeddable":true,"href":"https:\/\/www.zoner.fi\/tuki\/wp-json\/wp\/v2\/pages\/137592"}],"wp:attachment":[{"href":"https:\/\/www.zoner.fi\/tuki\/wp-json\/wp\/v2\/media?parent=132606"}],"wp:term":[{"taxonomy":"category","embeddable":true,"href":"https:\/\/www.zoner.fi\/tuki\/wp-json\/wp\/v2\/categories?post=132606"},{"taxonomy":"post_tag","embeddable":true,"href":"https:\/\/www.zoner.fi\/tuki\/wp-json\/wp\/v2\/tags?post=132606"},{"taxonomy":"wf_page_folders","embeddable":true,"href":"https:\/\/www.zoner.fi\/tuki\/wp-json\/wp\/v2\/wf_page_folders?post=132606"}],"curies":[{"name":"wp","href":"https:\/\/api.w.org\/{rel}","templated":true}]}}