{"id":132618,"date":"2025-08-01T14:46:35","date_gmt":"2025-08-01T11:46:35","guid":{"rendered":"https:\/\/www.zoner.fi\/tuki\/?page_id=132618"},"modified":"2025-09-25T18:00:00","modified_gmt":"2025-09-25T15:00:00","slug":"verkkotunnuksen-liittaminen","status":"publish","type":"page","link":"https:\/\/www.zoner.fi\/tuki\/kotisivukone\/basekit\/verkkotunnuksen-liittaminen\/","title":{"rendered":"Kotisivu: Verkkotunnuksen liitt\u00e4minen"},"content":{"rendered":"\n<h3 class=\"wp-block-heading\">Verkkotunnuksen yhdist\u00e4minen:<\/h3>\n\n\n\n<p>1. Paina vasemmasta yl\u00e4kulmasta <strong>&#8221;\u2261&#8221;<\/strong><br>2. Paina avautuvan valikon ala-laidasta&nbsp;\u201d<strong>Sivuston asetukset\u201d<\/strong><\/p>\n\n\n\n<figure class=\"wp-block-image size-full\"><img loading=\"lazy\" decoding=\"async\" width=\"1024\" height=\"522\" src=\"https:\/\/www.zoner.fi\/tuki\/wp-content\/uploads\/2024\/10\/painike2-1-1024x522-1.png\" alt=\"\" class=\"wp-image-133583\" srcset=\"https:\/\/www.zoner.fi\/tuki\/wp-content\/uploads\/2024\/10\/painike2-1-1024x522-1.png 1024w, https:\/\/www.zoner.fi\/tuki\/wp-content\/uploads\/2024\/10\/painike2-1-1024x522-1-300x153.png 300w, https:\/\/www.zoner.fi\/tuki\/wp-content\/uploads\/2024\/10\/painike2-1-1024x522-1-768x392.png 768w\" sizes=\"auto, (max-width: 1024px) 100vw, 1024px\" \/><\/figure>\n\n\n\n<p>3. Paina&nbsp;\u201d<strong>Verkkotunnus &#8211; Hallinnoi verkkosivuusi yhdistettyj\u00e4 verkkotunnuksia&#8221;<\/strong><\/p>\n\n\n\n<figure class=\"wp-block-image size-full is-resized\"><img loading=\"lazy\" decoding=\"async\" width=\"1024\" height=\"506\" src=\"https:\/\/www.zoner.fi\/tuki\/wp-content\/uploads\/2024\/10\/Dommu_1-1024x506-1.png\" alt=\"\" class=\"wp-image-133584\" style=\"width:1024px;height:506px\" srcset=\"https:\/\/www.zoner.fi\/tuki\/wp-content\/uploads\/2024\/10\/Dommu_1-1024x506-1.png 1024w, https:\/\/www.zoner.fi\/tuki\/wp-content\/uploads\/2024\/10\/Dommu_1-1024x506-1-300x148.png 300w, https:\/\/www.zoner.fi\/tuki\/wp-content\/uploads\/2024\/10\/Dommu_1-1024x506-1-768x380.png 768w\" sizes=\"auto, (max-width: 1024px) 100vw, 1024px\" \/><\/figure>\n\n\n\n<p>4. Paina&nbsp;\u201d<strong>Yhdist\u00e4 verkkotunnus\u201d<\/strong>&nbsp;tai <strong>+<\/strong>&nbsp; painiketta.<\/p>\n\n\n\n<figure class=\"wp-block-image size-full is-resized\"><img loading=\"lazy\" decoding=\"async\" width=\"1024\" height=\"506\" src=\"https:\/\/www.zoner.fi\/tuki\/wp-content\/uploads\/2024\/10\/Dommu_2-1-1024x506-1.png\" alt=\"\" class=\"wp-image-133586\" style=\"width:1024px;height:506px\" srcset=\"https:\/\/www.zoner.fi\/tuki\/wp-content\/uploads\/2024\/10\/Dommu_2-1-1024x506-1.png 1024w, https:\/\/www.zoner.fi\/tuki\/wp-content\/uploads\/2024\/10\/Dommu_2-1-1024x506-1-300x148.png 300w, https:\/\/www.zoner.fi\/tuki\/wp-content\/uploads\/2024\/10\/Dommu_2-1-1024x506-1-768x380.png 768w\" sizes=\"auto, (max-width: 1024px) 100vw, 1024px\" \/><figcaption class=\"wp-element-caption\">Verkkotunnuksen yhdist\u00e4minen<\/figcaption><\/figure>\n\n\n<p><!--StartFragment--><\/p>\n\n\n<p>5. Ohjaa tai pyyd\u00e4 verkkotunnuksesi yll\u00e4pit\u00e4j\u00e4\u00e4 ohjaamaan verkkotunnuksen juuri, sek\u00e4 www-aliverkkotunnus osoitteeseen: <strong>5.44.244.210<\/strong>.<\/p>\n\n\n\n<p><em>Alidomainit (esim. www.) voi ohjata joko juureen (A) <strong>5.44.244.210<\/strong> tai aliaksena (CNAME) <strong>lb.bk.zoner.fi<\/strong>.<\/em><\/p>\n\n\n\n<p>1. Lis\u00e4\u00e4 yhdistett\u00e4v\u00e4 verkkotunnus kentt\u00e4\u00e4n <strong>&#8221;Verkkotunnus yhdistett\u00e4v\u00e4ksi&#8221;<\/strong><br><br>2. Paina\u00a0\u201d<strong>Testaa yhdist\u00e4mist\u00e4\u201d \/ \u201dTest mapping\u201d<\/strong>\u00a0-painiketta tarkastaaksesi, ett\u00e4 ohjaukset ovat kunnossa. DNS-muutoksien p\u00e4ivittyminen voi vied\u00e4 jopa 24 tuntia.<br><br>3. Testin onnistuessa paina\u00a0seuraavaksi \u201d<strong>Yhdist\u00e4 verkkotunnus\u201d<\/strong>, jonka j\u00e4lkeen verkkotunnus on liitetty sivustoon.<\/p>\n\n\n\n<figure class=\"wp-block-image size-full is-resized\"><img loading=\"lazy\" decoding=\"async\" width=\"1024\" height=\"507\" src=\"https:\/\/www.zoner.fi\/tuki\/wp-content\/uploads\/2024\/10\/Dommu_3-1024x507-1.png\" alt=\"\" class=\"wp-image-133588\" style=\"width:1024px;height:507px\" srcset=\"https:\/\/www.zoner.fi\/tuki\/wp-content\/uploads\/2024\/10\/Dommu_3-1024x507-1.png 1024w, https:\/\/www.zoner.fi\/tuki\/wp-content\/uploads\/2024\/10\/Dommu_3-1024x507-1-300x149.png 300w, https:\/\/www.zoner.fi\/tuki\/wp-content\/uploads\/2024\/10\/Dommu_3-1024x507-1-768x380.png 768w\" sizes=\"auto, (max-width: 1024px) 100vw, 1024px\" \/><\/figure>\n\n\n\n<p><\/p>\n","protected":false},"excerpt":{"rendered":"<p>Verkkotunnuksen yhdist\u00e4minen: 1. Paina vasemmasta yl\u00e4kulmasta &#8221;\u2261&#8221;2. Paina avautuvan valikon ala-laidasta&nbsp;\u201dSivuston asetukset\u201d 3. Paina&nbsp;\u201dVerkkotunnus &#8211; Hallinnoi verkkosivuusi yhdistettyj\u00e4 verkkotunnuksia&#8221; 4. Paina&nbsp;\u201dYhdist\u00e4 verkkotunnus\u201d&nbsp;tai +&nbsp; painiketta. 5. Ohjaa tai pyyd\u00e4 verkkotunnuksesi yll\u00e4pit\u00e4j\u00e4\u00e4 ohjaamaan verkkotunnuksen juuri, sek\u00e4 www-aliverkkotunnus osoitteeseen: 5.44.244.210. Alidomainit (esim. www.) voi ohjata joko juureen (A) 5.44.244.210 tai aliaksena (CNAME) lb.bk.zoner.fi. 1. Lis\u00e4\u00e4 yhdistett\u00e4v\u00e4 verkkotunnus kentt\u00e4\u00e4n &#8230; <a title=\"Kotisivu: Verkkotunnuksen liitt\u00e4minen\" class=\"read-more\" href=\"https:\/\/www.zoner.fi\/tuki\/kotisivukone\/basekit\/verkkotunnuksen-liittaminen\/\" aria-label=\"Lue lis\u00e4\u00e4 aiheesta Kotisivu: Verkkotunnuksen liitt\u00e4minen\">Lue lis\u00e4\u00e4<\/a><\/p>\n","protected":false},"author":48,"featured_media":0,"parent":137592,"menu_order":0,"comment_status":"closed","ping_status":"closed","template":"","meta":{"_relevanssi_hide_post":"","_relevanssi_hide_content":"","_relevanssi_pin_for_all":"","_relevanssi_pin_keywords":"","_relevanssi_unpin_keywords":"","_relevanssi_related_keywords":"","_relevanssi_related_include_ids":"","_relevanssi_related_exclude_ids":"","_relevanssi_related_no_append":"","_relevanssi_related_not_related":"","_relevanssi_related_posts":"130667,132072,130935,130455,131550,132140","_relevanssi_noindex_reason":"","footnotes":""},"categories":[222],"tags":[158],"wf_page_folders":[],"class_list":{"0":"post-132618","1":"page","2":"type-page","3":"status-publish","5":"category-basekit","6":"tag-yleiset"},"_links":{"self":[{"href":"https:\/\/www.zoner.fi\/tuki\/wp-json\/wp\/v2\/pages\/132618","targetHints":{"allow":["GET"]}}],"collection":[{"href":"https:\/\/www.zoner.fi\/tuki\/wp-json\/wp\/v2\/pages"}],"about":[{"href":"https:\/\/www.zoner.fi\/tuki\/wp-json\/wp\/v2\/types\/page"}],"author":[{"embeddable":true,"href":"https:\/\/www.zoner.fi\/tuki\/wp-json\/wp\/v2\/users\/48"}],"replies":[{"embeddable":true,"href":"https:\/\/www.zoner.fi\/tuki\/wp-json\/wp\/v2\/comments?post=132618"}],"version-history":[{"count":5,"href":"https:\/\/www.zoner.fi\/tuki\/wp-json\/wp\/v2\/pages\/132618\/revisions"}],"predecessor-version":[{"id":136735,"href":"https:\/\/www.zoner.fi\/tuki\/wp-json\/wp\/v2\/pages\/132618\/revisions\/136735"}],"up":[{"embeddable":true,"href":"https:\/\/www.zoner.fi\/tuki\/wp-json\/wp\/v2\/pages\/137592"}],"wp:attachment":[{"href":"https:\/\/www.zoner.fi\/tuki\/wp-json\/wp\/v2\/media?parent=132618"}],"wp:term":[{"taxonomy":"category","embeddable":true,"href":"https:\/\/www.zoner.fi\/tuki\/wp-json\/wp\/v2\/categories?post=132618"},{"taxonomy":"post_tag","embeddable":true,"href":"https:\/\/www.zoner.fi\/tuki\/wp-json\/wp\/v2\/tags?post=132618"},{"taxonomy":"wf_page_folders","embeddable":true,"href":"https:\/\/www.zoner.fi\/tuki\/wp-json\/wp\/v2\/wf_page_folders?post=132618"}],"curies":[{"name":"wp","href":"https:\/\/api.w.org\/{rel}","templated":true}]}}