{"id":132642,"date":"2024-10-04T15:32:34","date_gmt":"2024-10-04T12:32:34","guid":{"rendered":"https:\/\/www.zoner.fi\/tuki\/?page_id=132642"},"modified":"2026-04-02T12:20:19","modified_gmt":"2026-04-02T09:20:19","slug":"maksutavat","status":"publish","type":"page","link":"https:\/\/www.zoner.fi\/tuki\/kotisivukone\/basekit\/maksutavat\/","title":{"rendered":"Kotisivu: Maksutavat"},"content":{"rendered":"\n<p>Kotisivupalvelun kaupassa tuotteen voi maksaa eri tavoilla. Tuetut maksupalvelun tarjoajat ja maksutavat ovat:<\/p>\n\n\n\n<p><a href=\"#Klarna\">Klarna<\/a><\/p>\n\n\n\n<p><a href=\"#PayPal\">PayPal<\/a><\/p>\n\n\n\n<p><a href=\"#Paytrail\">Paytrail<\/a><\/p>\n\n\n\n<p><a href=\"#Stripe\">Stripe<\/a><\/p>\n\n\n\n<p><a href=\"#Tilisiirto\">Tilisiirto<\/a><\/p>\n\n\n\n<p><a href=\"#yhteydess\u00e4\">Maksu noudon yhteydess\u00e4<\/a><\/p>\n\n\n\n<p>Maksutavan voi asettaa palvelun asetuksista.<\/p>\n\n\n\n<p>Aloitetaan kirjautumalla sis\u00e4\u00e4n palveluun osoitteessa<a href=\"https:\/\/kotisivut.nebula.fi\/\" target=\"_blank\" rel=\"noreferrer noopener\"> https:\/\/basekit.zoner.fi\/<\/a><\/p>\n\n\n\n<p>1. Klikkaa kotisivuty\u00f6kalun vasemmasta-yl\u00e4kulmasta <strong>\u2018\u2261\u2019<\/strong> valikkoa.<\/p>\n\n\n\n<p>2. Valitse valikosta kohta \u2018Verkkokauppa\u2019.<\/p>\n\n\n\n<figure class=\"wp-block-image size-full is-style-default\"><img loading=\"lazy\" decoding=\"async\" width=\"1024\" height=\"522\" src=\"https:\/\/www.zoner.fi\/tuki\/wp-content\/uploads\/2024\/10\/Maksutavat-1.png\" alt=\"\" class=\"wp-image-133963\" srcset=\"https:\/\/www.zoner.fi\/tuki\/wp-content\/uploads\/2024\/10\/Maksutavat-1.png 1024w, https:\/\/www.zoner.fi\/tuki\/wp-content\/uploads\/2024\/10\/Maksutavat-1-300x153.png 300w, https:\/\/www.zoner.fi\/tuki\/wp-content\/uploads\/2024\/10\/Maksutavat-1-768x392.png 768w\" sizes=\"auto, (max-width: 1024px) 100vw, 1024px\" \/><\/figure>\n\n\n\n<p>3. Valitse sivun vasemmasta laidasta olevasta valikosta Kaupan asetukset, mink\u00e4 j\u00e4lkeen avautuu alempi osio mist\u00e4 l\u00f6ytyy &#8217;Maksu&#8217; -osio.<\/p>\n\n\n\n<figure class=\"wp-block-image size-full is-style-default\"><img loading=\"lazy\" decoding=\"async\" width=\"346\" height=\"724\" src=\"https:\/\/www.zoner.fi\/tuki\/wp-content\/uploads\/2024\/10\/Maksutavat-2.png\" alt=\"\" class=\"wp-image-133964\" srcset=\"https:\/\/www.zoner.fi\/tuki\/wp-content\/uploads\/2024\/10\/Maksutavat-2.png 346w, https:\/\/www.zoner.fi\/tuki\/wp-content\/uploads\/2024\/10\/Maksutavat-2-143x300.png 143w\" sizes=\"auto, (max-width: 346px) 100vw, 346px\" \/><\/figure>\n\n\n\n<p> 4. Sivulle avautuu n\u00e4kym\u00e4 maksuv\u00e4litt\u00e4j\u00e4st\u00e4 tai tavasta. P\u00e4\u00e4set valitsemaan haluamasi maksutavan painamalla &#8217;Lis\u00e4\u00e4 maksupalvelun tarjoaja&#8217; -painiketta.<\/p>\n\n\n\n<figure class=\"wp-block-image size-full is-style-default\"><img loading=\"lazy\" decoding=\"async\" width=\"915\" height=\"415\" src=\"https:\/\/www.zoner.fi\/tuki\/wp-content\/uploads\/2024\/10\/Maksutavat-3.png\" alt=\"\" class=\"wp-image-133965\" srcset=\"https:\/\/www.zoner.fi\/tuki\/wp-content\/uploads\/2024\/10\/Maksutavat-3.png 915w, https:\/\/www.zoner.fi\/tuki\/wp-content\/uploads\/2024\/10\/Maksutavat-3-300x136.png 300w, https:\/\/www.zoner.fi\/tuki\/wp-content\/uploads\/2024\/10\/Maksutavat-3-768x348.png 768w\" sizes=\"auto, (max-width: 915px) 100vw, 915px\" \/><\/figure>\n\n\n\n<p>5. Nyt voit valita maksupalvelun tarjoajan tai tavan. Tarkemmin eri maksupalvelun tarjoajista l\u00f6ytyy &#8217;Lue lis\u00e4\u00e4&#8217; -painikkeesta. <\/p>\n\n\n\n<p><strong>Maksutavan yhdist\u00e4misess\u00e4 toimi maksupalvelun tarjoajan ohjeiden mukaisesti.<\/strong> P\u00e4\u00e4set suoraan heid\u00e4n palveluihin painamalla &#8217;Yhdist\u00e4&#8217; -painiketta. <\/p>\n\n\n\n<figure class=\"wp-block-image size-full\"><img loading=\"lazy\" decoding=\"async\" width=\"816\" height=\"483\" src=\"https:\/\/www.zoner.fi\/tuki\/wp-content\/uploads\/2024\/10\/Maksutavat-4.png\" alt=\"\" class=\"wp-image-133966\" srcset=\"https:\/\/www.zoner.fi\/tuki\/wp-content\/uploads\/2024\/10\/Maksutavat-4.png 816w, https:\/\/www.zoner.fi\/tuki\/wp-content\/uploads\/2024\/10\/Maksutavat-4-300x178.png 300w, https:\/\/www.zoner.fi\/tuki\/wp-content\/uploads\/2024\/10\/Maksutavat-4-768x455.png 768w\" sizes=\"auto, (max-width: 816px) 100vw, 816px\" \/><\/figure>\n\n\n\n<p id=\"Klarna\"><strong>Klarna<\/strong><\/p>\n\n\n\n<p>Klarnan yhdist\u00e4mist\u00e4 varten sinulla tulee olla Klarna Checkout -sopimus Klarna Suomen kanssa. Sopimuksen saat luotua suoraan Klarnan kanssa osoitteessa:&nbsp;<a href=\"https:\/\/www.klarna.com\/fi\/yritys\/\" target=\"_blank\" rel=\"noreferrer noopener\">https:\/\/www.klarna.com\/fi\/yritys\/<\/a><br><br>Klarna-tunnuksen luomisen yhteydess\u00e4 kysyt\u00e4\u00e4n alustaa, jossa kauppaa k\u00e4ytet\u00e4\u00e4n. Valitse t\u00e4ss\u00e4 kohdassa \u201dAPI integration\u201d.<br><br>Saatuasi API-tunnukset, sy\u00f6t\u00e4 ne Kotisivuty\u00f6kalussa kohtiin: Klarna Checkoutin k\u00e4ytt\u00e4j\u00e4nimi (UID) sek\u00e4 Klarna Checkoutin salasana.<br>T\u00e4m\u00e4n j\u00e4lkeen paina Tallenna, mink\u00e4 j\u00e4lkeen Klarna-maksutapa on yhdistetty.<\/p>\n\n\n\n<p id=\"PayPal\"><strong>PayPal<\/strong><\/p>\n\n\n\n<p>PayPalin yhdist\u00e4mist\u00e4 varten sinulla tulee olla PayPal-tili, johon voit kirjautua Yhdist\u00e4-painikkeesta, tai vaihtoehtoisesti voit my\u00f6s luoda uuden tilin Yhdist\u00e4-painikkeesta aukeavalla ikkunnalla. Lis\u00e4tietoja PayPalin maksupalvelusta l\u00f6ytyy heid\u00e4n sivuilta: <a href=\"https:\/\/www.paypal.com\/fi\/webapps\/mpp\/merchant-fees\" target=\"_blank\" rel=\"noreferrer noopener\">https:\/\/www.paypal.com\/fi\/business\/platforms-and-marketplaces<\/a><\/p>\n\n\n\n<p id=\"Paytrail\"><strong>Paytrail<\/strong><\/p>\n\n\n\n<p>Paytrailin yhdist\u00e4mist\u00e4 varten sinulla tulee olla verkkomaksupalvelusopimus Paytrailin kanssa. Sopimuksen saat luotua suoraan Paytrailin sivuilla: <a href=\"https:\/\/www.paytrail.com\/\" target=\"_blank\" rel=\"noopener\">https:\/\/www.paytrail.com\/<\/a><\/p>\n\n\n\n<p>Paytrail-kauppiastunnus ja salasana sy\u00f6tet\u00e4\u00e4n Kotisivuty\u00f6kalussa Yhdist\u00e4-painikkeen painamisen j\u00e4lkeen n\u00e4kyviin tuleviin Kauppiastunnus (ID)- sek\u00e4 Myyj\u00e4salasana-kenttiin.<\/p>\n\n\n\n<p>Kun tunnukset on asetettu paikalleen, paina Tallenna. T\u00e4m\u00e4n j\u00e4lkeen Paytrail on yhdistetty.<\/p>\n\n\n\n<p id=\"Stripe\"><strong>Stripe<\/strong><\/p>\n\n\n\n<p>Stripen yhdist\u00e4mist\u00e4 varten sinulla tulee olla maksupalvelusopimus Stripen kanssa. P\u00e4\u00e4set luomaan sopimusta Yhdist\u00e4-painikkeella, tai vaihtoehtoisesti mik\u00e4li sinulla on jo tunnus, voit valita Yhdist\u00e4-painikkeen j\u00e4lkeen \u201dSign in\u201d.<\/p>\n\n\n\n<p>Stripen kotisivut l\u00f6ytyv\u00e4t osoitteesta: <a href=\"https:\/\/stripe.com\/en-fi\" target=\"_blank\" rel=\"noreferrer noopener\">https:\/\/stripe.com\/en-fi<\/a><\/p>\n\n\n\n<p id=\"Tilisiirto\"><strong>Tilisiirto<\/strong><\/p>\n\n\n\n<p>Tilisiirtoa yhdist\u00e4ess\u00e4 sy\u00f6t\u00e4 asiakkaan ohjeisiin tilinumero sek\u00e4 muut tarvittavat ohjeistukset maksua varten.<\/p>\n\n\n\n<p id=\"yhteydess\u00e4\"><strong>Maksu noudon yhteydess\u00e4<\/strong><\/p>\n\n\n\n<p>Sy\u00f6t\u00e4 asiakasohjeisiin tieto, kuinka maksu tulee suorittaa tuotteen noudon yhteydess\u00e4.<\/p>\n","protected":false},"excerpt":{"rendered":"<p>Kotisivupalvelun kaupassa tuotteen voi maksaa eri tavoilla. Tuetut maksupalvelun tarjoajat ja maksutavat ovat: Klarna PayPal Paytrail Stripe Tilisiirto Maksu noudon yhteydess\u00e4 Maksutavan voi asettaa palvelun asetuksista. Aloitetaan kirjautumalla sis\u00e4\u00e4n palveluun osoitteessa https:\/\/basekit.zoner.fi\/ 1. Klikkaa kotisivuty\u00f6kalun vasemmasta-yl\u00e4kulmasta \u2018\u2261\u2019 valikkoa. 2. Valitse valikosta kohta \u2018Verkkokauppa\u2019. 3. Valitse sivun vasemmasta laidasta olevasta valikosta Kaupan asetukset, mink\u00e4 j\u00e4lkeen avautuu &#8230; <a title=\"Kotisivu: Maksutavat\" class=\"read-more\" href=\"https:\/\/www.zoner.fi\/tuki\/kotisivukone\/basekit\/maksutavat\/\" aria-label=\"Lue lis\u00e4\u00e4 aiheesta Kotisivu: Maksutavat\">Lue lis\u00e4\u00e4<\/a><\/p>\n","protected":false},"author":48,"featured_media":0,"parent":137592,"menu_order":0,"comment_status":"closed","ping_status":"closed","template":"","meta":{"_relevanssi_hide_post":"","_relevanssi_hide_content":"","_relevanssi_pin_for_all":"","_relevanssi_pin_keywords":"","_relevanssi_unpin_keywords":"","_relevanssi_related_keywords":"","_relevanssi_related_include_ids":"","_relevanssi_related_exclude_ids":"","_relevanssi_related_no_append":"","_relevanssi_related_not_related":"","_relevanssi_related_posts":"1066,130464,132336,130412,130667,132301","_relevanssi_noindex_reason":"","footnotes":""},"categories":[222],"tags":[163],"wf_page_folders":[],"class_list":{"0":"post-132642","1":"page","2":"type-page","3":"status-publish","5":"category-basekit","6":"tag-verkkokauppa"},"_links":{"self":[{"href":"https:\/\/www.zoner.fi\/tuki\/wp-json\/wp\/v2\/pages\/132642","targetHints":{"allow":["GET"]}}],"collection":[{"href":"https:\/\/www.zoner.fi\/tuki\/wp-json\/wp\/v2\/pages"}],"about":[{"href":"https:\/\/www.zoner.fi\/tuki\/wp-json\/wp\/v2\/types\/page"}],"author":[{"embeddable":true,"href":"https:\/\/www.zoner.fi\/tuki\/wp-json\/wp\/v2\/users\/48"}],"replies":[{"embeddable":true,"href":"https:\/\/www.zoner.fi\/tuki\/wp-json\/wp\/v2\/comments?post=132642"}],"version-history":[{"count":4,"href":"https:\/\/www.zoner.fi\/tuki\/wp-json\/wp\/v2\/pages\/132642\/revisions"}],"predecessor-version":[{"id":138799,"href":"https:\/\/www.zoner.fi\/tuki\/wp-json\/wp\/v2\/pages\/132642\/revisions\/138799"}],"up":[{"embeddable":true,"href":"https:\/\/www.zoner.fi\/tuki\/wp-json\/wp\/v2\/pages\/137592"}],"wp:attachment":[{"href":"https:\/\/www.zoner.fi\/tuki\/wp-json\/wp\/v2\/media?parent=132642"}],"wp:term":[{"taxonomy":"category","embeddable":true,"href":"https:\/\/www.zoner.fi\/tuki\/wp-json\/wp\/v2\/categories?post=132642"},{"taxonomy":"post_tag","embeddable":true,"href":"https:\/\/www.zoner.fi\/tuki\/wp-json\/wp\/v2\/tags?post=132642"},{"taxonomy":"wf_page_folders","embeddable":true,"href":"https:\/\/www.zoner.fi\/tuki\/wp-json\/wp\/v2\/wf_page_folders?post=132642"}],"curies":[{"name":"wp","href":"https:\/\/api.w.org\/{rel}","templated":true}]}}