{"id":132646,"date":"2024-10-07T11:12:07","date_gmt":"2024-10-07T08:12:07","guid":{"rendered":"https:\/\/www.zoner.fi\/tuki\/?page_id=132646"},"modified":"2025-09-25T18:00:16","modified_gmt":"2025-09-25T15:00:16","slug":"version-paivitys","status":"publish","type":"page","link":"https:\/\/www.zoner.fi\/tuki\/kotisivukone\/basekit\/version-paivitys\/","title":{"rendered":"Kotisivu: Version p\u00e4ivitys"},"content":{"rendered":"\n<p>Jos sivuille on tarjolla p\u00e4ivitys, se n\u00e4kyy editorissa ilmoituksena vasemmalla yl\u00e4kulmassa. Jos haluat tutustua p\u00e4ivitykseen tarkemmin, valitse \u201dTUTUSTU TARKEMMIN\u201d.<\/p>\n\n\n\n<figure class=\"wp-block-image size-full\"><img loading=\"lazy\" decoding=\"async\" width=\"684\" height=\"257\" src=\"https:\/\/www.zoner.fi\/tuki\/wp-content\/uploads\/2024\/10\/image-40.png\" alt=\"\" class=\"wp-image-133579\" srcset=\"https:\/\/www.zoner.fi\/tuki\/wp-content\/uploads\/2024\/10\/image-40.png 684w, https:\/\/www.zoner.fi\/tuki\/wp-content\/uploads\/2024\/10\/image-40-300x113.png 300w\" sizes=\"auto, (max-width: 684px) 100vw, 684px\" \/><\/figure>\n\n\n\n<p>Valinnan j\u00e4lkeen avautuu ikkuna \u201dP\u00e4ivit\u00e4 sivu\u201d. Lue huolellisesti uuden p\u00e4ivityksen tiedot. Jos haluat p\u00e4ivitt\u00e4\u00e4 sivun, valitse \u201dP\u00c4IVIT\u00c4 NYT\u201d. Jos haluat pysy\u00e4 vanhassa versiossa, valitse \u201dEi kiitos\u201d. <\/p>\n\n\n\n<p><strong>Huomaa, ett\u00e4 sivuston p\u00e4ivityst\u00e4 ei voi perua<\/strong>.<\/p>\n\n\n\n<figure class=\"wp-block-image size-full\"><img loading=\"lazy\" decoding=\"async\" width=\"880\" height=\"520\" src=\"https:\/\/www.zoner.fi\/tuki\/wp-content\/uploads\/2024\/10\/image-41.png\" alt=\"\" class=\"wp-image-133580\" srcset=\"https:\/\/www.zoner.fi\/tuki\/wp-content\/uploads\/2024\/10\/image-41.png 880w, https:\/\/www.zoner.fi\/tuki\/wp-content\/uploads\/2024\/10\/image-41-300x177.png 300w, https:\/\/www.zoner.fi\/tuki\/wp-content\/uploads\/2024\/10\/image-41-768x454.png 768w\" sizes=\"auto, (max-width: 880px) 100vw, 880px\" \/><\/figure>\n\n\n\n<p>Jos sivuston p\u00e4ivitys onnistuu, siit\u00e4 ilmoitetaan alla olevan ikkunan mukaisesti. Voit lopuksi palata muokkaamaan ja tarkistelemaan sivuja valitsemalla \u201dPALAA MUOKKAAMAAN\u201d.<\/p>\n\n\n\n<figure class=\"wp-block-image size-full\"><img loading=\"lazy\" decoding=\"async\" width=\"885\" height=\"587\" src=\"https:\/\/www.zoner.fi\/tuki\/wp-content\/uploads\/2024\/10\/image-42.png\" alt=\"\" class=\"wp-image-133581\" srcset=\"https:\/\/www.zoner.fi\/tuki\/wp-content\/uploads\/2024\/10\/image-42.png 885w, https:\/\/www.zoner.fi\/tuki\/wp-content\/uploads\/2024\/10\/image-42-300x199.png 300w, https:\/\/www.zoner.fi\/tuki\/wp-content\/uploads\/2024\/10\/image-42-768x509.png 768w\" sizes=\"auto, (max-width: 885px) 100vw, 885px\" \/><\/figure>\n","protected":false},"excerpt":{"rendered":"<p>Jos sivuille on tarjolla p\u00e4ivitys, se n\u00e4kyy editorissa ilmoituksena vasemmalla yl\u00e4kulmassa. Jos haluat tutustua p\u00e4ivitykseen tarkemmin, valitse \u201dTUTUSTU TARKEMMIN\u201d. Valinnan j\u00e4lkeen avautuu ikkuna \u201dP\u00e4ivit\u00e4 sivu\u201d. Lue huolellisesti uuden p\u00e4ivityksen tiedot. Jos haluat p\u00e4ivitt\u00e4\u00e4 sivun, valitse \u201dP\u00c4IVIT\u00c4 NYT\u201d. Jos haluat pysy\u00e4 vanhassa versiossa, valitse \u201dEi kiitos\u201d. Huomaa, ett\u00e4 sivuston p\u00e4ivityst\u00e4 ei voi perua. Jos sivuston p\u00e4ivitys &#8230; <a title=\"Kotisivu: Version p\u00e4ivitys\" class=\"read-more\" href=\"https:\/\/www.zoner.fi\/tuki\/kotisivukone\/basekit\/version-paivitys\/\" aria-label=\"Lue lis\u00e4\u00e4 aiheesta Kotisivu: Version p\u00e4ivitys\">Lue lis\u00e4\u00e4<\/a><\/p>\n","protected":false},"author":48,"featured_media":0,"parent":137592,"menu_order":0,"comment_status":"closed","ping_status":"closed","template":"","meta":{"_relevanssi_hide_post":"","_relevanssi_hide_content":"","_relevanssi_pin_for_all":"","_relevanssi_pin_keywords":"","_relevanssi_unpin_keywords":"","_relevanssi_related_keywords":"","_relevanssi_related_include_ids":"","_relevanssi_related_exclude_ids":"","_relevanssi_related_no_append":"","_relevanssi_related_not_related":"","_relevanssi_related_posts":"130667,132080,132336,131888,131384,130515","_relevanssi_noindex_reason":"","footnotes":""},"categories":[222],"tags":[158],"wf_page_folders":[],"class_list":{"0":"post-132646","1":"page","2":"type-page","3":"status-publish","5":"category-basekit","6":"tag-yleiset"},"_links":{"self":[{"href":"https:\/\/www.zoner.fi\/tuki\/wp-json\/wp\/v2\/pages\/132646","targetHints":{"allow":["GET"]}}],"collection":[{"href":"https:\/\/www.zoner.fi\/tuki\/wp-json\/wp\/v2\/pages"}],"about":[{"href":"https:\/\/www.zoner.fi\/tuki\/wp-json\/wp\/v2\/types\/page"}],"author":[{"embeddable":true,"href":"https:\/\/www.zoner.fi\/tuki\/wp-json\/wp\/v2\/users\/48"}],"replies":[{"embeddable":true,"href":"https:\/\/www.zoner.fi\/tuki\/wp-json\/wp\/v2\/comments?post=132646"}],"version-history":[{"count":4,"href":"https:\/\/www.zoner.fi\/tuki\/wp-json\/wp\/v2\/pages\/132646\/revisions"}],"predecessor-version":[{"id":137617,"href":"https:\/\/www.zoner.fi\/tuki\/wp-json\/wp\/v2\/pages\/132646\/revisions\/137617"}],"up":[{"embeddable":true,"href":"https:\/\/www.zoner.fi\/tuki\/wp-json\/wp\/v2\/pages\/137592"}],"wp:attachment":[{"href":"https:\/\/www.zoner.fi\/tuki\/wp-json\/wp\/v2\/media?parent=132646"}],"wp:term":[{"taxonomy":"category","embeddable":true,"href":"https:\/\/www.zoner.fi\/tuki\/wp-json\/wp\/v2\/categories?post=132646"},{"taxonomy":"post_tag","embeddable":true,"href":"https:\/\/www.zoner.fi\/tuki\/wp-json\/wp\/v2\/tags?post=132646"},{"taxonomy":"wf_page_folders","embeddable":true,"href":"https:\/\/www.zoner.fi\/tuki\/wp-json\/wp\/v2\/wf_page_folders?post=132646"}],"curies":[{"name":"wp","href":"https:\/\/api.w.org\/{rel}","templated":true}]}}