{"id":132711,"date":"2024-10-08T08:56:21","date_gmt":"2024-10-08T05:56:21","guid":{"rendered":"https:\/\/www.zoner.fi\/tuki\/?page_id=132711"},"modified":"2025-11-12T15:51:23","modified_gmt":"2025-11-12T13:51:23","slug":"valkolistaa-whitelist-sahkopostiosoite","status":"publish","type":"page","link":"https:\/\/www.zoner.fi\/tuki\/webhotellit\/cpanel-webhotelli-fi\/valkolistaa-whitelist-sahkopostiosoite\/","title":{"rendered":"Valkolistaa (whitelist) s\u00e4hk\u00f6postiosoite"},"content":{"rendered":"\n<p>Jos esimerkiksi asiakkaasi tai kollegasi viestej\u00e4 on merkitty roskapostiksi, voit valkolistata heid\u00e4n s\u00e4hk\u00f6postiosoitteensa, jolloin ne ohittavat roskapostisuodattimen.<\/p>\n\n\n\n<ul class=\"wp-block-list\">\n<li>Kirjaudu cPaneliin Zoner Homen kautta. <strong>Ohje<\/strong>: <a href=\"https:\/\/www.zoner.fi\/tuki\/webhotellit\/cpanel-webhotelli-fi\/cpanel-palvelunhallintaan-siirtyminen\/\">cPanel-palvelunhallintaan siirtyminen<\/a>.<\/li>\n<\/ul>\n\n\n<div class=\"wp-block-image\">\n<figure class=\"aligncenter size-full\"><img loading=\"lazy\" decoding=\"async\" width=\"845\" height=\"364\" src=\"https:\/\/www.zoner.fi\/tuki\/wp-content\/uploads\/2024\/10\/Valkolistaa-whitelist-sahkopostiosoite-1.png\" alt=\"\" class=\"wp-image-133889\" srcset=\"https:\/\/www.zoner.fi\/tuki\/wp-content\/uploads\/2024\/10\/Valkolistaa-whitelist-sahkopostiosoite-1.png 845w, https:\/\/www.zoner.fi\/tuki\/wp-content\/uploads\/2024\/10\/Valkolistaa-whitelist-sahkopostiosoite-1-300x129.png 300w, https:\/\/www.zoner.fi\/tuki\/wp-content\/uploads\/2024\/10\/Valkolistaa-whitelist-sahkopostiosoite-1-768x331.png 768w\" sizes=\"auto, (max-width: 845px) 100vw, 845px\" \/><\/figure>\n<\/div>\n\n\n<ul class=\"wp-block-list\">\n<li>Mene <strong>Spam Filters<\/strong> -sivulle.<\/li>\n<\/ul>\n\n\n<div class=\"wp-block-image\">\n<figure class=\"aligncenter size-full\"><img loading=\"lazy\" decoding=\"async\" width=\"440\" height=\"126\" src=\"https:\/\/www.zoner.fi\/tuki\/wp-content\/uploads\/2024\/10\/Valkolistaa-whitelist-sahkopostiosoite-2.png\" alt=\"\" class=\"wp-image-133890\" srcset=\"https:\/\/www.zoner.fi\/tuki\/wp-content\/uploads\/2024\/10\/Valkolistaa-whitelist-sahkopostiosoite-2.png 440w, https:\/\/www.zoner.fi\/tuki\/wp-content\/uploads\/2024\/10\/Valkolistaa-whitelist-sahkopostiosoite-2-300x86.png 300w\" sizes=\"auto, (max-width: 440px) 100vw, 440px\" \/><\/figure>\n<\/div>\n\n\n<ul class=\"wp-block-list\">\n<li>Vierit\u00e4 alas ja napsauta <strong>Show Additional Configurations<\/strong>.<\/li>\n<\/ul>\n\n\n<div class=\"wp-block-image\">\n<figure class=\"aligncenter size-full\"><img loading=\"lazy\" decoding=\"async\" width=\"337\" height=\"350\" src=\"https:\/\/www.zoner.fi\/tuki\/wp-content\/uploads\/2024\/10\/Valkolistaa-whitelist-sahkopostiosoite-3-1.png\" alt=\"\" class=\"wp-image-133892\" srcset=\"https:\/\/www.zoner.fi\/tuki\/wp-content\/uploads\/2024\/10\/Valkolistaa-whitelist-sahkopostiosoite-3-1.png 337w, https:\/\/www.zoner.fi\/tuki\/wp-content\/uploads\/2024\/10\/Valkolistaa-whitelist-sahkopostiosoite-3-1-289x300.png 289w\" sizes=\"auto, (max-width: 337px) 100vw, 337px\" \/><\/figure>\n<\/div>\n\n\n<ul class=\"wp-block-list\">\n<li>Napsauta yll\u00e4 olevaan kuvaan merkitty\u00e4 kohtaa ja sy\u00f6t\u00e4 s\u00e4hk\u00f6postiosoite kentt\u00e4\u00e4n lis\u00e4t\u00e4ksesi sen valkolistalle.<\/li>\n\n\n\n<li>Tallenna muutos painamalla <strong>Update Whitelist<\/strong> -nappia.<\/li>\n<\/ul>\n","protected":false},"excerpt":{"rendered":"<p>Jos esimerkiksi asiakkaasi tai kollegasi viestej\u00e4 on merkitty roskapostiksi, voit valkolistata heid\u00e4n s\u00e4hk\u00f6postiosoitteensa, jolloin ne ohittavat roskapostisuodattimen.<\/p>\n","protected":false},"author":48,"featured_media":0,"parent":137349,"menu_order":0,"comment_status":"closed","ping_status":"closed","template":"","meta":{"_relevanssi_hide_post":"","_relevanssi_hide_content":"","_relevanssi_pin_for_all":"","_relevanssi_pin_keywords":"","_relevanssi_unpin_keywords":"","_relevanssi_related_keywords":"","_relevanssi_related_include_ids":"","_relevanssi_related_exclude_ids":"","_relevanssi_related_no_append":"","_relevanssi_related_not_related":"","_relevanssi_related_posts":"130498,131384,132301,1066,130578,131892","_relevanssi_noindex_reason":"","footnotes":""},"categories":[213,218],"tags":[199,214],"wf_page_folders":[],"class_list":{"0":"post-132711","1":"page","2":"type-page","3":"status-publish","5":"category-cpanel-webhotelli-fi-sahkoposti","6":"category-cpanel-webhotelli-fi-webhotellit","7":"tag-sahkoposti","8":"tag-sahkopostin-hallinta"},"_links":{"self":[{"href":"https:\/\/www.zoner.fi\/tuki\/wp-json\/wp\/v2\/pages\/132711","targetHints":{"allow":["GET"]}}],"collection":[{"href":"https:\/\/www.zoner.fi\/tuki\/wp-json\/wp\/v2\/pages"}],"about":[{"href":"https:\/\/www.zoner.fi\/tuki\/wp-json\/wp\/v2\/types\/page"}],"author":[{"embeddable":true,"href":"https:\/\/www.zoner.fi\/tuki\/wp-json\/wp\/v2\/users\/48"}],"replies":[{"embeddable":true,"href":"https:\/\/www.zoner.fi\/tuki\/wp-json\/wp\/v2\/comments?post=132711"}],"version-history":[{"count":6,"href":"https:\/\/www.zoner.fi\/tuki\/wp-json\/wp\/v2\/pages\/132711\/revisions"}],"predecessor-version":[{"id":138093,"href":"https:\/\/www.zoner.fi\/tuki\/wp-json\/wp\/v2\/pages\/132711\/revisions\/138093"}],"up":[{"embeddable":true,"href":"https:\/\/www.zoner.fi\/tuki\/wp-json\/wp\/v2\/pages\/137349"}],"wp:attachment":[{"href":"https:\/\/www.zoner.fi\/tuki\/wp-json\/wp\/v2\/media?parent=132711"}],"wp:term":[{"taxonomy":"category","embeddable":true,"href":"https:\/\/www.zoner.fi\/tuki\/wp-json\/wp\/v2\/categories?post=132711"},{"taxonomy":"post_tag","embeddable":true,"href":"https:\/\/www.zoner.fi\/tuki\/wp-json\/wp\/v2\/tags?post=132711"},{"taxonomy":"wf_page_folders","embeddable":true,"href":"https:\/\/www.zoner.fi\/tuki\/wp-json\/wp\/v2\/wf_page_folders?post=132711"}],"curies":[{"name":"wp","href":"https:\/\/api.w.org\/{rel}","templated":true}]}}