{"id":132733,"date":"2024-10-07T09:04:32","date_gmt":"2024-10-07T06:04:32","guid":{"rendered":"https:\/\/www.zoner.fi\/tuki\/?page_id=132733"},"modified":"2025-09-29T12:33:34","modified_gmt":"2025-09-29T09:33:34","slug":"filezilla-ohjelman-kaytto-ftp","status":"publish","type":"page","link":"https:\/\/www.zoner.fi\/tuki\/webhotellit\/cpanel-webhotelli-fi\/filezilla-ohjelman-kaytto-ftp\/","title":{"rendered":"FileZilla -ohjelman k\u00e4ytt\u00f6 (FTP)"},"content":{"rendered":"\n<figure class=\"wp-block-image size-full\"><img loading=\"lazy\" decoding=\"async\" width=\"887\" height=\"640\" src=\"https:\/\/www.zoner.fi\/tuki\/wp-content\/uploads\/2024\/10\/FileZilla-ohjelman-kaytto-FTP-1.png\" alt=\"\" class=\"wp-image-133796\" srcset=\"https:\/\/www.zoner.fi\/tuki\/wp-content\/uploads\/2024\/10\/FileZilla-ohjelman-kaytto-FTP-1.png 887w, https:\/\/www.zoner.fi\/tuki\/wp-content\/uploads\/2024\/10\/FileZilla-ohjelman-kaytto-FTP-1-300x216.png 300w, https:\/\/www.zoner.fi\/tuki\/wp-content\/uploads\/2024\/10\/FileZilla-ohjelman-kaytto-FTP-1-768x554.png 768w\" sizes=\"auto, (max-width: 887px) 100vw, 887px\" \/><\/figure>\n\n\n\n<ul class=\"wp-block-list\">\n<li>Kirjaudu sy\u00f6tt\u00e4m\u00e4ll\u00e4 &#8221;host&#8221; kohtaan palvelimesi osoite (esim. web127.webhotelli.fi tai ftp.domaininne.fi). Sy\u00f6t\u00e4 &#8221;Username&#8221; -kohtaan cPanel-k\u00e4ytt\u00e4j\u00e4nimesi ja &#8221;Password&#8221; -kohtaan cPanel-salasanasi.<\/li>\n<\/ul>\n\n\n\n<figure class=\"wp-block-image size-full\"><img loading=\"lazy\" decoding=\"async\" width=\"887\" height=\"640\" src=\"https:\/\/www.zoner.fi\/tuki\/wp-content\/uploads\/2024\/10\/FileZilla-ohjelman-kaytto-FTP-2.png\" alt=\"\" class=\"wp-image-133797\" srcset=\"https:\/\/www.zoner.fi\/tuki\/wp-content\/uploads\/2024\/10\/FileZilla-ohjelman-kaytto-FTP-2.png 887w, https:\/\/www.zoner.fi\/tuki\/wp-content\/uploads\/2024\/10\/FileZilla-ohjelman-kaytto-FTP-2-300x216.png 300w, https:\/\/www.zoner.fi\/tuki\/wp-content\/uploads\/2024\/10\/FileZilla-ohjelman-kaytto-FTP-2-768x554.png 768w\" sizes=\"auto, (max-width: 887px) 100vw, 887px\" \/><\/figure>\n\n\n\n<ul class=\"wp-block-list\">\n<li>Valitse vasemmalta hakemisto, jossa tiedostot sijaitsevat koneellasi.<\/li>\n<\/ul>\n\n\n\n<figure class=\"wp-block-image size-full\"><img loading=\"lazy\" decoding=\"async\" width=\"885\" height=\"637\" src=\"https:\/\/www.zoner.fi\/tuki\/wp-content\/uploads\/2024\/10\/FileZilla-ohjelman-kaytto-FTP-3.png\" alt=\"\" class=\"wp-image-133798\" srcset=\"https:\/\/www.zoner.fi\/tuki\/wp-content\/uploads\/2024\/10\/FileZilla-ohjelman-kaytto-FTP-3.png 885w, https:\/\/www.zoner.fi\/tuki\/wp-content\/uploads\/2024\/10\/FileZilla-ohjelman-kaytto-FTP-3-300x216.png 300w, https:\/\/www.zoner.fi\/tuki\/wp-content\/uploads\/2024\/10\/FileZilla-ohjelman-kaytto-FTP-3-768x553.png 768w\" sizes=\"auto, (max-width: 885px) 100vw, 885px\" \/><\/figure>\n\n\n\n<ul class=\"wp-block-list\">\n<li>Kun olet kirjautunut sis\u00e4\u00e4n, mene oikealla puolella (palvelimen puoli) public_html -hakemistoon. Sivustosi tiedostot sijaitsevat t\u00e4ss\u00e4 hakemistossa.<\/li>\n<\/ul>\n\n\n\n<figure class=\"wp-block-image size-full\"><img loading=\"lazy\" decoding=\"async\" width=\"888\" height=\"638\" src=\"https:\/\/www.zoner.fi\/tuki\/wp-content\/uploads\/2024\/10\/FileZilla-ohjelman-kaytto-FTP-4.png\" alt=\"\" class=\"wp-image-133799\" srcset=\"https:\/\/www.zoner.fi\/tuki\/wp-content\/uploads\/2024\/10\/FileZilla-ohjelman-kaytto-FTP-4.png 888w, https:\/\/www.zoner.fi\/tuki\/wp-content\/uploads\/2024\/10\/FileZilla-ohjelman-kaytto-FTP-4-300x216.png 300w, https:\/\/www.zoner.fi\/tuki\/wp-content\/uploads\/2024\/10\/FileZilla-ohjelman-kaytto-FTP-4-768x552.png 768w\" sizes=\"auto, (max-width: 888px) 100vw, 888px\" \/><\/figure>\n\n\n\n<ul class=\"wp-block-list\">\n<li>Voit kokeilla tiedostojen siirt\u00e4mist\u00e4 raahaamalla tiedostoja vasemmalta oikealle (eli omalta koneelta palvelimelle). Jos tiedoston siirto onnistuu, n\u00e4et kuvan mukaisen &#8221;Successful transfer&#8221;-viestin. Voit raahata tiedostoja my\u00f6s oikealta vasemmalla, jos haluat ottaa tiedostoja talteen palvelimelta omalle koneellesi.<\/li>\n<\/ul>\n","protected":false},"excerpt":{"rendered":"","protected":false},"author":48,"featured_media":0,"parent":137349,"menu_order":0,"comment_status":"closed","ping_status":"closed","template":"","meta":{"_relevanssi_hide_post":"","_relevanssi_hide_content":"","_relevanssi_pin_for_all":"","_relevanssi_pin_keywords":"","_relevanssi_unpin_keywords":"","_relevanssi_related_keywords":"","_relevanssi_related_include_ids":"","_relevanssi_related_exclude_ids":"","_relevanssi_related_no_append":"","_relevanssi_related_not_related":"","_relevanssi_related_posts":"130865,130515,130641,130397,132244,130424","_relevanssi_noindex_reason":"","footnotes":""},"categories":[218],"tags":[93,220],"wf_page_folders":[],"class_list":{"0":"post-132733","1":"page","2":"type-page","3":"status-publish","5":"category-cpanel-webhotelli-fi-webhotellit","6":"tag-ftp-sftp-ssh","7":"tag-tiedostonhallinta"},"_links":{"self":[{"href":"https:\/\/www.zoner.fi\/tuki\/wp-json\/wp\/v2\/pages\/132733","targetHints":{"allow":["GET"]}}],"collection":[{"href":"https:\/\/www.zoner.fi\/tuki\/wp-json\/wp\/v2\/pages"}],"about":[{"href":"https:\/\/www.zoner.fi\/tuki\/wp-json\/wp\/v2\/types\/page"}],"author":[{"embeddable":true,"href":"https:\/\/www.zoner.fi\/tuki\/wp-json\/wp\/v2\/users\/48"}],"replies":[{"embeddable":true,"href":"https:\/\/www.zoner.fi\/tuki\/wp-json\/wp\/v2\/comments?post=132733"}],"version-history":[{"count":4,"href":"https:\/\/www.zoner.fi\/tuki\/wp-json\/wp\/v2\/pages\/132733\/revisions"}],"predecessor-version":[{"id":137573,"href":"https:\/\/www.zoner.fi\/tuki\/wp-json\/wp\/v2\/pages\/132733\/revisions\/137573"}],"up":[{"embeddable":true,"href":"https:\/\/www.zoner.fi\/tuki\/wp-json\/wp\/v2\/pages\/137349"}],"wp:attachment":[{"href":"https:\/\/www.zoner.fi\/tuki\/wp-json\/wp\/v2\/media?parent=132733"}],"wp:term":[{"taxonomy":"category","embeddable":true,"href":"https:\/\/www.zoner.fi\/tuki\/wp-json\/wp\/v2\/categories?post=132733"},{"taxonomy":"post_tag","embeddable":true,"href":"https:\/\/www.zoner.fi\/tuki\/wp-json\/wp\/v2\/tags?post=132733"},{"taxonomy":"wf_page_folders","embeddable":true,"href":"https:\/\/www.zoner.fi\/tuki\/wp-json\/wp\/v2\/wf_page_folders?post=132733"}],"curies":[{"name":"wp","href":"https:\/\/api.w.org\/{rel}","templated":true}]}}