{"id":132758,"date":"2024-10-07T09:17:48","date_gmt":"2024-10-07T06:17:48","guid":{"rendered":"https:\/\/www.zoner.fi\/tuki\/?page_id=132758"},"modified":"2026-03-11T09:32:21","modified_gmt":"2026-03-11T07:32:21","slug":"dns-ohjaukset-2","status":"publish","type":"page","link":"https:\/\/www.zoner.fi\/tuki\/webhotellit\/cpanel-webhotelli-fi\/dns-ohjaukset-2\/","title":{"rendered":"DNS-ohjaukset"},"content":{"rendered":"\n<p>DNS-ohjauksien tekeminen ja DNS-tietueiden muokkaus onnistuu k\u00e4tev\u00e4sti suoraan cPanelissa.<\/p>\n\n\n\n<ul class=\"wp-block-list\">\n<li>Kirjaudu cPaneliin Zoner Homen kautta (<a href=\"https:\/\/www.zoner.fi\/tuki\/webhotellit\/cpanel-webhotelli-fi\/cpanel-palvelunhallintaan-siirtyminen\/\">cPanel-palvelunhallintaan siirtyminen<\/a>)<\/li>\n<\/ul>\n\n\n<div class=\"wp-block-image\">\n<figure class=\"aligncenter size-large\"><img loading=\"lazy\" decoding=\"async\" width=\"1024\" height=\"158\" src=\"https:\/\/www.zoner.fi\/tuki\/wp-content\/uploads\/2024\/10\/DNS-ohjaukset-1-1024x158.png\" alt=\"\" class=\"wp-image-133791\" srcset=\"https:\/\/www.zoner.fi\/tuki\/wp-content\/uploads\/2024\/10\/DNS-ohjaukset-1-1024x158.png 1024w, https:\/\/www.zoner.fi\/tuki\/wp-content\/uploads\/2024\/10\/DNS-ohjaukset-1-300x46.png 300w, https:\/\/www.zoner.fi\/tuki\/wp-content\/uploads\/2024\/10\/DNS-ohjaukset-1-768x118.png 768w, https:\/\/www.zoner.fi\/tuki\/wp-content\/uploads\/2024\/10\/DNS-ohjaukset-1.png 1369w\" sizes=\"auto, (max-width: 1024px) 100vw, 1024px\" \/><\/figure>\n<\/div>\n\n\n<ul class=\"wp-block-list\">\n<li>Paina cPanelista &#8221;Zone Editor&#8221; (yll\u00e4 olevan kuvan mukaisesti).<\/li>\n<\/ul>\n\n\n<div class=\"wp-block-image\">\n<figure class=\"aligncenter size-full\"><img loading=\"lazy\" decoding=\"async\" width=\"916\" height=\"100\" src=\"https:\/\/www.zoner.fi\/tuki\/wp-content\/uploads\/2024\/10\/DNS-ohjaukset-2.png\" alt=\"\" class=\"wp-image-133792\" srcset=\"https:\/\/www.zoner.fi\/tuki\/wp-content\/uploads\/2024\/10\/DNS-ohjaukset-2.png 916w, https:\/\/www.zoner.fi\/tuki\/wp-content\/uploads\/2024\/10\/DNS-ohjaukset-2-300x33.png 300w, https:\/\/www.zoner.fi\/tuki\/wp-content\/uploads\/2024\/10\/DNS-ohjaukset-2-768x84.png 768w\" sizes=\"auto, (max-width: 916px) 100vw, 916px\" \/><\/figure>\n<\/div>\n\n\n<ul class=\"wp-block-list\">\n<li>Seuraavaksi paina &#8221;Manage&#8221; sen domainin vierest\u00e4, jota haluat muokata.<\/li>\n<\/ul>\n\n\n<div class=\"wp-block-image\">\n<figure class=\"aligncenter size-full\"><img loading=\"lazy\" decoding=\"async\" width=\"711\" height=\"141\" src=\"https:\/\/www.zoner.fi\/tuki\/wp-content\/uploads\/2024\/10\/DNS-ohjaukset-3.png\" alt=\"\" class=\"wp-image-133793\" srcset=\"https:\/\/www.zoner.fi\/tuki\/wp-content\/uploads\/2024\/10\/DNS-ohjaukset-3.png 711w, https:\/\/www.zoner.fi\/tuki\/wp-content\/uploads\/2024\/10\/DNS-ohjaukset-3-300x59.png 300w\" sizes=\"auto, (max-width: 711px) 100vw, 711px\" \/><\/figure>\n<\/div>\n\n\n<ul class=\"wp-block-list\">\n<li>Paina &#8221;Add Record&#8221;<\/li>\n<\/ul>\n\n\n<div class=\"wp-block-image\">\n<figure class=\"aligncenter size-large\"><img loading=\"lazy\" decoding=\"async\" width=\"1024\" height=\"61\" src=\"https:\/\/www.zoner.fi\/tuki\/wp-content\/uploads\/2024\/10\/DNS-ohjaukset-4-1024x61.png\" alt=\"\" class=\"wp-image-133794\" srcset=\"https:\/\/www.zoner.fi\/tuki\/wp-content\/uploads\/2024\/10\/DNS-ohjaukset-4-1024x61.png 1024w, https:\/\/www.zoner.fi\/tuki\/wp-content\/uploads\/2024\/10\/DNS-ohjaukset-4-300x18.png 300w, https:\/\/www.zoner.fi\/tuki\/wp-content\/uploads\/2024\/10\/DNS-ohjaukset-4-768x46.png 768w, https:\/\/www.zoner.fi\/tuki\/wp-content\/uploads\/2024\/10\/DNS-ohjaukset-4.png 1482w\" sizes=\"auto, (max-width: 1024px) 100vw, 1024px\" \/><\/figure>\n<\/div>\n\n\n<ul class=\"wp-block-list\">\n<li>Sitten lis\u00e4\u00e4 haluamasi tietue<\/li>\n\n\n\n<li>Muista valita oikea tietueen tyyppi (Type)<\/li>\n\n\n\n<li>Painamalla &#8221;Add Record&#8221; tietue tallentuu<\/li>\n\n\n\n<li>\u00c4l\u00e4 k\u00e4yt\u00e4 nimi (name) kohdassa &#8221;@&#8221; erikoismerkki\u00e4, vaikka 3.osapuolen ohjeet neuvoisi. J\u00e4t\u00e4 t\u00e4ll\u00f6in kentt\u00e4 tyhj\u00e4ksi.<\/li>\n\n\n\n<li><strong>Muistathan, ett\u00e4 nimipalvelin tietueiden p\u00e4ivittymisest\u00e4 maailmalle voi menn\u00e4 n. 1-2 tuntia<\/strong><\/li>\n<\/ul>\n","protected":false},"excerpt":{"rendered":"<p>DNS-ohjauksien tekeminen ja DNS-tietueiden muokkaus onnistuu k\u00e4tev\u00e4sti suoraan cPanelissa.<\/p>\n","protected":false},"author":48,"featured_media":0,"parent":137349,"menu_order":0,"comment_status":"closed","ping_status":"closed","template":"","meta":{"_relevanssi_hide_post":"","_relevanssi_hide_content":"","_relevanssi_pin_for_all":"","_relevanssi_pin_keywords":"","_relevanssi_unpin_keywords":"","_relevanssi_related_keywords":"","_relevanssi_related_include_ids":"","_relevanssi_related_exclude_ids":"","_relevanssi_related_no_append":"","_relevanssi_related_not_related":"","_relevanssi_related_posts":"130657,130440,131550,131506,130578,132584","_relevanssi_noindex_reason":"","footnotes":""},"categories":[211,218],"tags":[207,219],"wf_page_folders":[],"class_list":{"0":"post-132758","1":"page","2":"type-page","3":"status-publish","5":"category-cpanel-webhotelli-fi","6":"category-cpanel-webhotelli-fi-webhotellit","7":"tag-dns","8":"tag-verkkotunnusten-hallinta"},"_links":{"self":[{"href":"https:\/\/www.zoner.fi\/tuki\/wp-json\/wp\/v2\/pages\/132758","targetHints":{"allow":["GET"]}}],"collection":[{"href":"https:\/\/www.zoner.fi\/tuki\/wp-json\/wp\/v2\/pages"}],"about":[{"href":"https:\/\/www.zoner.fi\/tuki\/wp-json\/wp\/v2\/types\/page"}],"author":[{"embeddable":true,"href":"https:\/\/www.zoner.fi\/tuki\/wp-json\/wp\/v2\/users\/48"}],"replies":[{"embeddable":true,"href":"https:\/\/www.zoner.fi\/tuki\/wp-json\/wp\/v2\/comments?post=132758"}],"version-history":[{"count":8,"href":"https:\/\/www.zoner.fi\/tuki\/wp-json\/wp\/v2\/pages\/132758\/revisions"}],"predecessor-version":[{"id":138629,"href":"https:\/\/www.zoner.fi\/tuki\/wp-json\/wp\/v2\/pages\/132758\/revisions\/138629"}],"up":[{"embeddable":true,"href":"https:\/\/www.zoner.fi\/tuki\/wp-json\/wp\/v2\/pages\/137349"}],"wp:attachment":[{"href":"https:\/\/www.zoner.fi\/tuki\/wp-json\/wp\/v2\/media?parent=132758"}],"wp:term":[{"taxonomy":"category","embeddable":true,"href":"https:\/\/www.zoner.fi\/tuki\/wp-json\/wp\/v2\/categories?post=132758"},{"taxonomy":"post_tag","embeddable":true,"href":"https:\/\/www.zoner.fi\/tuki\/wp-json\/wp\/v2\/tags?post=132758"},{"taxonomy":"wf_page_folders","embeddable":true,"href":"https:\/\/www.zoner.fi\/tuki\/wp-json\/wp\/v2\/wf_page_folders?post=132758"}],"curies":[{"name":"wp","href":"https:\/\/api.w.org\/{rel}","templated":true}]}}