{"id":132803,"date":"2024-10-07T16:06:54","date_gmt":"2024-10-07T13:06:54","guid":{"rendered":"https:\/\/www.zoner.fi\/tuki\/?page_id=132803"},"modified":"2025-09-29T12:33:54","modified_gmt":"2025-09-29T09:33:54","slug":"verkkotunnuksen-nimipalvelimien-ns-osoitteen-vaihtaminen","status":"publish","type":"page","link":"https:\/\/www.zoner.fi\/tuki\/webhotellit\/cpanel-webhotelli-fi\/verkkotunnuksen-nimipalvelimien-ns-osoitteen-vaihtaminen\/","title":{"rendered":"Verkkotunnuksen nimipalvelimien (NS-osoitteen) vaihtaminen"},"content":{"rendered":"\n<p>Verkkotunnuksen nimipalvelimia voi vaihtaa vain verkkotunnuksen v\u00e4litt\u00e4j\u00e4 (eng: registrar), eli niit\u00e4 ei voi vaihtaa cPanel-hallintapaneelin kautta.<\/p>\n\n\n\n<p>Mik\u00e4li verkkotunnus on rekister\u00f6ity Webhotelli.fi:n tai Zonerin kautta tai se on siirretty yll\u00e4pitoomme, voimme vaihtaa verkkotunnuksen nimipalvelimet pyynn\u00f6st\u00e4si.<\/p>\n\n\n\n<p>L\u00e4het\u00e4 nimipalvelimien vaihtopyynt\u00f6 s\u00e4hk\u00f6postitse osoitteeseen: tuki@zoner.fi<\/p>\n\n\n\n<p>FI-verkkotunnusten v\u00e4litt\u00e4j\u00e4n voit tarkistaa Traficomin sivuilta: <a href=\"https:\/\/www.traficom.fi\/fi\/viestinta\/fi-verkkotunnukset\/fi-verkkotunnushaku\" target=\"_blank\" rel=\"noopener\">https:\/\/www.traficom.fi\/fi\/viestinta\/fi-verkkotunnukset\/fi-verkkotunnushaku<\/a><\/p>\n","protected":false},"excerpt":{"rendered":"<p>Verkkotunnuksen nimipalvelimia voi vaihtaa vain verkkotunnuksen v\u00e4litt\u00e4j\u00e4 (eng: registrar), eli niit\u00e4 ei voi vaihtaa cPanel-hallintapaneelin kautta. Mik\u00e4li verkkotunnus on rekister\u00f6ity Webhotelli.fi:n tai Zonerin kautta tai se on siirretty yll\u00e4pitoomme, voimme vaihtaa verkkotunnuksen nimipalvelimet pyynn\u00f6st\u00e4si. L\u00e4het\u00e4 nimipalvelimien vaihtopyynt\u00f6 s\u00e4hk\u00f6postitse osoitteeseen: tuki@zoner.fi FI-verkkotunnusten v\u00e4litt\u00e4j\u00e4n voit tarkistaa Traficomin sivuilta: https:\/\/www.traficom.fi\/fi\/viestinta\/fi-verkkotunnukset\/fi-verkkotunnushaku<\/p>\n","protected":false},"author":40,"featured_media":0,"parent":137349,"menu_order":0,"comment_status":"closed","ping_status":"closed","template":"","meta":{"_relevanssi_hide_post":"","_relevanssi_hide_content":"","_relevanssi_pin_for_all":"","_relevanssi_pin_keywords":"","_relevanssi_unpin_keywords":"","_relevanssi_related_keywords":"","_relevanssi_related_include_ids":"","_relevanssi_related_exclude_ids":"","_relevanssi_related_no_append":"","_relevanssi_related_not_related":"","_relevanssi_related_posts":"1076,130899,130667,130616,131541,132244","_relevanssi_noindex_reason":"","footnotes":""},"categories":[211,218],"tags":[219,158],"wf_page_folders":[],"class_list":{"0":"post-132803","1":"page","2":"type-page","3":"status-publish","5":"category-cpanel-webhotelli-fi","6":"category-cpanel-webhotelli-fi-webhotellit","7":"tag-verkkotunnusten-hallinta","8":"tag-yleiset"},"_links":{"self":[{"href":"https:\/\/www.zoner.fi\/tuki\/wp-json\/wp\/v2\/pages\/132803","targetHints":{"allow":["GET"]}}],"collection":[{"href":"https:\/\/www.zoner.fi\/tuki\/wp-json\/wp\/v2\/pages"}],"about":[{"href":"https:\/\/www.zoner.fi\/tuki\/wp-json\/wp\/v2\/types\/page"}],"author":[{"embeddable":true,"href":"https:\/\/www.zoner.fi\/tuki\/wp-json\/wp\/v2\/users\/40"}],"replies":[{"embeddable":true,"href":"https:\/\/www.zoner.fi\/tuki\/wp-json\/wp\/v2\/comments?post=132803"}],"version-history":[{"count":4,"href":"https:\/\/www.zoner.fi\/tuki\/wp-json\/wp\/v2\/pages\/132803\/revisions"}],"predecessor-version":[{"id":136637,"href":"https:\/\/www.zoner.fi\/tuki\/wp-json\/wp\/v2\/pages\/132803\/revisions\/136637"}],"up":[{"embeddable":true,"href":"https:\/\/www.zoner.fi\/tuki\/wp-json\/wp\/v2\/pages\/137349"}],"wp:attachment":[{"href":"https:\/\/www.zoner.fi\/tuki\/wp-json\/wp\/v2\/media?parent=132803"}],"wp:term":[{"taxonomy":"category","embeddable":true,"href":"https:\/\/www.zoner.fi\/tuki\/wp-json\/wp\/v2\/categories?post=132803"},{"taxonomy":"post_tag","embeddable":true,"href":"https:\/\/www.zoner.fi\/tuki\/wp-json\/wp\/v2\/tags?post=132803"},{"taxonomy":"wf_page_folders","embeddable":true,"href":"https:\/\/www.zoner.fi\/tuki\/wp-json\/wp\/v2\/wf_page_folders?post=132803"}],"curies":[{"name":"wp","href":"https:\/\/api.w.org\/{rel}","templated":true}]}}