{"id":132805,"date":"2024-10-07T15:59:13","date_gmt":"2024-10-07T12:59:13","guid":{"rendered":"https:\/\/www.zoner.fi\/tuki\/?page_id=132805"},"modified":"2025-11-12T15:45:51","modified_gmt":"2025-11-12T13:45:51","slug":"miten-voin-luoda-aliverkkotunnuksen-subdomain","status":"publish","type":"page","link":"https:\/\/www.zoner.fi\/tuki\/webhotellit\/cpanel-webhotelli-fi\/miten-voin-luoda-aliverkkotunnuksen-subdomain\/","title":{"rendered":"Miten luon aliverkkotunnuksen (subdomain)"},"content":{"rendered":"\n<ul class=\"wp-block-list\">\n<li>Kirjaudu cPaneliin Zoner Homen kautta. <strong>Ohje<\/strong>: <a href=\"https:\/\/www.zoner.fi\/tuki\/webhotellit\/cpanel-webhotelli-fi\/cpanel-palvelunhallintaan-siirtyminen\/\">cPanel-palvelunhallintaan siirtyminen<\/a>.<\/li>\n<\/ul>\n\n\n\n<figure class=\"wp-block-image size-full\"><img loading=\"lazy\" decoding=\"async\" width=\"718\" height=\"314\" src=\"https:\/\/www.zoner.fi\/tuki\/wp-content\/uploads\/2024\/10\/Miten-voin-luoda-aliverkkotunnuksen-subdomain-1.png\" alt=\"\" class=\"wp-image-133810\" srcset=\"https:\/\/www.zoner.fi\/tuki\/wp-content\/uploads\/2024\/10\/Miten-voin-luoda-aliverkkotunnuksen-subdomain-1.png 718w, https:\/\/www.zoner.fi\/tuki\/wp-content\/uploads\/2024\/10\/Miten-voin-luoda-aliverkkotunnuksen-subdomain-1-300x131.png 300w\" sizes=\"auto, (max-width: 718px) 100vw, 718px\" \/><\/figure>\n\n\n\n<ul class=\"wp-block-list\">\n<li>Valitse cPanelista kohta &#8221;Aliverkkotunnukset&#8221;.<\/li>\n<\/ul>\n\n\n\n<figure class=\"wp-block-image size-full\"><img loading=\"lazy\" decoding=\"async\" width=\"381\" height=\"320\" src=\"https:\/\/www.zoner.fi\/tuki\/wp-content\/uploads\/2024\/10\/Miten-voin-luoda-aliverkkotunnuksen-subdomain-2.png\" alt=\"\" class=\"wp-image-133811\" srcset=\"https:\/\/www.zoner.fi\/tuki\/wp-content\/uploads\/2024\/10\/Miten-voin-luoda-aliverkkotunnuksen-subdomain-2.png 381w, https:\/\/www.zoner.fi\/tuki\/wp-content\/uploads\/2024\/10\/Miten-voin-luoda-aliverkkotunnuksen-subdomain-2-300x252.png 300w\" sizes=\"auto, (max-width: 381px) 100vw, 381px\" \/><\/figure>\n\n\n\n<ul class=\"wp-block-list\">\n<li>Sy\u00f6t\u00e4 ensimm\u00e4iseen kentt\u00e4\u00e4n haluamasi alidomain ilman loppuosaa.<\/li>\n\n\n\n<li>Valitse toisessa kent\u00e4ss\u00e4 verkkotunnus, jolle haluat luoda alidomainin.<\/li>\n\n\n\n<li>Tiedoston p\u00e4\u00e4tason avulla voit valita, minne alidomain ohjataan.<\/li>\n<\/ul>\n\n\n\n<figure class=\"wp-block-image size-full\"><img loading=\"lazy\" decoding=\"async\" width=\"427\" height=\"56\" src=\"https:\/\/www.zoner.fi\/tuki\/wp-content\/uploads\/2024\/10\/Miten-voin-luoda-aliverkkotunnuksen-subdomain-3.png\" alt=\"\" class=\"wp-image-133812\" srcset=\"https:\/\/www.zoner.fi\/tuki\/wp-content\/uploads\/2024\/10\/Miten-voin-luoda-aliverkkotunnuksen-subdomain-3.png 427w, https:\/\/www.zoner.fi\/tuki\/wp-content\/uploads\/2024\/10\/Miten-voin-luoda-aliverkkotunnuksen-subdomain-3-300x39.png 300w\" sizes=\"auto, (max-width: 427px) 100vw, 427px\" \/><\/figure>\n\n\n\n<ul class=\"wp-block-list\">\n<li>Valmista tuli! Alidomainin pit\u00e4isi nyt toimia.<\/li>\n<\/ul>\n","protected":false},"excerpt":{"rendered":"","protected":false},"author":40,"featured_media":0,"parent":137349,"menu_order":0,"comment_status":"closed","ping_status":"closed","template":"","meta":{"_relevanssi_hide_post":"","_relevanssi_hide_content":"","_relevanssi_pin_for_all":"","_relevanssi_pin_keywords":"","_relevanssi_unpin_keywords":"","_relevanssi_related_keywords":"","_relevanssi_related_include_ids":"","_relevanssi_related_exclude_ids":"","_relevanssi_related_no_append":"","_relevanssi_related_not_related":"","_relevanssi_related_posts":"130813,131550,130865,130450,130464,130553","_relevanssi_noindex_reason":"","footnotes":""},"categories":[211,218],"tags":[219,158],"wf_page_folders":[],"class_list":{"0":"post-132805","1":"page","2":"type-page","3":"status-publish","5":"category-cpanel-webhotelli-fi","6":"category-cpanel-webhotelli-fi-webhotellit","7":"tag-verkkotunnusten-hallinta","8":"tag-yleiset"},"_links":{"self":[{"href":"https:\/\/www.zoner.fi\/tuki\/wp-json\/wp\/v2\/pages\/132805","targetHints":{"allow":["GET"]}}],"collection":[{"href":"https:\/\/www.zoner.fi\/tuki\/wp-json\/wp\/v2\/pages"}],"about":[{"href":"https:\/\/www.zoner.fi\/tuki\/wp-json\/wp\/v2\/types\/page"}],"author":[{"embeddable":true,"href":"https:\/\/www.zoner.fi\/tuki\/wp-json\/wp\/v2\/users\/40"}],"replies":[{"embeddable":true,"href":"https:\/\/www.zoner.fi\/tuki\/wp-json\/wp\/v2\/comments?post=132805"}],"version-history":[{"count":6,"href":"https:\/\/www.zoner.fi\/tuki\/wp-json\/wp\/v2\/pages\/132805\/revisions"}],"predecessor-version":[{"id":138074,"href":"https:\/\/www.zoner.fi\/tuki\/wp-json\/wp\/v2\/pages\/132805\/revisions\/138074"}],"up":[{"embeddable":true,"href":"https:\/\/www.zoner.fi\/tuki\/wp-json\/wp\/v2\/pages\/137349"}],"wp:attachment":[{"href":"https:\/\/www.zoner.fi\/tuki\/wp-json\/wp\/v2\/media?parent=132805"}],"wp:term":[{"taxonomy":"category","embeddable":true,"href":"https:\/\/www.zoner.fi\/tuki\/wp-json\/wp\/v2\/categories?post=132805"},{"taxonomy":"post_tag","embeddable":true,"href":"https:\/\/www.zoner.fi\/tuki\/wp-json\/wp\/v2\/tags?post=132805"},{"taxonomy":"wf_page_folders","embeddable":true,"href":"https:\/\/www.zoner.fi\/tuki\/wp-json\/wp\/v2\/wf_page_folders?post=132805"}],"curies":[{"name":"wp","href":"https:\/\/api.w.org\/{rel}","templated":true}]}}