{"id":132807,"date":"2024-10-07T16:03:36","date_gmt":"2024-10-07T13:03:36","guid":{"rendered":"https:\/\/www.zoner.fi\/tuki\/?page_id=132807"},"modified":"2025-11-12T15:45:35","modified_gmt":"2025-11-12T13:45:35","slug":"lisadomainin-hakemiston-muokkaus-2","status":"publish","type":"page","link":"https:\/\/www.zoner.fi\/tuki\/webhotellit\/cpanel-webhotelli-fi\/lisadomainin-hakemiston-muokkaus-2\/","title":{"rendered":"Lis\u00e4domainin hakemiston muokkaus"},"content":{"rendered":"\n<p>Voit muokata lis\u00e4domainin hakemistoa helposti cPanelissa.<\/p>\n\n\n\n<ul class=\"wp-block-list\">\n<li>Kirjaudu cPaneliin Zoner Homen kautta. <strong>Ohje<\/strong>: <a href=\"https:\/\/www.zoner.fi\/tuki\/webhotellit\/cpanel-webhotelli-fi\/cpanel-palvelunhallintaan-siirtyminen\/\">cPanel-palvelunhallintaan siirtyminen<\/a>.<\/li>\n<\/ul>\n\n\n<div class=\"wp-block-image\">\n<figure class=\"aligncenter size-full\"><img loading=\"lazy\" decoding=\"async\" width=\"808\" height=\"246\" src=\"https:\/\/www.zoner.fi\/tuki\/wp-content\/uploads\/2024\/10\/Lisadomainin-hakemiston-muokkaus-1.png\" alt=\"\" class=\"wp-image-133806\" srcset=\"https:\/\/www.zoner.fi\/tuki\/wp-content\/uploads\/2024\/10\/Lisadomainin-hakemiston-muokkaus-1.png 808w, https:\/\/www.zoner.fi\/tuki\/wp-content\/uploads\/2024\/10\/Lisadomainin-hakemiston-muokkaus-1-300x91.png 300w, https:\/\/www.zoner.fi\/tuki\/wp-content\/uploads\/2024\/10\/Lisadomainin-hakemiston-muokkaus-1-768x234.png 768w\" sizes=\"auto, (max-width: 808px) 100vw, 808px\" \/><\/figure>\n<\/div>\n\n\n<ul class=\"wp-block-list\">\n<li>Siirry kohtaan <strong>Lis\u00e4verkkotunnukset<\/strong>.<\/li>\n<\/ul>\n\n\n<div class=\"wp-block-image\">\n<figure class=\"aligncenter size-full\"><img loading=\"lazy\" decoding=\"async\" width=\"786\" height=\"249\" src=\"https:\/\/www.zoner.fi\/tuki\/wp-content\/uploads\/2024\/10\/Lisadomainin-hakemiston-muokkaus-2.png\" alt=\"\" class=\"wp-image-133807\" srcset=\"https:\/\/www.zoner.fi\/tuki\/wp-content\/uploads\/2024\/10\/Lisadomainin-hakemiston-muokkaus-2.png 786w, https:\/\/www.zoner.fi\/tuki\/wp-content\/uploads\/2024\/10\/Lisadomainin-hakemiston-muokkaus-2-300x95.png 300w, https:\/\/www.zoner.fi\/tuki\/wp-content\/uploads\/2024\/10\/Lisadomainin-hakemiston-muokkaus-2-768x243.png 768w\" sizes=\"auto, (max-width: 786px) 100vw, 786px\" \/><\/figure>\n<\/div>\n\n\n<ul class=\"wp-block-list\">\n<li>Napsauta kyn\u00e4n kuvaa lis\u00e4domainin kohdalla.<\/li>\n<\/ul>\n\n\n<div class=\"wp-block-image\">\n<figure class=\"aligncenter size-full\"><img loading=\"lazy\" decoding=\"async\" width=\"344\" height=\"229\" src=\"https:\/\/www.zoner.fi\/tuki\/wp-content\/uploads\/2024\/10\/Lisadomainin-hakemiston-muokkaus-3.png\" alt=\"\" class=\"wp-image-133808\" srcset=\"https:\/\/www.zoner.fi\/tuki\/wp-content\/uploads\/2024\/10\/Lisadomainin-hakemiston-muokkaus-3.png 344w, https:\/\/www.zoner.fi\/tuki\/wp-content\/uploads\/2024\/10\/Lisadomainin-hakemiston-muokkaus-3-300x200.png 300w\" sizes=\"auto, (max-width: 344px) 100vw, 344px\" \/><\/figure>\n<\/div>\n\n\n<ul class=\"wp-block-list\">\n<li>Valitse hakemisto, jota haluat k\u00e4ytt\u00e4\u00e4 lis\u00e4domainillesi.<\/li>\n<\/ul>\n","protected":false},"excerpt":{"rendered":"<p>Voit muokata lis\u00e4domainin hakemistoa helposti cPanelissa.<\/p>\n","protected":false},"author":40,"featured_media":0,"parent":137349,"menu_order":0,"comment_status":"closed","ping_status":"closed","template":"","meta":{"_relevanssi_hide_post":"","_relevanssi_hide_content":"","_relevanssi_pin_for_all":"","_relevanssi_pin_keywords":"","_relevanssi_unpin_keywords":"","_relevanssi_related_keywords":"","_relevanssi_related_include_ids":"","_relevanssi_related_exclude_ids":"","_relevanssi_related_no_append":"","_relevanssi_related_not_related":"","_relevanssi_related_posts":"132325,131888,130684,132244,132080,131384","_relevanssi_noindex_reason":"","footnotes":""},"categories":[211,218],"tags":[219,158],"wf_page_folders":[],"class_list":{"0":"post-132807","1":"page","2":"type-page","3":"status-publish","5":"category-cpanel-webhotelli-fi","6":"category-cpanel-webhotelli-fi-webhotellit","7":"tag-verkkotunnusten-hallinta","8":"tag-yleiset"},"_links":{"self":[{"href":"https:\/\/www.zoner.fi\/tuki\/wp-json\/wp\/v2\/pages\/132807","targetHints":{"allow":["GET"]}}],"collection":[{"href":"https:\/\/www.zoner.fi\/tuki\/wp-json\/wp\/v2\/pages"}],"about":[{"href":"https:\/\/www.zoner.fi\/tuki\/wp-json\/wp\/v2\/types\/page"}],"author":[{"embeddable":true,"href":"https:\/\/www.zoner.fi\/tuki\/wp-json\/wp\/v2\/users\/40"}],"replies":[{"embeddable":true,"href":"https:\/\/www.zoner.fi\/tuki\/wp-json\/wp\/v2\/comments?post=132807"}],"version-history":[{"count":5,"href":"https:\/\/www.zoner.fi\/tuki\/wp-json\/wp\/v2\/pages\/132807\/revisions"}],"predecessor-version":[{"id":138073,"href":"https:\/\/www.zoner.fi\/tuki\/wp-json\/wp\/v2\/pages\/132807\/revisions\/138073"}],"up":[{"embeddable":true,"href":"https:\/\/www.zoner.fi\/tuki\/wp-json\/wp\/v2\/pages\/137349"}],"wp:attachment":[{"href":"https:\/\/www.zoner.fi\/tuki\/wp-json\/wp\/v2\/media?parent=132807"}],"wp:term":[{"taxonomy":"category","embeddable":true,"href":"https:\/\/www.zoner.fi\/tuki\/wp-json\/wp\/v2\/categories?post=132807"},{"taxonomy":"post_tag","embeddable":true,"href":"https:\/\/www.zoner.fi\/tuki\/wp-json\/wp\/v2\/tags?post=132807"},{"taxonomy":"wf_page_folders","embeddable":true,"href":"https:\/\/www.zoner.fi\/tuki\/wp-json\/wp\/v2\/wf_page_folders?post=132807"}],"curies":[{"name":"wp","href":"https:\/\/api.w.org\/{rel}","templated":true}]}}