{"id":132809,"date":"2024-10-07T11:21:49","date_gmt":"2024-10-07T08:21:49","guid":{"rendered":"https:\/\/www.zoner.fi\/tuki\/?page_id=132809"},"modified":"2025-09-29T12:33:37","modified_gmt":"2025-09-29T09:33:37","slug":"mika-on-domainparkin-ja-lisaverkkotunnuksen-ero","status":"publish","type":"page","link":"https:\/\/www.zoner.fi\/tuki\/webhotellit\/cpanel-webhotelli-fi\/mika-on-domainparkin-ja-lisaverkkotunnuksen-ero\/","title":{"rendered":"Mik\u00e4 on domainparkin ja lis\u00e4verkkotunnuksen ero?"},"content":{"rendered":"\n<p>Domainparkki on erillinen palvelu, joka ei sis\u00e4ll\u00e4 s\u00e4hk\u00f6posteja tai sivutilaa, vaan pelk\u00e4st\u00e4\u00e4n domainin rekister\u00f6innin ja mahdollisuuden tehd\u00e4 uudelleenohjauksia.<\/p>\n\n\n\n<p>Lis\u00e4verkkotunnus liitet\u00e4\u00e4n olemassaolevaan webhotellipalveluun, jolloin se toimii omana sivustonaan kyseisen palvelun sivutilassa, ja sille voi luoda my\u00f6s omia s\u00e4hk\u00f6postilaatikoita.<\/p>\n\n\n\n<p><\/p>\n","protected":false},"excerpt":{"rendered":"<p>Domainparkki on erillinen palvelu, joka ei sis\u00e4ll\u00e4 s\u00e4hk\u00f6posteja tai sivutilaa, vaan pelk\u00e4st\u00e4\u00e4n domainin rekister\u00f6innin ja mahdollisuuden tehd\u00e4 uudelleenohjauksia. Lis\u00e4verkkotunnus liitet\u00e4\u00e4n olemassaolevaan webhotellipalveluun, jolloin se toimii omana sivustonaan kyseisen palvelun sivutilassa, ja sille voi luoda my\u00f6s omia s\u00e4hk\u00f6postilaatikoita.<\/p>\n","protected":false},"author":40,"featured_media":0,"parent":137349,"menu_order":0,"comment_status":"closed","ping_status":"closed","template":"","meta":{"_relevanssi_hide_post":"","_relevanssi_hide_content":"","_relevanssi_pin_for_all":"","_relevanssi_pin_keywords":"","_relevanssi_unpin_keywords":"","_relevanssi_related_keywords":"","_relevanssi_related_include_ids":"","_relevanssi_related_exclude_ids":"","_relevanssi_related_no_append":"","_relevanssi_related_not_related":"","_relevanssi_related_posts":"130455,1076,132325,130440,132144,131888","_relevanssi_noindex_reason":"","footnotes":""},"categories":[211,218],"tags":[219,158],"wf_page_folders":[],"class_list":{"0":"post-132809","1":"page","2":"type-page","3":"status-publish","5":"category-cpanel-webhotelli-fi","6":"category-cpanel-webhotelli-fi-webhotellit","7":"tag-verkkotunnusten-hallinta","8":"tag-yleiset"},"_links":{"self":[{"href":"https:\/\/www.zoner.fi\/tuki\/wp-json\/wp\/v2\/pages\/132809","targetHints":{"allow":["GET"]}}],"collection":[{"href":"https:\/\/www.zoner.fi\/tuki\/wp-json\/wp\/v2\/pages"}],"about":[{"href":"https:\/\/www.zoner.fi\/tuki\/wp-json\/wp\/v2\/types\/page"}],"author":[{"embeddable":true,"href":"https:\/\/www.zoner.fi\/tuki\/wp-json\/wp\/v2\/users\/40"}],"replies":[{"embeddable":true,"href":"https:\/\/www.zoner.fi\/tuki\/wp-json\/wp\/v2\/comments?post=132809"}],"version-history":[{"count":3,"href":"https:\/\/www.zoner.fi\/tuki\/wp-json\/wp\/v2\/pages\/132809\/revisions"}],"predecessor-version":[{"id":137563,"href":"https:\/\/www.zoner.fi\/tuki\/wp-json\/wp\/v2\/pages\/132809\/revisions\/137563"}],"up":[{"embeddable":true,"href":"https:\/\/www.zoner.fi\/tuki\/wp-json\/wp\/v2\/pages\/137349"}],"wp:attachment":[{"href":"https:\/\/www.zoner.fi\/tuki\/wp-json\/wp\/v2\/media?parent=132809"}],"wp:term":[{"taxonomy":"category","embeddable":true,"href":"https:\/\/www.zoner.fi\/tuki\/wp-json\/wp\/v2\/categories?post=132809"},{"taxonomy":"post_tag","embeddable":true,"href":"https:\/\/www.zoner.fi\/tuki\/wp-json\/wp\/v2\/tags?post=132809"},{"taxonomy":"wf_page_folders","embeddable":true,"href":"https:\/\/www.zoner.fi\/tuki\/wp-json\/wp\/v2\/wf_page_folders?post=132809"}],"curies":[{"name":"wp","href":"https:\/\/api.w.org\/{rel}","templated":true}]}}