{"id":133222,"date":"2024-11-12T12:17:44","date_gmt":"2024-11-12T10:17:44","guid":{"rendered":"https:\/\/www.zoner.fi\/tuki\/?page_id=133222"},"modified":"2025-09-25T16:42:28","modified_gmt":"2025-09-25T13:42:28","slug":"kuinka-lisaan-evastebannerin-zoner-kotisivukone-sivustolleni","status":"publish","type":"page","link":"https:\/\/www.zoner.fi\/tuki\/kotisivukone\/zoner\/kuinka-lisaan-evastebannerin-zoner-kotisivukone-sivustolleni\/","title":{"rendered":"Kuinka lis\u00e4\u00e4n ev\u00e4stebannerin Zoner Kotisivukone -sivustolleni?"},"content":{"rendered":"\n<p>Jos sivustosi k\u00e4ytt\u00e4\u00e4 ev\u00e4steit\u00e4, sinun on ilmoitettava siit\u00e4 vierailijoille ja pyydett\u00e4v\u00e4 heit\u00e4 hyv\u00e4ksym\u00e4\u00e4n ne. Voit tehd\u00e4 sen ev\u00e4stebannerilla, jonka voit helposti ottaa k\u00e4ytt\u00f6\u00f6n Zoner Kotisivukoneen hallintapaneelin asetuksista.<\/p>\n\n\n\n<p>T\u00e4ss\u00e4 oppaassa n\u00e4yt\u00e4mme, miten ev\u00e4stebanneri otetaan k\u00e4ytt\u00f6\u00f6n Zoner Kotisivukoneessa.<\/p>\n\n\n\n<h2 class=\"wp-block-heading\" id=\"step-1\">1. Avaa Zoner Kotisivukoneen hallintapaneeli<\/h2>\n\n\n\n<ol class=\"wp-block-list\">\n<li>Avaa\u00a0<strong>Zoner Kotisivukoneen<\/strong> hallintapaneeli.<\/li>\n\n\n\n<li>Napsauta\u00a0<strong>Verkkosivuston asetukset<\/strong>\u00a0ja valitse vasemmalla olevasta valikosta\u00a0<strong>Ev\u00e4stebanneri<\/strong>\u00a0.<\/li>\n<\/ol>\n\n\n\n<figure class=\"wp-block-image size-large\"><img loading=\"lazy\" decoding=\"async\" width=\"1024\" height=\"682\" src=\"https:\/\/www.zoner.fi\/tuki\/wp-content\/uploads\/2024\/10\/evastebanneri-zoner-kotisivukone-1-1024x682.png\" alt=\"\" class=\"wp-image-133223\" srcset=\"https:\/\/www.zoner.fi\/tuki\/wp-content\/uploads\/2024\/10\/evastebanneri-zoner-kotisivukone-1-1024x682.png 1024w, https:\/\/www.zoner.fi\/tuki\/wp-content\/uploads\/2024\/10\/evastebanneri-zoner-kotisivukone-1-300x200.png 300w, https:\/\/www.zoner.fi\/tuki\/wp-content\/uploads\/2024\/10\/evastebanneri-zoner-kotisivukone-1-768x512.png 768w, https:\/\/www.zoner.fi\/tuki\/wp-content\/uploads\/2024\/10\/evastebanneri-zoner-kotisivukone-1.png 1502w\" sizes=\"auto, (max-width: 1024px) 100vw, 1024px\" \/><\/figure>\n\n\n\n<h2 class=\"wp-block-heading\" id=\"step-2\">2. Ota ev\u00e4stebanneri k\u00e4ytt\u00f6\u00f6n<\/h2>\n\n\n\n<ol class=\"wp-block-list\">\n<li>Napsauta liukus\u00e4\u00e4dint\u00e4 ottaaksesi ev\u00e4stebannerin k\u00e4ytt\u00f6\u00f6n.<\/li>\n\n\n\n<li>Kun banneri on k\u00e4yt\u00f6ss\u00e4, liukus\u00e4\u00e4din on sininen.<\/li>\n<\/ol>\n\n\n\n<figure class=\"wp-block-image size-large\"><img loading=\"lazy\" decoding=\"async\" width=\"1024\" height=\"682\" src=\"https:\/\/www.zoner.fi\/tuki\/wp-content\/uploads\/2024\/10\/evastebanneri-zoner-kotisivukone-2-1024x682.png\" alt=\"\" class=\"wp-image-133224\" srcset=\"https:\/\/www.zoner.fi\/tuki\/wp-content\/uploads\/2024\/10\/evastebanneri-zoner-kotisivukone-2-1024x682.png 1024w, https:\/\/www.zoner.fi\/tuki\/wp-content\/uploads\/2024\/10\/evastebanneri-zoner-kotisivukone-2-300x200.png 300w, https:\/\/www.zoner.fi\/tuki\/wp-content\/uploads\/2024\/10\/evastebanneri-zoner-kotisivukone-2-768x512.png 768w, https:\/\/www.zoner.fi\/tuki\/wp-content\/uploads\/2024\/10\/evastebanneri-zoner-kotisivukone-2.png 1502w\" sizes=\"auto, (max-width: 1024px) 100vw, 1024px\" \/><\/figure>\n\n\n\n<h2 class=\"wp-block-heading\" id=\"step-3\">3. Valitse bannerin kieli<\/h2>\n\n\n\n<p>Valitse kieli, jolla ev\u00e4stebannerisi n\u00e4ytet\u00e4\u00e4n.<\/p>\n\n\n\n<figure class=\"wp-block-image size-large\"><img loading=\"lazy\" decoding=\"async\" width=\"1024\" height=\"682\" src=\"https:\/\/www.zoner.fi\/tuki\/wp-content\/uploads\/2024\/10\/evastebanneri-zoner-kotisivukone-3-1024x682.png\" alt=\"\" class=\"wp-image-133225\" srcset=\"https:\/\/www.zoner.fi\/tuki\/wp-content\/uploads\/2024\/10\/evastebanneri-zoner-kotisivukone-3-1024x682.png 1024w, https:\/\/www.zoner.fi\/tuki\/wp-content\/uploads\/2024\/10\/evastebanneri-zoner-kotisivukone-3-300x200.png 300w, https:\/\/www.zoner.fi\/tuki\/wp-content\/uploads\/2024\/10\/evastebanneri-zoner-kotisivukone-3-768x512.png 768w, https:\/\/www.zoner.fi\/tuki\/wp-content\/uploads\/2024\/10\/evastebanneri-zoner-kotisivukone-3.png 1502w\" sizes=\"auto, (max-width: 1024px) 100vw, 1024px\" \/><\/figure>\n\n\n\n<h2 class=\"wp-block-heading\" id=\"step-4\">4. Napsauta Tallenna<\/h2>\n\n\n\n<p>Kun olet valinnut kielen, napsauta&nbsp;<strong>Tallenna<\/strong>.<\/p>\n\n\n\n<p>Bannerin k\u00e4ytt\u00f6\u00f6noton j\u00e4lkeen kest\u00e4\u00e4 enimmill\u00e4\u00e4n 24 tuntia, ennen kuin sivustosi tarkistetaan ja tulokset n\u00e4kyv\u00e4t ev\u00e4stebannerissasi.<\/p>\n\n\n\n<figure class=\"wp-block-image size-large\"><img loading=\"lazy\" decoding=\"async\" width=\"1024\" height=\"682\" src=\"https:\/\/www.zoner.fi\/tuki\/wp-content\/uploads\/2024\/10\/evastebanneri-zoner-kotisivukone-4-1024x682.png\" alt=\"\" class=\"wp-image-133226\" srcset=\"https:\/\/www.zoner.fi\/tuki\/wp-content\/uploads\/2024\/10\/evastebanneri-zoner-kotisivukone-4-1024x682.png 1024w, https:\/\/www.zoner.fi\/tuki\/wp-content\/uploads\/2024\/10\/evastebanneri-zoner-kotisivukone-4-300x200.png 300w, https:\/\/www.zoner.fi\/tuki\/wp-content\/uploads\/2024\/10\/evastebanneri-zoner-kotisivukone-4-768x512.png 768w, https:\/\/www.zoner.fi\/tuki\/wp-content\/uploads\/2024\/10\/evastebanneri-zoner-kotisivukone-4.png 1502w\" sizes=\"auto, (max-width: 1024px) 100vw, 1024px\" \/><\/figure>\n\n\n\n<h2 class=\"wp-block-heading\" id=\"step-5\">5. Siirry editoriin ja julkaise sivustosi<\/h2>\n\n\n\n<p>N\u00e4et bannerin vain verkkosivustosi live-versiossa.<\/p>\n\n\n\n<ol class=\"wp-block-list\">\n<li>Napsauta vasemmalla olevaa\u00a0<strong>Muokkaa sivustoa<\/strong>\u00a0-painiketta avataksesi Zoner kotisivukoneen editorin.<\/li>\n\n\n\n<li>Julkaise p\u00e4ivitetty verkkosivustosi napsauttamalla editorin oikeasta yl\u00e4kulmasta\u00a0<strong>Julkaise<\/strong>.<\/li>\n<\/ol>\n\n\n\n<p>Kun avaat verkkosivustosi, banneri n\u00e4kyy ponnahdusikkunassa. Verkkosivustosi vierailijat voivat valita, mitk\u00e4 ev\u00e4steet he hyv\u00e4ksyv\u00e4t, vai haluavatko he hyl\u00e4t\u00e4 kaikki.<\/p>\n\n\n\n<figure class=\"wp-block-image size-large\"><img loading=\"lazy\" decoding=\"async\" width=\"1024\" height=\"682\" src=\"https:\/\/www.zoner.fi\/tuki\/wp-content\/uploads\/2024\/10\/evastebanneri-zoner-kotisivukone-5-1024x682.png\" alt=\"\" class=\"wp-image-133227\" srcset=\"https:\/\/www.zoner.fi\/tuki\/wp-content\/uploads\/2024\/10\/evastebanneri-zoner-kotisivukone-5-1024x682.png 1024w, https:\/\/www.zoner.fi\/tuki\/wp-content\/uploads\/2024\/10\/evastebanneri-zoner-kotisivukone-5-300x200.png 300w, https:\/\/www.zoner.fi\/tuki\/wp-content\/uploads\/2024\/10\/evastebanneri-zoner-kotisivukone-5-768x512.png 768w, https:\/\/www.zoner.fi\/tuki\/wp-content\/uploads\/2024\/10\/evastebanneri-zoner-kotisivukone-5.png 1502w\" sizes=\"auto, (max-width: 1024px) 100vw, 1024px\" \/><\/figure>\n\n\n\n<p><strong>Huomaa:<\/strong>&nbsp;Kumppanimme Termly m\u00e4\u00e4ritt\u00e4\u00e4 automaattisesti, mihin luokkaan ev\u00e4ste kuuluu, joten sinun ei tarvitse huolehtia vaatimustenmukaisuudesta tai siit\u00e4, tarvitaanko ev\u00e4stett\u00e4 sivustosi toimintaan.<\/p>\n","protected":false},"excerpt":{"rendered":"<p>Jos sivustosi k\u00e4ytt\u00e4\u00e4 ev\u00e4steit\u00e4, sinun on ilmoitettava siit\u00e4 vierailijoille ja pyydett\u00e4v\u00e4 heit\u00e4 hyv\u00e4ksym\u00e4\u00e4n ne. Voit tehd\u00e4 sen ev\u00e4stebannerilla, jonka voit helposti ottaa k\u00e4ytt\u00f6\u00f6n Zoner Kotisivukoneen hallintapaneelin asetuksista. T\u00e4ss\u00e4 oppaassa n\u00e4yt\u00e4mme, miten ev\u00e4stebanneri otetaan k\u00e4ytt\u00f6\u00f6n Zoner Kotisivukoneessa. 1. Avaa Zoner Kotisivukoneen hallintapaneeli 2. Ota ev\u00e4stebanneri k\u00e4ytt\u00f6\u00f6n 3. Valitse bannerin kieli Valitse kieli, jolla ev\u00e4stebannerisi n\u00e4ytet\u00e4\u00e4n. 4. &#8230; <a title=\"Kuinka lis\u00e4\u00e4n ev\u00e4stebannerin Zoner Kotisivukone -sivustolleni?\" class=\"read-more\" href=\"https:\/\/www.zoner.fi\/tuki\/kotisivukone\/zoner\/kuinka-lisaan-evastebannerin-zoner-kotisivukone-sivustolleni\/\" aria-label=\"Lue lis\u00e4\u00e4 aiheesta Kuinka lis\u00e4\u00e4n ev\u00e4stebannerin Zoner Kotisivukone -sivustolleni?\">Lue lis\u00e4\u00e4<\/a><\/p>\n","protected":false},"author":18,"featured_media":0,"parent":137385,"menu_order":0,"comment_status":"closed","ping_status":"closed","template":"","meta":{"_relevanssi_hide_post":"","_relevanssi_hide_content":"","_relevanssi_pin_for_all":"","_relevanssi_pin_keywords":"","_relevanssi_unpin_keywords":"","_relevanssi_related_keywords":"","_relevanssi_related_include_ids":"","_relevanssi_related_exclude_ids":"","_relevanssi_related_no_append":"","_relevanssi_related_not_related":"","_relevanssi_related_posts":"130722,132254,130935,130964,132244,132261","_relevanssi_noindex_reason":"","footnotes":""},"categories":[166],"tags":[156],"wf_page_folders":[],"class_list":{"0":"post-133222","1":"page","2":"type-page","3":"status-publish","5":"category-zoner-kotisivukone","6":"tag-turvallisuus-ja-evasteet"},"_links":{"self":[{"href":"https:\/\/www.zoner.fi\/tuki\/wp-json\/wp\/v2\/pages\/133222","targetHints":{"allow":["GET"]}}],"collection":[{"href":"https:\/\/www.zoner.fi\/tuki\/wp-json\/wp\/v2\/pages"}],"about":[{"href":"https:\/\/www.zoner.fi\/tuki\/wp-json\/wp\/v2\/types\/page"}],"author":[{"embeddable":true,"href":"https:\/\/www.zoner.fi\/tuki\/wp-json\/wp\/v2\/users\/18"}],"replies":[{"embeddable":true,"href":"https:\/\/www.zoner.fi\/tuki\/wp-json\/wp\/v2\/comments?post=133222"}],"version-history":[{"count":3,"href":"https:\/\/www.zoner.fi\/tuki\/wp-json\/wp\/v2\/pages\/133222\/revisions"}],"predecessor-version":[{"id":138693,"href":"https:\/\/www.zoner.fi\/tuki\/wp-json\/wp\/v2\/pages\/133222\/revisions\/138693"}],"up":[{"embeddable":true,"href":"https:\/\/www.zoner.fi\/tuki\/wp-json\/wp\/v2\/pages\/137385"}],"wp:attachment":[{"href":"https:\/\/www.zoner.fi\/tuki\/wp-json\/wp\/v2\/media?parent=133222"}],"wp:term":[{"taxonomy":"category","embeddable":true,"href":"https:\/\/www.zoner.fi\/tuki\/wp-json\/wp\/v2\/categories?post=133222"},{"taxonomy":"post_tag","embeddable":true,"href":"https:\/\/www.zoner.fi\/tuki\/wp-json\/wp\/v2\/tags?post=133222"},{"taxonomy":"wf_page_folders","embeddable":true,"href":"https:\/\/www.zoner.fi\/tuki\/wp-json\/wp\/v2\/wf_page_folders?post=133222"}],"curies":[{"name":"wp","href":"https:\/\/api.w.org\/{rel}","templated":true}]}}