{"id":133317,"date":"2024-11-12T17:23:45","date_gmt":"2024-11-12T15:23:45","guid":{"rendered":"https:\/\/www.zoner.fi\/tuki\/?page_id=133317"},"modified":"2025-09-25T16:42:46","modified_gmt":"2025-09-25T13:42:46","slug":"miten-lisaan-alisivun-zoner-kotisivukoneessa","status":"publish","type":"page","link":"https:\/\/www.zoner.fi\/tuki\/kotisivukone\/zoner\/miten-lisaan-alisivun-zoner-kotisivukoneessa\/","title":{"rendered":"Miten lis\u00e4\u00e4n alisivun Zoner Kotisivukoneessa?"},"content":{"rendered":"\n<p>Zoner Kotisivukoneessa sivun voi nopeasti muuttaa alisivuksi. Alisivu n\u00e4kyy sivuston valikossa p\u00e4\u00e4sivunsa alla.<\/p>\n\n\n\n<ol class=\"wp-block-list\">\n<li>Avaa&nbsp;Zoner Kotisivukoneessa sinisell\u00e4 taustalla n\u00e4kyv\u00e4 sivuvalikko.<\/li>\n\n\n\n<li>Napsauta sivua, josta haluat tehd\u00e4 alisivun, ja ved\u00e4 se p\u00e4\u00e4sivunsa p\u00e4\u00e4lle, jolloin n\u00e4et sen ymp\u00e4rill\u00e4 sinisen laatikon.<\/li>\n<\/ol>\n\n\n\n<p>Jos haluat palauttaa alisivun osaksi p\u00e4\u00e4valikkoa, ved\u00e4 se takaisin, kunnes n\u00e4et sinisen viivan sivujen v\u00e4lill\u00e4.<\/p>\n\n\n\n<p>Huomaa, ett\u00e4 jos haluat n\u00e4ytt\u00e4\u00e4 alisivuja sivustollasi, sinun on valittava valikkotyyppi, jossa alasp\u00e4in osoittava nuolipainike avaa alasivuvalikon. Valitse valikkomponentti ja napsauta&nbsp;<strong>Muokkaa valikkoa<\/strong>. N\u00e4et k\u00e4ytett\u00e4viss\u00e4 olevat valikkotyypit harmaassa palkissa. Monitasoiset valikkotyypit ovat&nbsp;<strong>vertikaalinen puu-<\/strong>&nbsp;ja&nbsp;<strong>pudotusvalikko<\/strong>&nbsp;sek\u00e4&nbsp;<strong>horisontaalinen pudotusvalikko<\/strong>.<\/p>\n\n\n\n<figure class=\"wp-block-image size-large\"><img loading=\"lazy\" decoding=\"async\" width=\"1024\" height=\"682\" src=\"https:\/\/www.zoner.fi\/tuki\/wp-content\/uploads\/2024\/10\/alisivu-2-1024x682.png\" alt=\"\" class=\"wp-image-133319\" srcset=\"https:\/\/www.zoner.fi\/tuki\/wp-content\/uploads\/2024\/10\/alisivu-2-1024x682.png 1024w, https:\/\/www.zoner.fi\/tuki\/wp-content\/uploads\/2024\/10\/alisivu-2-300x200.png 300w, https:\/\/www.zoner.fi\/tuki\/wp-content\/uploads\/2024\/10\/alisivu-2-768x511.png 768w, https:\/\/www.zoner.fi\/tuki\/wp-content\/uploads\/2024\/10\/alisivu-2-1536x1023.png 1536w, https:\/\/www.zoner.fi\/tuki\/wp-content\/uploads\/2024\/10\/alisivu-2.png 1871w\" sizes=\"auto, (max-width: 1024px) 100vw, 1024px\" \/><\/figure>\n","protected":false},"excerpt":{"rendered":"<p>Zoner Kotisivukoneessa sivun voi nopeasti muuttaa alisivuksi. Alisivu n\u00e4kyy sivuston valikossa p\u00e4\u00e4sivunsa alla. Jos haluat palauttaa alisivun osaksi p\u00e4\u00e4valikkoa, ved\u00e4 se takaisin, kunnes n\u00e4et sinisen viivan sivujen v\u00e4lill\u00e4. Huomaa, ett\u00e4 jos haluat n\u00e4ytt\u00e4\u00e4 alisivuja sivustollasi, sinun on valittava valikkotyyppi, jossa alasp\u00e4in osoittava nuolipainike avaa alasivuvalikon. Valitse valikkomponentti ja napsauta&nbsp;Muokkaa valikkoa. N\u00e4et k\u00e4ytett\u00e4viss\u00e4 olevat valikkotyypit harmaassa &#8230; <a title=\"Miten lis\u00e4\u00e4n alisivun Zoner Kotisivukoneessa?\" class=\"read-more\" href=\"https:\/\/www.zoner.fi\/tuki\/kotisivukone\/zoner\/miten-lisaan-alisivun-zoner-kotisivukoneessa\/\" aria-label=\"Lue lis\u00e4\u00e4 aiheesta Miten lis\u00e4\u00e4n alisivun Zoner Kotisivukoneessa?\">Lue lis\u00e4\u00e4<\/a><\/p>\n","protected":false},"author":18,"featured_media":0,"parent":137385,"menu_order":0,"comment_status":"closed","ping_status":"closed","template":"","meta":{"_relevanssi_hide_post":"","_relevanssi_hide_content":"","_relevanssi_pin_for_all":"","_relevanssi_pin_keywords":"","_relevanssi_unpin_keywords":"","_relevanssi_related_keywords":"","_relevanssi_related_include_ids":"","_relevanssi_related_exclude_ids":"","_relevanssi_related_no_append":"","_relevanssi_related_not_related":"","_relevanssi_related_posts":"132301,130616,130553,130498,132826,130964","_relevanssi_noindex_reason":"","footnotes":""},"categories":[166],"tags":[159],"wf_page_folders":[],"class_list":{"0":"post-133317","1":"page","2":"type-page","3":"status-publish","5":"category-zoner-kotisivukone","6":"tag-sivut"},"_links":{"self":[{"href":"https:\/\/www.zoner.fi\/tuki\/wp-json\/wp\/v2\/pages\/133317","targetHints":{"allow":["GET"]}}],"collection":[{"href":"https:\/\/www.zoner.fi\/tuki\/wp-json\/wp\/v2\/pages"}],"about":[{"href":"https:\/\/www.zoner.fi\/tuki\/wp-json\/wp\/v2\/types\/page"}],"author":[{"embeddable":true,"href":"https:\/\/www.zoner.fi\/tuki\/wp-json\/wp\/v2\/users\/18"}],"replies":[{"embeddable":true,"href":"https:\/\/www.zoner.fi\/tuki\/wp-json\/wp\/v2\/comments?post=133317"}],"version-history":[{"count":2,"href":"https:\/\/www.zoner.fi\/tuki\/wp-json\/wp\/v2\/pages\/133317\/revisions"}],"predecessor-version":[{"id":134369,"href":"https:\/\/www.zoner.fi\/tuki\/wp-json\/wp\/v2\/pages\/133317\/revisions\/134369"}],"up":[{"embeddable":true,"href":"https:\/\/www.zoner.fi\/tuki\/wp-json\/wp\/v2\/pages\/137385"}],"wp:attachment":[{"href":"https:\/\/www.zoner.fi\/tuki\/wp-json\/wp\/v2\/media?parent=133317"}],"wp:term":[{"taxonomy":"category","embeddable":true,"href":"https:\/\/www.zoner.fi\/tuki\/wp-json\/wp\/v2\/categories?post=133317"},{"taxonomy":"post_tag","embeddable":true,"href":"https:\/\/www.zoner.fi\/tuki\/wp-json\/wp\/v2\/tags?post=133317"},{"taxonomy":"wf_page_folders","embeddable":true,"href":"https:\/\/www.zoner.fi\/tuki\/wp-json\/wp\/v2\/wf_page_folders?post=133317"}],"curies":[{"name":"wp","href":"https:\/\/api.w.org\/{rel}","templated":true}]}}