{"id":133345,"date":"2024-11-12T11:52:00","date_gmt":"2024-11-12T09:52:00","guid":{"rendered":"https:\/\/www.zoner.fi\/tuki\/?page_id=133345"},"modified":"2025-09-25T16:42:42","modified_gmt":"2025-09-25T13:42:42","slug":"mita-toimitusvaihtoehtoja-voin-tarjota-verkkokaupassani","status":"publish","type":"page","link":"https:\/\/www.zoner.fi\/tuki\/kotisivukone\/zoner\/mita-toimitusvaihtoehtoja-voin-tarjota-verkkokaupassani\/","title":{"rendered":"Mit\u00e4 toimitusvaihtoehtoja voin tarjota verkkokaupassani?"},"content":{"rendered":"\n<p>Zoner Kotisivukone -verkkokaupassa voit tarjota useita eri toimitusvaihtoehtoja, jotka esittelemme t\u00e4ss\u00e4 oppaassa.<\/p>\n\n\n\n<p>Kun lis\u00e4\u00e4t toimitustavan, voit valita&nbsp;<strong>kiinte\u00e4n hinnan<\/strong>&nbsp;ja&nbsp;<strong>painoon perustuvan hinnan<\/strong> v\u00e4lilt\u00e4.<\/p>\n\n\n\n<p><strong>Vinkki:<\/strong>\u00a0Tiesitk\u00f6, ett\u00e4 verkkokaupan voi integroida Shipmondon kanssa? Shipmondo-integraatio on saatavilla Zoner Kotisivukoneen Business-paketissa. Lue lis\u00e4\u00e4 Shipmondosta\u00a0<a href=\"https:\/\/www.zoner.fi\/tuki\/kotisivukone\/shipmondon-kayttaminen-verkkokaupassa\/\">t\u00e4st\u00e4 oppaasta<\/a>.<\/p>\n\n\n\n<figure class=\"wp-block-image size-large\"><img loading=\"lazy\" decoding=\"async\" width=\"1024\" height=\"681\" src=\"https:\/\/www.zoner.fi\/tuki\/wp-content\/uploads\/2024\/10\/toimitustavat-1-1024x681.png\" alt=\"\" class=\"wp-image-134512\" srcset=\"https:\/\/www.zoner.fi\/tuki\/wp-content\/uploads\/2024\/10\/toimitustavat-1-1024x681.png 1024w, https:\/\/www.zoner.fi\/tuki\/wp-content\/uploads\/2024\/10\/toimitustavat-1-300x200.png 300w, https:\/\/www.zoner.fi\/tuki\/wp-content\/uploads\/2024\/10\/toimitustavat-1-768x511.png 768w, https:\/\/www.zoner.fi\/tuki\/wp-content\/uploads\/2024\/10\/toimitustavat-1-1536x1022.png 1536w, https:\/\/www.zoner.fi\/tuki\/wp-content\/uploads\/2024\/10\/toimitustavat-1.png 1873w\" sizes=\"auto, (max-width: 1024px) 100vw, 1024px\" \/><\/figure>\n\n\n\n<h2 class=\"wp-block-heading\" id=\"step-1\">Toimituskohteet<\/h2>\n\n\n\n<p>Luodessasi toimitustavan sinun on valittava maat, joihin haluat toimittaa tuotteita. Yleisimmille maille voit my\u00f6s valita tietyt alueet koko maan sijaan.<\/p>\n\n\n\n<p>Jos haluat asettaa eri hintoja maittain, voit luoda maakohtaisen toimitustavan. Asiakkaalle tarjotaan toimitusvaihtoehdot h\u00e4nen kassalla antamansa osoitteen perusteella.<\/p>\n\n\n\n<p><strong>Vinkki:<\/strong>&nbsp;Ota &#8221;Paikallinen nouto&#8221; k\u00e4ytt\u00f6\u00f6n ja tarjoa asiakkaille mahdollisuus noutaa tilaus liikkeest\u00e4si.<\/p>\n\n\n\n<figure class=\"wp-block-image size-large\"><img loading=\"lazy\" decoding=\"async\" width=\"1024\" height=\"681\" src=\"https:\/\/www.zoner.fi\/tuki\/wp-content\/uploads\/2024\/10\/toimitustavat-2-1024x681.png\" alt=\"\" class=\"wp-image-134513\" srcset=\"https:\/\/www.zoner.fi\/tuki\/wp-content\/uploads\/2024\/10\/toimitustavat-2-1024x681.png 1024w, https:\/\/www.zoner.fi\/tuki\/wp-content\/uploads\/2024\/10\/toimitustavat-2-300x200.png 300w, https:\/\/www.zoner.fi\/tuki\/wp-content\/uploads\/2024\/10\/toimitustavat-2-768x511.png 768w, https:\/\/www.zoner.fi\/tuki\/wp-content\/uploads\/2024\/10\/toimitustavat-2-1536x1022.png 1536w, https:\/\/www.zoner.fi\/tuki\/wp-content\/uploads\/2024\/10\/toimitustavat-2.png 1873w\" sizes=\"auto, (max-width: 1024px) 100vw, 1024px\" \/><\/figure>\n\n\n\n<h2 class=\"wp-block-heading\" id=\"step-2\">Lis\u00e4\u00e4 kiinte\u00e4hintainen toimitus<\/h2>\n\n\n\n<p>Kiinte\u00e4hintainen toimitus ei huomioi tuotteiden painoa. Tuotteiden toimitukselle m\u00e4\u00e4ritet\u00e4\u00e4n t\u00e4ss\u00e4 tapauksessa perusmaksu ja lis\u00e4maksu.<\/p>\n\n\n\n<ol class=\"wp-block-list\">\n<li>Avaa&nbsp;<strong>Verkkokauppa<\/strong>.<\/li>\n\n\n\n<li>Valitse&nbsp;<strong>Asetukset<\/strong>&nbsp;ja&nbsp;<strong>ALV ja toimitus<\/strong>.<\/li>\n\n\n\n<li>Napsauta Omat toimitustavat-otsikon alla painiketta <strong>Luo toimitustapa<\/strong>.<\/li>\n\n\n\n<li>Valitse <strong>Kiinte\u00e4hintainen toimitus.<\/strong><\/li>\n\n\n\n<li>Lis\u00e4\u00e4 toimitustavalle nimi, esimerkiksi Express tai Premium. T\u00e4m\u00e4 n\u00e4ytet\u00e4\u00e4n asiakkaalle kassalla, jossa h\u00e4n voi valita toimituksen.<\/li>\n\n\n\n<li>Lis\u00e4\u00e4 maat, joihin toimitat. Kirjoita maan nimi kentt\u00e4\u00e4 ja valitse se avautuvasta valikosta.<\/li>\n\n\n\n<li>Lis\u00e4\u00e4 <strong>Kiinte\u00e4 hinta <\/strong>-kohtaan<strong> <\/strong>perusmaksu, joka veloitetaan jokaisesta tilauksesta.<\/li>\n\n\n\n<li>Jos haluat, valitse <strong>Lis\u00e4\u00e4 lis\u00e4maksu tilauksen jokaisesta tuotteesta<\/strong> ja sy\u00f6t\u00e4 lis\u00e4maksun hinta. T\u00e4m\u00e4 hinta lis\u00e4t\u00e4\u00e4n jokaiselle tilaukseen kuuluvalle tuotteelle.<\/li>\n\n\n\n<li>Jos haluat, valitse <strong>Ilmainen toimitus tietyn arvon ylitt\u00e4ville tilauksille<\/strong> ja kirjoita summa, jonka ylitt\u00e4v\u00e4t tilaukset toimitetaan ilmaiseksi.<\/li>\n\n\n\n<li>Napsauta&nbsp;<strong>Tallenna<\/strong>.<\/li>\n<\/ol>\n\n\n\n<p><strong>Vinkki:&nbsp;<\/strong>Yleisimmille maille voit valita my\u00f6s tietyt alueet koko maan sijaan.<\/p>\n\n\n\n<figure class=\"wp-block-image size-large\"><img loading=\"lazy\" decoding=\"async\" width=\"1024\" height=\"681\" src=\"https:\/\/www.zoner.fi\/tuki\/wp-content\/uploads\/2024\/10\/toimitustavat-3-1024x681.png\" alt=\"\" class=\"wp-image-134514\" srcset=\"https:\/\/www.zoner.fi\/tuki\/wp-content\/uploads\/2024\/10\/toimitustavat-3-1024x681.png 1024w, https:\/\/www.zoner.fi\/tuki\/wp-content\/uploads\/2024\/10\/toimitustavat-3-300x200.png 300w, https:\/\/www.zoner.fi\/tuki\/wp-content\/uploads\/2024\/10\/toimitustavat-3-768x511.png 768w, https:\/\/www.zoner.fi\/tuki\/wp-content\/uploads\/2024\/10\/toimitustavat-3-1536x1022.png 1536w, https:\/\/www.zoner.fi\/tuki\/wp-content\/uploads\/2024\/10\/toimitustavat-3.png 1873w\" sizes=\"auto, (max-width: 1024px) 100vw, 1024px\" \/><\/figure>\n\n\n\n<h2 class=\"wp-block-heading\" id=\"step-3\">Lis\u00e4\u00e4 painoon perustuva toimitus<\/h2>\n\n\n\n<p>Painoon perustuva hinta vaihtelee nimens\u00e4 muokaisesti tuotteen painon mukaan. T\u00e4st\u00e4 voi olla hy\u00f6ty\u00e4, sill\u00e4 usein postitus- ja toimitusyhti\u00f6t laskevat toimitushinnat paketin painon mukaan.<\/p>\n\n\n\n<ol class=\"wp-block-list\">\n<li>Avaa&nbsp;<strong>Verkkokauppa<\/strong>.<\/li>\n\n\n\n<li>Valitse&nbsp;<strong>Asetukset<\/strong>&nbsp;ja&nbsp;<strong>ALV ja toimitus<\/strong>.<\/li>\n\n\n\n<li>Napsauta Omat toimitustavat-otsikon alla painiketta <strong>Luo toimitustapa<\/strong>.<\/li>\n\n\n\n<li>Valitse&nbsp;<strong>Painoon perustuva toimitus<\/strong>.<\/li>\n\n\n\n<li>Anna toimitusvaihtoehdolle nimi, esimerkiksi Express tai Premium. Nimi n\u00e4ytet\u00e4\u00e4n asiakkaallesi kassalla toimitusvaihtoehtoa valittaessa.<\/li>\n\n\n\n<li>Lis\u00e4\u00e4 maat, joihin toimitat. Kirjoita maan nimi kentt\u00e4\u00e4 ja valitse se avautuvasta valikosta.<\/li>\n\n\n\n<li>M\u00e4\u00e4rit\u00e4 painoalueet, esimerkiksi 0\u20135 kg. Napsauta&nbsp;<strong>Lis\u00e4\u00e4 painoalue<\/strong>, jos haluat lis\u00e4t\u00e4 useampia. Ensimm\u00e4inen painoalue alkaa aina nollalla ja viimeinen p\u00e4\u00e4ttyy aina \u00e4\u00e4rett\u00f6m\u00e4\u00e4n. Sy\u00f6t\u00e4 hinta jokaiselle painoalueelle.<\/li>\n\n\n\n<li>Napsauta&nbsp;<strong>Tallenna<\/strong>.<\/li>\n<\/ol>\n\n\n\n<p><strong>Huomaa:&nbsp;<\/strong>Muista m\u00e4\u00e4ritt\u00e4\u00e4 jokaiselle tuotteelle paino, jos haluat tarjota painoon perustuvan toimitustavan.<\/p>\n\n\n\n<figure class=\"wp-block-image size-large\"><img loading=\"lazy\" decoding=\"async\" width=\"1024\" height=\"681\" src=\"https:\/\/www.zoner.fi\/tuki\/wp-content\/uploads\/2024\/10\/toimitustavat-4-1024x681.png\" alt=\"\" class=\"wp-image-134515\" srcset=\"https:\/\/www.zoner.fi\/tuki\/wp-content\/uploads\/2024\/10\/toimitustavat-4-1024x681.png 1024w, https:\/\/www.zoner.fi\/tuki\/wp-content\/uploads\/2024\/10\/toimitustavat-4-300x200.png 300w, https:\/\/www.zoner.fi\/tuki\/wp-content\/uploads\/2024\/10\/toimitustavat-4-768x511.png 768w, https:\/\/www.zoner.fi\/tuki\/wp-content\/uploads\/2024\/10\/toimitustavat-4-1536x1022.png 1536w, https:\/\/www.zoner.fi\/tuki\/wp-content\/uploads\/2024\/10\/toimitustavat-4.png 1873w\" sizes=\"auto, (max-width: 1024px) 100vw, 1024px\" \/><\/figure>\n","protected":false},"excerpt":{"rendered":"<p>Zoner Kotisivukone -verkkokaupassa voit tarjota useita eri toimitusvaihtoehtoja, jotka esittelemme t\u00e4ss\u00e4 oppaassa. Kun lis\u00e4\u00e4t toimitustavan, voit valita&nbsp;kiinte\u00e4n hinnan&nbsp;ja&nbsp;painoon perustuvan hinnan v\u00e4lilt\u00e4. Vinkki:\u00a0Tiesitk\u00f6, ett\u00e4 verkkokaupan voi integroida Shipmondon kanssa? Shipmondo-integraatio on saatavilla Zoner Kotisivukoneen Business-paketissa. Lue lis\u00e4\u00e4 Shipmondosta\u00a0t\u00e4st\u00e4 oppaasta. Toimituskohteet Luodessasi toimitustavan sinun on valittava maat, joihin haluat toimittaa tuotteita. Yleisimmille maille voit my\u00f6s valita tietyt &#8230; <a title=\"Mit\u00e4 toimitusvaihtoehtoja voin tarjota verkkokaupassani?\" class=\"read-more\" href=\"https:\/\/www.zoner.fi\/tuki\/kotisivukone\/zoner\/mita-toimitusvaihtoehtoja-voin-tarjota-verkkokaupassani\/\" aria-label=\"Lue lis\u00e4\u00e4 aiheesta Mit\u00e4 toimitusvaihtoehtoja voin tarjota verkkokaupassani?\">Lue lis\u00e4\u00e4<\/a><\/p>\n","protected":false},"author":18,"featured_media":0,"parent":137385,"menu_order":0,"comment_status":"closed","ping_status":"closed","template":"","meta":{"_relevanssi_hide_post":"","_relevanssi_hide_content":"","_relevanssi_pin_for_all":"","_relevanssi_pin_keywords":"","_relevanssi_unpin_keywords":"","_relevanssi_related_keywords":"","_relevanssi_related_include_ids":"","_relevanssi_related_exclude_ids":"","_relevanssi_related_no_append":"","_relevanssi_related_not_related":"","_relevanssi_related_posts":"130424,132336,132250,132938,131535,132826","_relevanssi_noindex_reason":"","footnotes":""},"categories":[166],"tags":[163],"wf_page_folders":[],"class_list":{"0":"post-133345","1":"page","2":"type-page","3":"status-publish","5":"category-zoner-kotisivukone","6":"tag-verkkokauppa"},"_links":{"self":[{"href":"https:\/\/www.zoner.fi\/tuki\/wp-json\/wp\/v2\/pages\/133345","targetHints":{"allow":["GET"]}}],"collection":[{"href":"https:\/\/www.zoner.fi\/tuki\/wp-json\/wp\/v2\/pages"}],"about":[{"href":"https:\/\/www.zoner.fi\/tuki\/wp-json\/wp\/v2\/types\/page"}],"author":[{"embeddable":true,"href":"https:\/\/www.zoner.fi\/tuki\/wp-json\/wp\/v2\/users\/18"}],"replies":[{"embeddable":true,"href":"https:\/\/www.zoner.fi\/tuki\/wp-json\/wp\/v2\/comments?post=133345"}],"version-history":[{"count":12,"href":"https:\/\/www.zoner.fi\/tuki\/wp-json\/wp\/v2\/pages\/133345\/revisions"}],"predecessor-version":[{"id":135615,"href":"https:\/\/www.zoner.fi\/tuki\/wp-json\/wp\/v2\/pages\/133345\/revisions\/135615"}],"up":[{"embeddable":true,"href":"https:\/\/www.zoner.fi\/tuki\/wp-json\/wp\/v2\/pages\/137385"}],"wp:attachment":[{"href":"https:\/\/www.zoner.fi\/tuki\/wp-json\/wp\/v2\/media?parent=133345"}],"wp:term":[{"taxonomy":"category","embeddable":true,"href":"https:\/\/www.zoner.fi\/tuki\/wp-json\/wp\/v2\/categories?post=133345"},{"taxonomy":"post_tag","embeddable":true,"href":"https:\/\/www.zoner.fi\/tuki\/wp-json\/wp\/v2\/tags?post=133345"},{"taxonomy":"wf_page_folders","embeddable":true,"href":"https:\/\/www.zoner.fi\/tuki\/wp-json\/wp\/v2\/wf_page_folders?post=133345"}],"curies":[{"name":"wp","href":"https:\/\/api.w.org\/{rel}","templated":true}]}}