{"id":133364,"date":"2024-11-12T12:48:34","date_gmt":"2024-11-12T10:48:34","guid":{"rendered":"https:\/\/www.zoner.fi\/tuki\/?page_id=133364"},"modified":"2025-09-25T16:43:13","modified_gmt":"2025-09-25T13:43:13","slug":"pinterest-widgetin-lisaaminen-kotisivuille","status":"publish","type":"page","link":"https:\/\/www.zoner.fi\/tuki\/kotisivukone\/zoner\/pinterest-widgetin-lisaaminen-kotisivuille\/","title":{"rendered":"Pinterest-widgetin lis\u00e4\u00e4minen kotisivuille"},"content":{"rendered":"\n<p>Voit n\u00e4ytt\u00e4\u00e4 Pinterestin sis\u00e4lt\u00f6\u00e4 suoraan Zoner Kotisivukone -sivustollasi. T\u00e4ss\u00e4 oppaassa n\u00e4ytt\u00e4mme, miten voit lis\u00e4t\u00e4 Pinterest-kuvan, taulun tai profiilin kotisivuillesi Pinterest-widgetin avulla.<\/p>\n\n\n\n<p><strong>Huomaa:<\/strong>&nbsp;T\u00e4m\u00e4 ominaisuus on saatavilla Zoner Kotisivukoneen Premium- ja Business-paketeissa.&nbsp;<\/p>\n\n\n\n<h2 class=\"wp-block-heading\" id=\"step-1\">1. Valitse Pinterest-widget<\/h2>\n\n\n\n<ol class=\"wp-block-list\">\n<li>Avaa Zoner Kotisivukone -editori.<\/li>\n\n\n\n<li>Siirry verkkosivustosi sivulle tai osioon, johon haluat lis\u00e4t\u00e4 Pinterest-widgetin.<\/li>\n\n\n\n<li>Valitse vasemmalla olevasta valikosta&nbsp;<strong>Widgetit<\/strong>.<\/li>\n\n\n\n<li>Valitse <strong>Kuvat<\/strong>-otsikon alta <strong>Pinterest.<\/strong><\/li>\n<\/ol>\n\n\n\n<figure class=\"wp-block-image size-large\"><img loading=\"lazy\" decoding=\"async\" width=\"1024\" height=\"618\" src=\"https:\/\/www.zoner.fi\/tuki\/wp-content\/uploads\/2024\/10\/pinterest-kotisivukone-1-1024x618.png\" alt=\"\" class=\"wp-image-134037\" srcset=\"https:\/\/www.zoner.fi\/tuki\/wp-content\/uploads\/2024\/10\/pinterest-kotisivukone-1-1024x618.png 1024w, https:\/\/www.zoner.fi\/tuki\/wp-content\/uploads\/2024\/10\/pinterest-kotisivukone-1-300x181.png 300w, https:\/\/www.zoner.fi\/tuki\/wp-content\/uploads\/2024\/10\/pinterest-kotisivukone-1-768x464.png 768w, https:\/\/www.zoner.fi\/tuki\/wp-content\/uploads\/2024\/10\/pinterest-kotisivukone-1.png 1502w\" sizes=\"auto, (max-width: 1024px) 100vw, 1024px\" \/><\/figure>\n\n\n\n<h2 class=\"wp-block-heading\" id=\"step-2\">2. Lis\u00e4\u00e4 pin, taulu tai profiili<\/h2>\n\n\n\n<ol class=\"wp-block-list\">\n<li><strong>Siirry Pinterestiin<\/strong> ja&nbsp;etsi kuva, taulu tai profiili, jonka haluat lis\u00e4t\u00e4 sivustollesi, ja napsauta sit\u00e4.<\/li>\n\n\n\n<li>Kopioi URL-osoite selaimestasi.<\/li>\n\n\n\n<li>Palaa Zoner Kotisivukoneeseen ja&nbsp;<strong>liit\u00e4 URL-osoite&nbsp;<\/strong>Pinterest-ponnahdusikkunaan.<\/li>\n\n\n\n<li>Napsauta&nbsp;<strong>OK<\/strong>&nbsp;lis\u00e4t\u00e4ksesi sen sivulle.&nbsp;<\/li>\n<\/ol>\n\n\n\n<figure class=\"wp-block-image size-large\"><img loading=\"lazy\" decoding=\"async\" width=\"1024\" height=\"618\" src=\"https:\/\/www.zoner.fi\/tuki\/wp-content\/uploads\/2024\/10\/pinterest-kotisivukone-2-1024x618.png\" alt=\"\" class=\"wp-image-134038\" srcset=\"https:\/\/www.zoner.fi\/tuki\/wp-content\/uploads\/2024\/10\/pinterest-kotisivukone-2-1024x618.png 1024w, https:\/\/www.zoner.fi\/tuki\/wp-content\/uploads\/2024\/10\/pinterest-kotisivukone-2-300x181.png 300w, https:\/\/www.zoner.fi\/tuki\/wp-content\/uploads\/2024\/10\/pinterest-kotisivukone-2-768x463.png 768w, https:\/\/www.zoner.fi\/tuki\/wp-content\/uploads\/2024\/10\/pinterest-kotisivukone-2.png 1502w\" sizes=\"auto, (max-width: 1024px) 100vw, 1024px\" \/><\/figure>\n\n\n\n<h2 class=\"wp-block-heading\" id=\"step-3\">3. Muokkaa Pinterest-widgetin asetuksia<\/h2>\n\n\n\n<p>Kun olet lis\u00e4nnyt widgetin, voit muokata seuraavia asetuksia valitsemalla komponentin ja napsauttamalla sen yl\u00e4puolella olevia v\u00e4lilehti\u00e4:<\/p>\n\n\n\n<ul class=\"wp-block-list\">\n<li>&nbsp;<strong>Asetukset:<\/strong>&nbsp;T\u00e4\u00e4ll\u00e4 voit muuttaa komponentin mittoja sy\u00f6tt\u00e4m\u00e4ll\u00e4 mitat tekstikenttiin. Huomaa, ett\u00e4 voit my\u00f6s s\u00e4\u00e4t\u00e4\u00e4 kokoa vet\u00e4m\u00e4ll\u00e4 reunoja.<\/li>\n\n\n\n<li>&nbsp;<strong>Vaihda pin:<\/strong>&nbsp;Napsauta t\u00e4t\u00e4 vaihtoehtoa lis\u00e4t\u00e4ksesi eri Pinterest-kuvan komponenttiin.<\/li>\n\n\n\n<li>&nbsp;<strong>Vaihda taulu:<\/strong>&nbsp;Napsauta t\u00e4t\u00e4 vaihtoehtoa lis\u00e4t\u00e4ksesi eri Pinterest-taulun komponenttiin.<\/li>\n\n\n\n<li>&nbsp;<strong>Vaihda k\u00e4ytt\u00e4j\u00e4\u00e4:<\/strong>&nbsp;Napsauta t\u00e4t\u00e4 vaihtoehtoa lis\u00e4t\u00e4ksesi eri Pinterest-profiilin komponenttiin.<\/li>\n<\/ul>\n\n\n\n<p>Muista lopuksi&nbsp;<strong>tallentaa ja julkaista<\/strong>&nbsp;sivustosi, jotta tekem\u00e4si muutokset n\u00e4kyv\u00e4t julkaistulla sivustollasi.<\/p>\n","protected":false},"excerpt":{"rendered":"<p>Voit n\u00e4ytt\u00e4\u00e4 Pinterestin sis\u00e4lt\u00f6\u00e4 suoraan Zoner Kotisivukone -sivustollasi. T\u00e4ss\u00e4 oppaassa n\u00e4ytt\u00e4mme, miten voit lis\u00e4t\u00e4 Pinterest-kuvan, taulun tai profiilin kotisivuillesi Pinterest-widgetin avulla. Huomaa:&nbsp;T\u00e4m\u00e4 ominaisuus on saatavilla Zoner Kotisivukoneen Premium- ja Business-paketeissa.&nbsp; 1. Valitse Pinterest-widget 2. Lis\u00e4\u00e4 pin, taulu tai profiili 3. Muokkaa Pinterest-widgetin asetuksia Kun olet lis\u00e4nnyt widgetin, voit muokata seuraavia asetuksia valitsemalla komponentin ja napsauttamalla &#8230; <a title=\"Pinterest-widgetin lis\u00e4\u00e4minen kotisivuille\" class=\"read-more\" href=\"https:\/\/www.zoner.fi\/tuki\/kotisivukone\/zoner\/pinterest-widgetin-lisaaminen-kotisivuille\/\" aria-label=\"Lue lis\u00e4\u00e4 aiheesta Pinterest-widgetin lis\u00e4\u00e4minen kotisivuille\">Lue lis\u00e4\u00e4<\/a><\/p>\n","protected":false},"author":18,"featured_media":0,"parent":137385,"menu_order":0,"comment_status":"closed","ping_status":"closed","template":"","meta":{"_relevanssi_hide_post":"","_relevanssi_hide_content":"","_relevanssi_pin_for_all":"","_relevanssi_pin_keywords":"","_relevanssi_unpin_keywords":"","_relevanssi_related_keywords":"","_relevanssi_related_include_ids":"","_relevanssi_related_exclude_ids":"","_relevanssi_related_no_append":"","_relevanssi_related_not_related":"","_relevanssi_related_posts":"130440,1076,130455,131541,132584,130684","_relevanssi_noindex_reason":"","footnotes":""},"categories":[166],"tags":[164,162],"wf_page_folders":[],"class_list":{"0":"post-133364","1":"page","2":"type-page","3":"status-publish","5":"category-zoner-kotisivukone","6":"tag-kuvat","7":"tag-upotus-ja-koodi"},"_links":{"self":[{"href":"https:\/\/www.zoner.fi\/tuki\/wp-json\/wp\/v2\/pages\/133364","targetHints":{"allow":["GET"]}}],"collection":[{"href":"https:\/\/www.zoner.fi\/tuki\/wp-json\/wp\/v2\/pages"}],"about":[{"href":"https:\/\/www.zoner.fi\/tuki\/wp-json\/wp\/v2\/types\/page"}],"author":[{"embeddable":true,"href":"https:\/\/www.zoner.fi\/tuki\/wp-json\/wp\/v2\/users\/18"}],"replies":[{"embeddable":true,"href":"https:\/\/www.zoner.fi\/tuki\/wp-json\/wp\/v2\/comments?post=133364"}],"version-history":[{"count":5,"href":"https:\/\/www.zoner.fi\/tuki\/wp-json\/wp\/v2\/pages\/133364\/revisions"}],"predecessor-version":[{"id":134624,"href":"https:\/\/www.zoner.fi\/tuki\/wp-json\/wp\/v2\/pages\/133364\/revisions\/134624"}],"up":[{"embeddable":true,"href":"https:\/\/www.zoner.fi\/tuki\/wp-json\/wp\/v2\/pages\/137385"}],"wp:attachment":[{"href":"https:\/\/www.zoner.fi\/tuki\/wp-json\/wp\/v2\/media?parent=133364"}],"wp:term":[{"taxonomy":"category","embeddable":true,"href":"https:\/\/www.zoner.fi\/tuki\/wp-json\/wp\/v2\/categories?post=133364"},{"taxonomy":"post_tag","embeddable":true,"href":"https:\/\/www.zoner.fi\/tuki\/wp-json\/wp\/v2\/tags?post=133364"},{"taxonomy":"wf_page_folders","embeddable":true,"href":"https:\/\/www.zoner.fi\/tuki\/wp-json\/wp\/v2\/wf_page_folders?post=133364"}],"curies":[{"name":"wp","href":"https:\/\/api.w.org\/{rel}","templated":true}]}}