{"id":133382,"date":"2024-11-12T12:53:04","date_gmt":"2024-11-12T10:53:04","guid":{"rendered":"https:\/\/www.zoner.fi\/tuki\/?page_id=133382"},"modified":"2025-09-25T16:42:27","modified_gmt":"2025-09-25T13:42:27","slug":"kayta-https-protokollaa-zoner-kotisivukone-sivustollasi","status":"publish","type":"page","link":"https:\/\/www.zoner.fi\/tuki\/kotisivukone\/zoner\/kayta-https-protokollaa-zoner-kotisivukone-sivustollasi\/","title":{"rendered":"K\u00e4yt\u00e4 HTTPS-protokollaa Zoner Kotisivukone -sivustollasi"},"content":{"rendered":"\n<p>Zoner Kotisivukoneella julkaistu sivusto k\u00e4ytt\u00e4\u00e4 aina turvallista HTTPS-protokollaa.<\/p>\n\n\n\n<p>Jos saat varoituksen .htaccess-tiedoston ylikirjoittamiseen liittyen tai haluat tiet\u00e4\u00e4, miten ohjaus https-osoitteeseen toimii, lue lis\u00e4\u00e4 alta.<\/p>\n\n\n\n<h2 class=\"wp-block-heading\" id=\"step-1\">Miten vierailijat ohjataan k\u00e4ytt\u00e4m\u00e4\u00e4n HTTPS:\u00e4\u00e4 kun he vierailevat Zoner Kotisivukone -sivustolla?<\/h2>\n\n\n\n<p>Zoner Kotisivukoneessa on varmistettu .htaccess-tiedoston avulla, ett\u00e4 vierailijat k\u00e4ytt\u00e4v\u00e4t ainoastaan turvallista HTTPS-protokollaa. .htaccess-tiedostoon on lis\u00e4tty rewrite-m\u00e4\u00e4ritys, joka ohjaa kaikki pyynn\u00f6t salattuun https-osoitteeseen.<\/p>\n\n\n\n<h2 class=\"wp-block-heading\" id=\"step-2\">Minulta kysyt\u00e4\u00e4n, haluanko ylikirjoittaa olemassa olevan .htaccess-tiedoston. Mit\u00e4 teen?<\/h2>\n\n\n\n<p>Jos verkkolevytilaltasi l\u00f6ytyy jo .htaccess-tiedosto ja yrit\u00e4t julkaista sivustosi Zoner Kotisivukoneessa, saat varoitusviestin, jossa kysyt\u00e4\u00e4n, haluatko p\u00e4\u00e4llekirjoittaa olemassa olevan .htaccess-tiedoston.<\/p>\n\n\n\n<p>Vastaus t\u00e4h\u00e4n riippuu siit\u00e4, mit\u00e4 nykyinen .htaccess-tiedostosi sis\u00e4lt\u00e4\u00e4. .htaccess-tiedosto saattaa olla jo olemassa esimerkiksi siksi, ett\u00e4 olet lis\u00e4nnyt salasanasuojauksen, asentanut WordPressin tai jo lis\u00e4nnyt rewrite-m\u00e4\u00e4rityksen HTTPS:\u00e4\u00e4n.<\/p>\n\n\n\n<p>Jos et ole varma, on parempi s\u00e4ilytt\u00e4\u00e4 olemassa oleva tiedosto ja lis\u00e4t\u00e4 rewrite-m\u00e4\u00e4ritys siihen manuaalisesti.<\/p>\n\n\n\n<h2 class=\"wp-block-heading\" id=\"step-3\">Julkaisin sivustoni (uudelleen), mutta HTTPS ei silti toimi<\/h2>\n\n\n\n<p>Jos HTTPS ei toimi, se voi johtua siit\u00e4, ettei SSL:\u00e4\u00e4 ole aktivoitu oikein. Ota yhteytt\u00e4 tukeemme, niin autamme sen aktivoimisessa.<\/p>\n","protected":false},"excerpt":{"rendered":"<p>Zoner Kotisivukoneella julkaistu sivusto k\u00e4ytt\u00e4\u00e4 aina turvallista HTTPS-protokollaa. Jos saat varoituksen .htaccess-tiedoston ylikirjoittamiseen liittyen tai haluat tiet\u00e4\u00e4, miten ohjaus https-osoitteeseen toimii, lue lis\u00e4\u00e4 alta. Miten vierailijat ohjataan k\u00e4ytt\u00e4m\u00e4\u00e4n HTTPS:\u00e4\u00e4 kun he vierailevat Zoner Kotisivukone -sivustolla? Zoner Kotisivukoneessa on varmistettu .htaccess-tiedoston avulla, ett\u00e4 vierailijat k\u00e4ytt\u00e4v\u00e4t ainoastaan turvallista HTTPS-protokollaa. .htaccess-tiedostoon on lis\u00e4tty rewrite-m\u00e4\u00e4ritys, joka ohjaa kaikki pyynn\u00f6t &#8230; <a title=\"K\u00e4yt\u00e4 HTTPS-protokollaa Zoner Kotisivukone -sivustollasi\" class=\"read-more\" href=\"https:\/\/www.zoner.fi\/tuki\/kotisivukone\/zoner\/kayta-https-protokollaa-zoner-kotisivukone-sivustollasi\/\" aria-label=\"Lue lis\u00e4\u00e4 aiheesta K\u00e4yt\u00e4 HTTPS-protokollaa Zoner Kotisivukone -sivustollasi\">Lue lis\u00e4\u00e4<\/a><\/p>\n","protected":false},"author":18,"featured_media":0,"parent":137385,"menu_order":0,"comment_status":"closed","ping_status":"closed","template":"","meta":{"_relevanssi_hide_post":"","_relevanssi_hide_content":"","_relevanssi_pin_for_all":"","_relevanssi_pin_keywords":"","_relevanssi_unpin_keywords":"","_relevanssi_related_keywords":"","_relevanssi_related_include_ids":"","_relevanssi_related_exclude_ids":"","_relevanssi_related_no_append":"","_relevanssi_related_not_related":"","_relevanssi_related_posts":"130813,132072,131550,133233,130269,132325","_relevanssi_noindex_reason":"","footnotes":""},"categories":[166],"tags":[156],"wf_page_folders":[],"class_list":{"0":"post-133382","1":"page","2":"type-page","3":"status-publish","5":"category-zoner-kotisivukone","6":"tag-turvallisuus-ja-evasteet"},"_links":{"self":[{"href":"https:\/\/www.zoner.fi\/tuki\/wp-json\/wp\/v2\/pages\/133382","targetHints":{"allow":["GET"]}}],"collection":[{"href":"https:\/\/www.zoner.fi\/tuki\/wp-json\/wp\/v2\/pages"}],"about":[{"href":"https:\/\/www.zoner.fi\/tuki\/wp-json\/wp\/v2\/types\/page"}],"author":[{"embeddable":true,"href":"https:\/\/www.zoner.fi\/tuki\/wp-json\/wp\/v2\/users\/18"}],"replies":[{"embeddable":true,"href":"https:\/\/www.zoner.fi\/tuki\/wp-json\/wp\/v2\/comments?post=133382"}],"version-history":[{"count":5,"href":"https:\/\/www.zoner.fi\/tuki\/wp-json\/wp\/v2\/pages\/133382\/revisions"}],"predecessor-version":[{"id":134627,"href":"https:\/\/www.zoner.fi\/tuki\/wp-json\/wp\/v2\/pages\/133382\/revisions\/134627"}],"up":[{"embeddable":true,"href":"https:\/\/www.zoner.fi\/tuki\/wp-json\/wp\/v2\/pages\/137385"}],"wp:attachment":[{"href":"https:\/\/www.zoner.fi\/tuki\/wp-json\/wp\/v2\/media?parent=133382"}],"wp:term":[{"taxonomy":"category","embeddable":true,"href":"https:\/\/www.zoner.fi\/tuki\/wp-json\/wp\/v2\/categories?post=133382"},{"taxonomy":"post_tag","embeddable":true,"href":"https:\/\/www.zoner.fi\/tuki\/wp-json\/wp\/v2\/tags?post=133382"},{"taxonomy":"wf_page_folders","embeddable":true,"href":"https:\/\/www.zoner.fi\/tuki\/wp-json\/wp\/v2\/wf_page_folders?post=133382"}],"curies":[{"name":"wp","href":"https:\/\/api.w.org\/{rel}","templated":true}]}}