{"id":133386,"date":"2024-11-12T11:25:18","date_gmt":"2024-11-12T09:25:18","guid":{"rendered":"https:\/\/www.zoner.fi\/tuki\/?page_id=133386"},"modified":"2025-11-12T14:49:12","modified_gmt":"2025-11-12T12:49:12","slug":"stripe-kysymyksia-ja-vastauksia","status":"publish","type":"page","link":"https:\/\/www.zoner.fi\/tuki\/kotisivukone\/zoner\/stripe-kysymyksia-ja-vastauksia\/","title":{"rendered":"Stripe &#8211; kysymyksi\u00e4 ja vastauksia"},"content":{"rendered":"\n<p>T\u00e4st\u00e4 osiosta l\u00f6yd\u00e4t vastauksia yleisimpiin kysymyksiin Stripest\u00e4.<\/p>\n\n\n\n<p>Jos etsit asennusohjeita, tutustu oppaaseemme <a href=\"https:\/\/www.zoner.fi\/tuki\/kotisivukone\/zoner\/miten-aloitan-stripen-kayttamisen\/\">Miten aloitan Stripen k\u00e4ytt\u00e4misen?<\/a><\/p>\n\n\n\n<ul class=\"wp-block-list\">\n<li><a href=\"#mika-on-stripe\">Mik\u00e4 on Stripe?<\/a><\/li>\n\n\n\n<li><a href=\"#miten-aloitan-stripen-kayton\">Miten aloitan Stripen k\u00e4yt\u00f6n?<\/a><\/li>\n\n\n\n<li><a href=\"#tarvitsevatko-asiakkaat-stripe-tilin\">Tarvitsevatko asiakkaat Stripe-tilin ostaakseen jotain verkkokaupastani?<\/a><\/li>\n\n\n\n<li><a href=\"#onko-stripe-turvallinen\">Onko Stripe turvallinen?<\/a><\/li>\n\n\n\n<li><a href=\"#onko-stripe-pci-yhteensopiva\">Onko Stripe PCI yhteensopiva?<\/a><\/li>\n\n\n\n<li><a href=\"#kayttaako-verkkokauppa-ssl\">K\u00e4ytt\u00e4\u00e4k\u00f6 verkkokauppa SSL:\u00e4\u00e4?<\/a><\/li>\n\n\n\n<li><a href=\"#kuinka-pian-voin-hyvaksya-maksuja\">Kuinka pian voin hyv\u00e4ksy\u00e4 maksuja?<\/a><\/li>\n\n\n\n<li><a href=\"#kuinka-usein-stripe-siirtaa-rahat-tililleni\">Kuinka usein Stripe siirt\u00e4\u00e4 rahaa tililleni?<\/a><\/li>\n\n\n\n<li><a href=\"#miten-stripe-toimii-vaarennettyjen-korttien-ja-tilauksien-kanssa\">Miten Stripe toimii v\u00e4\u00e4rennettyjen korttien ja tilauksien kanssa?<\/a><\/li>\n\n\n\n<li><a href=\"#miten-stripe-k\u00e4sittelee-riitoja\">Kuinka Stripe k\u00e4sittelee riitoja?<\/a><\/li>\n\n\n\n<li><a href=\"#mit\u00e4-valuuttoja-voin-k\u00e4ytt\u00e4\u00e4\">Mit\u00e4 valuuttoja voin k\u00e4ytt\u00e4\u00e4?<\/a><\/li>\n\n\n\n<li><a href=\"#miss\u00e4-maissa-stripe-on-saatavilla\">Miss\u00e4 maissa Stripe on saatavilla?<\/a><\/li>\n\n\n\n<li><a href=\"#kuinka-paljon-stripe-maksaa\">Kuinka paljon Stripe maksaa?<\/a><\/li>\n\n\n\n<li><a href=\"#kuinka-paljon-hyvitykset-maksavat\">Kuinka paljon hyvitykset maksavat?<\/a><\/li>\n\n\n\n<li><a href=\"#veloittaako-zoner-stripen-kaytosta\">Veloittaako Zoner Stripen k\u00e4yt\u00f6st\u00e4?<\/a><\/li>\n\n\n\n<li><a href=\"#minulla-on-ongelmia-yhteyden-muodostamisessa-stripeen\">Minulla on ongelmia yhteyden muodostamisessa Stripeen<\/a><\/li>\n\n\n\n<li><a href=\"#kuinka-katkaisen-yhteyden-stripe-tiliini\">Kuinka katkaisen yhteyden Stripe-tiliini?<\/a><\/li>\n\n\n\n<li><a href=\"#stripe-ongelmat\">Minulla on ongelmia Stripen kanssa. Mist\u00e4 saan apua?<\/a><\/li>\n<\/ul>\n\n\n\n<h2 class=\"wp-block-heading\" id=\"mika-on-stripe\">Mik\u00e4 on Stripe?<\/h2>\n\n\n\n<p>Stripe on kolmannen osapuolen maksuratkaisu, joka mahdollistaa luotto- ja pankkikorttimaksujen hyv\u00e4ksymisen verkkokaupassasi. Se on turvallinen ja nopea, maksut voidaan k\u00e4sitell\u00e4 l\u00e4hes v\u00e4litt\u00f6m\u00e4sti. <a href=\"https:\/\/www.stripe.com\/\" target=\"_blank\" rel=\"noreferrer noopener\">Lis\u00e4tietoja Stripest\u00e4 l\u00f6yd\u00e4t Stripen virallisilta verkkosivuilta.<\/a><\/p>\n\n\n\n<h2 class=\"wp-block-heading\" id=\"miten-aloitan-stripen-kayton\">Miten aloitan Stripen k\u00e4yt\u00f6n?<\/h2>\n\n\n\n<p>Yhdist\u00e4 Stripeen Zoner Kotisivukone -verkkokaupan asetuksissa.\u00a0Tutustu oppaaseemme: <a href=\"https:\/\/www.zoner.fi\/tuki\/kotisivukone\/zoner\/miten-aloitan-stripen-kayttamisen\/\">Miten aloitan Stripen k\u00e4ytt\u00e4misen?<\/a><\/p>\n\n\n\n<h2 class=\"wp-block-heading\" id=\"tarvitsevatko-asiakkaat-stripe-tilin\">Tarvitsevatko asiakkaat Stripe-tilin ostaakseen jotain verkkokaupastani?<\/h2>\n\n\n\n<p>Eiv\u00e4t tarvitse. Asiakkaalla t\u00e4ytyy olla vain voimassa oleva luotto- tai pankkikortti, jossa on Visa- tai Mastercard-logo. <a href=\"https:\/\/support.stripe.com\/questions\/which-cards-and-payment-types-can-i-accept-with-stripe\" target=\"_blank\" rel=\"noreferrer noopener\">Lue lis\u00e4\u00e4 Stripen tuetuista korteista ja maksutyypeist\u00e4<\/a>.<\/p>\n\n\n\n<h2 class=\"wp-block-heading\" id=\"onko-stripe-turvallinen\">Onko Stripe turvallinen?<\/h2>\n\n\n\n<p>Kyll\u00e4. Stripe noudattaa alan tiukimpia turvallisuusvaatimuksia. <a href=\"https:\/\/stripe.com\/help\/security\" target=\"_blank\" rel=\"noreferrer noopener\">Lue lis\u00e4\u00e4 Stripen turvallisuudesta<\/a>.<\/p>\n\n\n\n<h2 class=\"wp-block-heading\" id=\"onko-stripe-pci-yhteensopiva\">Onko Stripe PCI yhteensopiva?<\/h2>\n\n\n\n<p>Kyll\u00e4. Stripe on PCI Tason 1 -palveluntarjoaja. <a href=\"https:\/\/stripe.com\/help\/security\" target=\"_blank\" rel=\"noreferrer noopener\">Lue lis\u00e4\u00e4 Stripen turvallisuudesta<\/a>.<\/p>\n\n\n\n<h2 class=\"wp-block-heading\" id=\"kayttaako-verkkokauppa-ssl\">K\u00e4ytt\u00e4\u00e4k\u00f6 verkkokauppa SSL:\u00e4\u00e4?<\/h2>\n\n\n\n<p>Kyll\u00e4. Zoner Kotisivukone -verkkokauppa tarjotaan SSL-yhteyden kautta Zoner Kotisivukoneella tehdyn sivuston kautta. Lue lis\u00e4\u00e4 SSL:st\u00e4.<\/p>\n\n\n\n<h2 class=\"wp-block-heading\" id=\"kuinka-pian-voin-hyvaksya-maksuja\">Kuinka pian voin hyv\u00e4ksy\u00e4 maksuja?<\/h2>\n\n\n\n<p>Voit hyv\u00e4ksy\u00e4 maksuja heti, kun Stripe-tilisi on yhdistetty verkkokauppaasi. Stripe hoitaa kaikki maksutapahtumasi. <a href=\"https:\/\/stripe.com\/docs\/payments\" target=\"_blank\" rel=\"noreferrer noopener\">Lue lis\u00e4\u00e4 maksuprosessista<\/a>.<\/p>\n\n\n\n<h2 class=\"wp-block-heading\" id=\"kuinka-usein-stripe-siirtaa-rahat-tililleni\">Kuinka usein Stripe siirt\u00e4\u00e4 rahat tililleni?<\/h2>\n\n\n\n<p>Stripe siirt\u00e4\u00e4 rahat pankkitilillesi&nbsp;<a href=\"https:\/\/manage.stripe.com\/transfers\/overview\" target=\"_blank\" rel=\"noreferrer noopener\">Stripe -hallintapaneelissa<\/a>&nbsp;asetetun aikataulun mukaisesti. Voit muuttaa aikataulua&nbsp;<a href=\"https:\/\/dashboard.stripe.com\/settings\/payouts\" target=\"_blank\" rel=\"noopener\">asetuksissa<\/a>. <a href=\"https:\/\/manage.stripe.com\/transfers\/overview\" target=\"_blank\" rel=\"noreferrer noopener\">Stripe -hallintapaneelissa<\/a> voit my\u00f6s n\u00e4hd\u00e4 yleiskatsauksen siirroista Stripest\u00e4 pankkitilillesi.<\/p>\n\n\n\n<p>Huomaa, ett\u00e4 useimmat pankit k\u00e4sittelev\u00e4t siirtoja vain arkip\u00e4ivin\u00e4. <a href=\"https:\/\/stripe.com\/help\/transfers\" target=\"_blank\" rel=\"noreferrer noopener\">Lue lis\u00e4\u00e4 Stripe-siirroista<\/a>.<\/p>\n\n\n\n<h2 class=\"wp-block-heading\" id=\"miten-stripe-toimii-vaarennettyjen-korttien-ja-tilauksien-kanssa\">Miten Stripe toimii v\u00e4\u00e4rennettyjen korttien ja tilauksien kanssa?<\/h2>\n\n\n\n<p>Stripe est\u00e4\u00e4 petokset havaitsemalla ep\u00e4ilytt\u00e4v\u00e4n toiminnan. Esimerkiksi toistuvien tilausten maksutapahtumat hyl\u00e4t\u00e4\u00e4n. Stripe tekee my\u00f6s yhteisty\u00f6t\u00e4 maailmanlaajuisten kumppaneiden ja luottokorttiverkostojen kanssa petosten valvomiseksi. <a href=\"https:\/\/support.stripe.com\/questions\/avoiding-fraud-and-disputes\" target=\"_blank\" rel=\"noreferrer noopener\">Lue lis\u00e4\u00e4 siit\u00e4, miten Stripe est\u00e4\u00e4 petoksia<\/a>.<\/p>\n\n\n\n<h2 class=\"wp-block-heading\" id=\"miten-stripe-k\u00e4sittelee-riitoja\">Miten Stripe k\u00e4sittelee riitoja?<\/h2>\n\n\n\n<p>Zoner ei ole vastuussa ostoihin liittyvist\u00e4 kiistoista. Stripe k\u00e4sittelee kaikki kiistat. <a href=\"https:\/\/stripe.com\/help\/disputes\" target=\"_blank\" rel=\"noreferrer noopener\">Lue lis\u00e4\u00e4 siit\u00e4, miten Stripe k\u00e4sittelee riitoja<\/a>.<\/p>\n\n\n\n<h2 class=\"wp-block-heading\" id=\"mit\u00e4-valuuttoja-voin-k\u00e4ytt\u00e4\u00e4\">Mit\u00e4 valuuttoja voin k\u00e4ytt\u00e4\u00e4?<\/h2>\n\n\n\n<p>Yleens\u00e4 voit k\u00e4ytt\u00e4\u00e4 sen maan valuuttaa, jossa olet. K\u00e4ytett\u00e4viss\u00e4 olevat valuutat riippuvat my\u00f6s siit\u00e4, miss\u00e4 yhdistetty pankkitilisi sijaitsee. <a href=\"https:\/\/support.stripe.com\/questions\/which-currencies-does-stripe-support\" target=\"_blank\" rel=\"noreferrer noopener\">Lue lis\u00e4\u00e4 k\u00e4ytett\u00e4viss\u00e4 olevista valuutoista<\/a>.<\/p>\n\n\n\n<p>Stripe veloittaa muuntomaksun maksusuorituksista, jotka tehd\u00e4\u00e4n valuutassa, joka ei liity pankkitiliisi. Muuntomaksu vaihtelee, mutta se on noin 2% tavallisten transaktiomaksujen lis\u00e4ksi.<\/p>\n\n\n\n<p>Voit v\u00e4ltt\u00e4\u00e4 t\u00e4m\u00e4n maksun yhdist\u00e4m\u00e4ll\u00e4 pankkitilin sellaisesta maasta, joka k\u00e4ytt\u00e4\u00e4 kyseist\u00e4 valuuttaa. T\u00e4ll\u00e4 valuutalla suoritetut maksut siirret\u00e4\u00e4n kyseiselle tilille ilman muuntomaksua. <a href=\"https:\/\/stripe.com\/pricing\" target=\"_blank\" rel=\"noreferrer noopener\">Lue lis\u00e4\u00e4 Stripen hinnoittelusta<\/a>.<\/p>\n\n\n\n<h2 class=\"wp-block-heading\" id=\"miss\u00e4-maissa-stripe-on-saatavilla\">Miss\u00e4 maissa Stripe on saatavilla?<\/h2>\n\n\n\n<p>Voit hyv\u00e4ksy\u00e4 maksuja kansainv\u00e4lisilt\u00e4 asiakkailta, jos pankkitilisi tukee Stripe\u00e4.<\/p>\n\n\n\n<p>Stripe on laajenemassa useampiin maihin. <a href=\"https:\/\/stripe.com\/global\" target=\"_blank\" rel=\"noreferrer noopener\">Katso t\u00e4ydellinen luettelo tuetuista maista<\/a>.<\/p>\n\n\n\n<h2 class=\"wp-block-heading\" id=\"kuinka-paljon-stripe-maksaa\">Kuinka paljon Stripe maksaa?<\/h2>\n\n\n\n<p>L\u00f6yd\u00e4t p\u00e4ivitetyn yleiskatsauksen Stripen maksuista Stripen omilta verkkosivuilta. <a href=\"https:\/\/support.stripe.com\/questions\/how-much-does-stripe-cost\" target=\"_blank\" rel=\"noreferrer noopener\">Lue lis\u00e4\u00e4 Stripen kustannuksista<\/a>.<\/p>\n\n\n\n<h2 class=\"wp-block-heading\" id=\"kuinka-paljon-hyvitykset-maksavat\">Kuinka paljon hyvitykset maksavat?<\/h2>\n\n\n\n<p>Hyvitykset ovat ilmaisia Stripell\u00e4. Jos palautat tilauksen Stripe-j\u00e4rjestelm\u00e4n kautta, maksutapahtumamaksu palautetaan tilillesi. <a href=\"https:\/\/support.stripe.com\/questions\/how-do-i-issue-refunds\" target=\"_blank\" rel=\"noreferrer noopener\">Lue lis\u00e4\u00e4 hyvitysten my\u00f6nt\u00e4misest\u00e4<\/a>.<\/p>\n\n\n\n<h2 class=\"wp-block-heading\" id=\"veloittaako-zoner-stripen-kaytosta\">Veloittaako Zoner Stripen k\u00e4yt\u00f6st\u00e4?<\/h2>\n\n\n\n<p>Zoner ei veloita sinulta mit\u00e4\u00e4n Stripen k\u00e4ytt\u00e4misest\u00e4. Stripe sis\u00e4ltyy verkkokauppatilaukseesi.<\/p>\n\n\n\n<p>Stripe veloittaa kuitenkin maksun jokaisesta maksutapahtumasta, ja tietyt maksutavat vaativat kuukausittaisen tilausmaksun .<a href=\"https:\/\/support.stripe.com\/questions\/how-much-does-stripe-cost\" target=\"_blank\" rel=\"noreferrer noopener\">Lue lis\u00e4\u00e4 Stripen kustannuksista<\/a>.<\/p>\n\n\n\n<h2 class=\"wp-block-heading\" id=\"minulla-on-ongelmia-yhteyden-muodostamisessa-stripeen\">Minulla on ongelmia yhteyden muodostamisessa Stripeen<\/h2>\n\n\n\n<p>Jos saat Stripeen rekister\u00f6ityess\u00e4si viestin, jossa kerrotaan, ett\u00e4 tili on jo olemassa, sinulla saattaa jo olla tili. K\u00e4ynnist\u00e4 prosessi uudelleen ja kirjaudu sis\u00e4\u00e4n nykyisell\u00e4 Stripe-tilill\u00e4si.<\/p>\n\n\n\n<p>Voit l\u00e4hett\u00e4\u00e4 s\u00e4hk\u00f6postia Stripelle suoraan osoitteeseen&nbsp;support@stripe.com. <a href=\"https:\/\/support.stripe.com\/\" target=\"_blank\" rel=\"noreferrer noopener\">Etsi vastauksia Stripen tukiosiosta<\/a>.<\/p>\n\n\n\n<h2 class=\"wp-block-heading\" id=\"kuinka-katkaisen-yhteyden-stripe-tiliini\">Kuinka katkaisen yhteyden Stripe-tiliini?<\/h2>\n\n\n\n<p>Voit helposti irrottaa Stripe-tilin verkkokaupastasi.<\/p>\n\n\n\n<ol class=\"wp-block-list\">\n<li>Avaa verkkokaupan hallintapaneeli.<\/li>\n\n\n\n<li>Siirry kohtaan&nbsp;<strong>Asetukset<\/strong>&nbsp;ja vierit\u00e4 alas kohtaan&nbsp;<strong>Maksuvaihtoehdot<\/strong>.<\/li>\n\n\n\n<li>Napsauta&nbsp;<strong>Muokkaa<\/strong>&nbsp;yhdistetyn Stripe-tilin s\u00e4hk\u00f6postiosoitteen vieress\u00e4 ja valitse&nbsp;<strong>avautuvassa ikkunassa Katkaise yhteys.<\/strong><\/li>\n<\/ol>\n\n\n\n<p>Haluatko muodostaa yhteyden toiseen Stripe-tiliin?\u00a0<a href=\"https:\/\/www.zoner.fi\/tuki\/kotisivukone\/zoner\/miten-aloitan-stripen-kayttamisen\/\">Noudata t\u00e4m\u00e4n oppaan ohjeita.<\/a><\/p>\n\n\n\n<h2 class=\"wp-block-heading\" id=\"stripe-ongelmat\">Minulla on ongelmia Stripen kanssa. Mist\u00e4 saan apua?<\/h2>\n\n\n\n<p>Jos et l\u00f6yt\u00e4nyt vastausta t\u00e4lt\u00e4 sivulta etk\u00e4 ohjeestamme <a href=\"https:\/\/www.zoner.fi\/tuki\/kotisivukone\/zoner\/miten-aloitan-stripen-kayttamisen\/\">Miten aloitan Stripen k\u00e4ytt\u00e4misen?<\/a>, voit l\u00e4hett\u00e4\u00e4 s\u00e4hk\u00f6postia Stripelle suoraan osoitteeseen\u00a0support@stripe.com tai <a href=\"https:\/\/support.stripe.com\/\" target=\"_blank\" rel=\"noreferrer noopener\">etsi\u00e4 vastauksia Stripen tukiosiosta<\/a>.<\/p>\n","protected":false},"excerpt":{"rendered":"<p>T\u00e4st\u00e4 osiosta l\u00f6yd\u00e4t vastauksia yleisimpiin kysymyksiin Stripest\u00e4. Jos etsit asennusohjeita, tutustu oppaaseemme Miten aloitan Stripen k\u00e4ytt\u00e4misen? Mik\u00e4 on Stripe? Stripe on kolmannen osapuolen maksuratkaisu, joka mahdollistaa luotto- ja pankkikorttimaksujen hyv\u00e4ksymisen verkkokaupassasi. Se on turvallinen ja nopea, maksut voidaan k\u00e4sitell\u00e4 l\u00e4hes v\u00e4litt\u00f6m\u00e4sti. Lis\u00e4tietoja Stripest\u00e4 l\u00f6yd\u00e4t Stripen virallisilta verkkosivuilta. Miten aloitan Stripen k\u00e4yt\u00f6n? Yhdist\u00e4 Stripeen Zoner Kotisivukone &#8230; <a title=\"Stripe &#8211; kysymyksi\u00e4 ja vastauksia\" class=\"read-more\" href=\"https:\/\/www.zoner.fi\/tuki\/kotisivukone\/zoner\/stripe-kysymyksia-ja-vastauksia\/\" aria-label=\"Lue lis\u00e4\u00e4 aiheesta Stripe &#8211; kysymyksi\u00e4 ja vastauksia\">Lue lis\u00e4\u00e4<\/a><\/p>\n","protected":false},"author":18,"featured_media":0,"parent":137385,"menu_order":0,"comment_status":"closed","ping_status":"closed","template":"","meta":{"_relevanssi_hide_post":"","_relevanssi_hide_content":"","_relevanssi_pin_for_all":"","_relevanssi_pin_keywords":"","_relevanssi_unpin_keywords":"","_relevanssi_related_keywords":"","_relevanssi_related_include_ids":"","_relevanssi_related_exclude_ids":"","_relevanssi_related_no_append":"","_relevanssi_related_not_related":"","_relevanssi_related_posts":"1066,132393,130578,132144,130667,130464","_relevanssi_noindex_reason":"","footnotes":""},"categories":[166],"tags":[161,163],"wf_page_folders":[],"class_list":{"0":"post-133386","1":"page","2":"type-page","3":"status-publish","5":"category-zoner-kotisivukone","6":"tag-integraatiot","7":"tag-verkkokauppa"},"_links":{"self":[{"href":"https:\/\/www.zoner.fi\/tuki\/wp-json\/wp\/v2\/pages\/133386","targetHints":{"allow":["GET"]}}],"collection":[{"href":"https:\/\/www.zoner.fi\/tuki\/wp-json\/wp\/v2\/pages"}],"about":[{"href":"https:\/\/www.zoner.fi\/tuki\/wp-json\/wp\/v2\/types\/page"}],"author":[{"embeddable":true,"href":"https:\/\/www.zoner.fi\/tuki\/wp-json\/wp\/v2\/users\/18"}],"replies":[{"embeddable":true,"href":"https:\/\/www.zoner.fi\/tuki\/wp-json\/wp\/v2\/comments?post=133386"}],"version-history":[{"count":7,"href":"https:\/\/www.zoner.fi\/tuki\/wp-json\/wp\/v2\/pages\/133386\/revisions"}],"predecessor-version":[{"id":138030,"href":"https:\/\/www.zoner.fi\/tuki\/wp-json\/wp\/v2\/pages\/133386\/revisions\/138030"}],"up":[{"embeddable":true,"href":"https:\/\/www.zoner.fi\/tuki\/wp-json\/wp\/v2\/pages\/137385"}],"wp:attachment":[{"href":"https:\/\/www.zoner.fi\/tuki\/wp-json\/wp\/v2\/media?parent=133386"}],"wp:term":[{"taxonomy":"category","embeddable":true,"href":"https:\/\/www.zoner.fi\/tuki\/wp-json\/wp\/v2\/categories?post=133386"},{"taxonomy":"post_tag","embeddable":true,"href":"https:\/\/www.zoner.fi\/tuki\/wp-json\/wp\/v2\/tags?post=133386"},{"taxonomy":"wf_page_folders","embeddable":true,"href":"https:\/\/www.zoner.fi\/tuki\/wp-json\/wp\/v2\/wf_page_folders?post=133386"}],"curies":[{"name":"wp","href":"https:\/\/api.w.org\/{rel}","templated":true}]}}