{"id":133395,"date":"2024-11-13T09:53:16","date_gmt":"2024-11-13T07:53:16","guid":{"rendered":"https:\/\/www.zoner.fi\/tuki\/?page_id=133395"},"modified":"2026-03-17T10:55:37","modified_gmt":"2026-03-17T08:55:37","slug":"miten-lisaan-arvonlisaveron-verkkokauppaani","status":"publish","type":"page","link":"https:\/\/www.zoner.fi\/tuki\/kotisivukone\/zoner\/miten-lisaan-arvonlisaveron-verkkokauppaani\/","title":{"rendered":"Miten lis\u00e4\u00e4n arvonlis\u00e4veron verkkokauppaani?"},"content":{"rendered":"\n<p>T\u00e4ss\u00e4 oppaassa kerromme, miten arvonlis\u00e4vero lasketaan, sek\u00e4 mill\u00e4 tavoilla voit peri\u00e4 sen verkkokauppasi asiakkailta.<\/p>\n\n\n\n<p>Aloita m\u00e4\u00e4ritt\u00e4m\u00e4ll\u00e4 yleinen arvonlis\u00e4veroprosentti, jonka veloitat kaikista verkkokauppasi tilauksista mahdollisia poikkeuksia lukuunottamatta.<\/p>\n\n\n\n<p>T\u00e4m\u00e4n j\u00e4lkeen voit m\u00e4\u00e4ritt\u00e4\u00e4 mukautettuja alv-kantoja tietyille tuotteille ja toimituskohteille. T\u00e4st\u00e4 on hy\u00f6ty\u00e4, jos osa tuotteistasi kuuluu alennettuihin alv-kantoihin, tai jos toimitat eri maihin, koska&nbsp;jokaisella maalla on omat verokantansa.<\/p>\n\n\n\n<p>Voit peri\u00e4 arvonlis\u00e4veron my\u00f6s toimituskuluistasi, joko yleisell\u00e4 kannalla tai kohdekohtaisella kannalla.<\/p>\n\n\n\n<p><strong>Huomaa:<\/strong>&nbsp;Mukautettu alv-kanta on aina ensisijainen yleiseen kantaan n\u00e4hden. Jos mukautettua kantaa ei ole k\u00e4ytett\u00e4viss\u00e4, kauppa laskee verot automaattisesti toimituskohteen verokannan mukaan, tai jos se ei ole k\u00e4ytett\u00e4viss\u00e4, verot lasketaan m\u00e4\u00e4ritt\u00e4m\u00e4si yleisen kannan mukaan.<\/p>\n\n\n\n<h2 class=\"wp-block-heading\" id=\"standard\">Lis\u00e4\u00e4 yleinen alv-kanta<\/h2>\n\n\n<div class=\"gb-container gb-container-efa4da2f\">\n\n<p>Jos mahdollista, k\u00e4yt\u00e4 vain yht\u00e4 alv-kantaa verkkokaupassasi, sill\u00e4 se on kaikista helpoin vaihtoehto. Jos m\u00e4\u00e4rit\u00e4t mukautettuja verokantoja, m\u00e4\u00e4ritt\u00e4m\u00e4si yleinen alv-kanta on aina oletusarvoinen varakanta.<\/p>\n\n<\/div>\n\n\n<ol class=\"wp-block-list\">\n<li>Siirry&nbsp;<strong>verkkokauppasi hallintapaneeliin<\/strong>.<\/li>\n\n\n\n<li>Napsauta&nbsp;<strong>Asetukset<\/strong>&nbsp;ja sitten&nbsp;<strong>ALV ja Toimitus<\/strong>.<\/li>\n\n\n\n<li>Vierit\u00e4 alas kohtaan&nbsp;<strong>ALV<\/strong>&nbsp;ja valitse valintaruutu&nbsp;<strong>Laske tilausten alv<\/strong>.<\/li>\n\n\n\n<li>Sy\u00f6t\u00e4 yleinen&nbsp;<strong>alv-kanta<\/strong> (Suomessa yleinen alv-kanta on 25.5 %).<\/li>\n\n\n\n<li>Rastita valintaruutu, jos haluat, ett\u00e4 alv lasketaan my\u00f6s toimituskuluista.<\/li>\n\n\n\n<li>Klikkaa&nbsp;<strong>Tallenna<\/strong>-painiketta n\u00e4yt\u00f6n alareunassa.<\/li>\n<\/ol>\n\n\n\n<p><strong>Huomaa:<\/strong>&nbsp;M\u00e4\u00e4ritt\u00e4m\u00e4si yleinen alv-kanta huomioidaan vain tilauksissa, jotka l\u00e4hetet\u00e4\u00e4n:<\/p>\n\n\n\n<ul class=\"wp-block-list\">\n<li>Samaan maahan tai osavaltioon (USA).<\/li>\n\n\n\n<li>EU\/EFTA-alueen sis\u00e4ll\u00e4 yksityishenkil\u00f6lle.<\/li>\n<\/ul>\n\n\n\n<p>Kaikissa muissa tilanteissa arvonlis\u00e4veroa ei lasketa, ellet m\u00e4\u00e4rit\u00e4 mukautettua verokantaa.<\/p>\n\n\n\n<figure class=\"wp-block-image size-large\"><img loading=\"lazy\" decoding=\"async\" width=\"1024\" height=\"642\" src=\"https:\/\/www.zoner.fi\/tuki\/wp-content\/uploads\/2024\/10\/alv-lisaaminen-1-1024x642.png\" alt=\"\" class=\"wp-image-134064\" srcset=\"https:\/\/www.zoner.fi\/tuki\/wp-content\/uploads\/2024\/10\/alv-lisaaminen-1-1024x642.png 1024w, https:\/\/www.zoner.fi\/tuki\/wp-content\/uploads\/2024\/10\/alv-lisaaminen-1-300x188.png 300w, https:\/\/www.zoner.fi\/tuki\/wp-content\/uploads\/2024\/10\/alv-lisaaminen-1-768x481.png 768w, https:\/\/www.zoner.fi\/tuki\/wp-content\/uploads\/2024\/10\/alv-lisaaminen-1-1536x963.png 1536w, https:\/\/www.zoner.fi\/tuki\/wp-content\/uploads\/2024\/10\/alv-lisaaminen-1.png 1875w\" sizes=\"auto, (max-width: 1024px) 100vw, 1024px\" \/><\/figure>\n\n\n\n<h2 class=\"wp-block-heading\" id=\"custom\">Lis\u00e4\u00e4 mukautettu alv-kanta<\/h2>\n\n\n\n<p>Yleinen verokanta ei v\u00e4ltt\u00e4m\u00e4tt\u00e4 koske kaikkia kauppasi tuotteita: Suomessa<strong> <\/strong>esimerkiksi kirjoilla ja lehdill\u00e4 on alennettu verokanta.<\/p>\n\n\n\n<p>Voit lis\u00e4t\u00e4 mukautetun ALV-kannan tietyille tuotekategorioille ja\/tai kohdemaille. Mukautettu alv-kanta on verkkokaupassa aina ensisijainen yleiseen ALV-kantaan n\u00e4hden.<\/p>\n\n\n\n<p><strong>Huomaa:<\/strong>&nbsp;Jos tuote kuuluu kahteen kategoriaan, joilla kummallakin on mukautettu kanta, siihen sovelletaan korkeampaa kantaa.<\/p>\n\n\n\n<ol class=\"wp-block-list\">\n<li>M\u00e4\u00e4rit\u00e4 ensin&nbsp;yleinen alv-kanta&nbsp;edell\u00e4 kuvatulla tavalla.<\/li>\n\n\n\n<li>Valitse&nbsp;<strong>K\u00e4yt\u00e4 mukautettuja ALV-prosentteja<\/strong>&nbsp;-valintaruutu.<\/li>\n\n\n\n<li>Valitse toimituskohde ja anna verokannan prosenttiosuus yritys- ja yksityisasiakkaille.<br>&#8211; Vaihtoehtoisesti voit valita tuotekategorian, johon verokanta p\u00e4tee.<\/li>\n\n\n\n<li>Napsauta&nbsp;<strong>Lis\u00e4\u00e4 rivi (Maa)<\/strong>, jos haluat lis\u00e4t\u00e4 muita toimituskohteita.<\/li>\n\n\n\n<li>Klikkaa&nbsp;<strong>Tallenna<\/strong>-painiketta n\u00e4yt\u00f6n alareunassa.<\/li>\n<\/ol>\n\n\n\n<figure class=\"wp-block-image size-large\"><img loading=\"lazy\" decoding=\"async\" width=\"1024\" height=\"643\" src=\"https:\/\/www.zoner.fi\/tuki\/wp-content\/uploads\/2024\/10\/alv-lisaaminen-2-1024x643.png\" alt=\"\" class=\"wp-image-134065\" srcset=\"https:\/\/www.zoner.fi\/tuki\/wp-content\/uploads\/2024\/10\/alv-lisaaminen-2-1024x643.png 1024w, https:\/\/www.zoner.fi\/tuki\/wp-content\/uploads\/2024\/10\/alv-lisaaminen-2-300x188.png 300w, https:\/\/www.zoner.fi\/tuki\/wp-content\/uploads\/2024\/10\/alv-lisaaminen-2-768x482.png 768w, https:\/\/www.zoner.fi\/tuki\/wp-content\/uploads\/2024\/10\/alv-lisaaminen-2-1536x964.png 1536w, https:\/\/www.zoner.fi\/tuki\/wp-content\/uploads\/2024\/10\/alv-lisaaminen-2.png 1875w\" sizes=\"auto, (max-width: 1024px) 100vw, 1024px\" \/><\/figure>\n\n\n\n<h2 class=\"wp-block-heading\" id=\"calculated\">Miten arvonlis\u00e4vero lasketaan?<\/h2>\n\n\n\n<p>Arvonlis\u00e4vero sis\u00e4ltyy valmiiksi tuotteelle asettamaasi hintaan, eli siihen hintaan, joka n\u00e4kyy asiakkaillesi verkkokaupassasi. N\u00e4in asiakkaasi n\u00e4kev\u00e4t heti tuotteen kokonaishinnan, koska verot on lis\u00e4tty siihen valmiiksi.<\/p>\n\n\n\n<p><strong>Esimerkki:<\/strong><\/p>\n\n\n\n<p>Tuotteen hinta on 24,00 \u0404 sis\u00e4lt\u00e4en 20 % alv. Hinta ilman arvonlis\u00e4veroa on 24,00\/1,2 = 20,00 \u0404. Asiakkaasi maksaa 4,00 \u0404 arvonlis\u00e4veroa. Toimituskuluja ei huomioida arvonlis\u00e4veroa laskettaessa.<\/p>\n\n\n\n<hr class=\"wp-block-separator has-alpha-channel-opacity\"\/>\n\n\n\n<p id=\"shipping\"><strong>Toimituksen ALV<\/strong><br>Voit laskea arvonlis\u00e4veron my\u00f6s toimituskuluista. T\u00e4ll\u00f6in toimituskulut sis\u00e4llytet\u00e4\u00e4n tilauksen kokonaishintaan, josta alv sen j\u00e4lkeen lasketaan.<\/p>\n\n\n\n<p><strong>Esimerkki:<\/strong><\/p>\n\n\n\n<p>Tuotteen hinta on 24,00 \u0404 ja sen toimituskulut ovat 6,00 \u0404. Yhteens\u00e4 n\u00e4ist\u00e4 tulee 30,00 EUR, sis. 20 % ALV. Hinta ilman arvonlis\u00e4veroa on 30,00\/1,2 = 25,00 \u0404. Asiakkaasi maksaa 5,00 \u0404 arvonlis\u00e4veroa.<\/p>\n\n\n\n<hr class=\"wp-block-separator has-alpha-channel-opacity\"\/>\n\n\n\n<p id=\"reduced\"><strong>Mukautetut alv-kannat<\/strong><br>Voit k\u00e4ytt\u00e4\u00e4 mukautettuja alv-kantoja esimerkiksi tuotteille, joilla on alennettu alv-kanta. Mukautettuja alv-kantoja voi m\u00e4\u00e4ritt\u00e4\u00e4 tietyille tuotekategorioille ja\/tai toimituskohteille.<\/p>\n\n\n\n<p><strong>Esimerkki:<\/strong><\/p>\n\n\n\n<p>Asiakas tilaa kirjan hintaan 22 \u0404, sis\u00e4lt\u00e4en 10 % alv, ja laukun hintaan 18 \u0404, sis\u00e4lt\u00e4en 20 % alv. Toimituskulut ovat 6 \u0404, sis\u00e4lt\u00e4en 20 % alv. Kokonaishinta ilman arvonlis\u00e4veroa on t\u00e4ll\u00f6in 35,00 euroa; 22\/1,1 = 20,00 euroa kirjasta, 18\/1,2 = 15,00 euroa laukusta ja toimituksesta 6\/1,2 = 5,00 euroa.<\/p>\n\n\n\n<hr class=\"wp-block-separator has-alpha-channel-opacity\"\/>\n\n\n\n<p id=\"business\"><strong>Ykityishenkil\u00f6- vs. yrityshinnat<\/strong><\/p>\n\n\n\n<p><strong>Arvonlis\u00e4vero sis\u00e4ltyy hintaan<\/strong><br>Jos olet m\u00e4\u00e4ritt\u00e4nyt yksityis- ja yritysasiakkaille erilaisia alv-kantoja, arvonlis\u00e4veroton hinta lasketaan verkkokaupan hallintapaneelissa tuotteelle asettamasi hinnan mukaan, eli siit\u00e4 v\u00e4hennet\u00e4\u00e4n yksityisen arvonlis\u00e4veron prosenttiosuus.<\/p>\n\n\n\n<p><strong>Esimerkki:<\/strong><\/p>\n\n\n\n<p>Jos tuotteen hinta on 24,00 euroa ja yksityishenkil\u00f6iden alv on 20 %, niin hinta ilman arvonlis\u00e4veroa on 24,00\/1,2 = 20,00 euroa. Jos m\u00e4\u00e4rit\u00e4t yritysten arvonlis\u00e4veroksi 10 %, se tarkoittaa, ett\u00e4 verkkokaupan yritysasiakkaille hinta on 20,00 x 1,1 = 22,00 \u0404.<\/p>\n\n\n\n<p>Jos taas m\u00e4\u00e4rit\u00e4t yritysten arvonlis\u00e4veroksi 25 %, se tarkoittaa, ett\u00e4 verkkokaupan yritysasiakkaille hinta on 20,00 x 1,25 = 25,00 \u0404.<\/p>\n\n\n\n<p><strong>ALV\/verot eiv\u00e4t sis\u00e4lly hintaan<\/strong><br>Jos olet m\u00e4\u00e4ritt\u00e4nyt yksityis- ja yritysasiakkaille erilaisia alv-kantoja, arvonlis\u00e4veroton hinta on tuotteelle m\u00e4\u00e4ritt\u00e4m\u00e4si hinta.<\/p>\n\n\n\n<p><strong>Esimerkki:<\/strong><\/p>\n\n\n\n<p>Tuotteen hinta on 24,00 \u0404 ilman arvonlis\u00e4veroa. Jos m\u00e4\u00e4rit\u00e4t yksityishenkil\u00f6iden arvonlis\u00e4veroksi 20 % ja yritysten arvonlis\u00e4veroksi 10 %, se tarkoittaa, ett\u00e4 yksityisasiakkaille tuotteen hinta on 24,00 x 1,2 = 28,80 euroa ja yritysasiakkaille 24,00 x 1,1 = 26,40 euroa.<\/p>\n","protected":false},"excerpt":{"rendered":"<p>T\u00e4ss\u00e4 oppaassa kerromme, miten arvonlis\u00e4vero lasketaan, sek\u00e4 mill\u00e4 tavoilla voit peri\u00e4 sen verkkokauppasi asiakkailta. Aloita m\u00e4\u00e4ritt\u00e4m\u00e4ll\u00e4 yleinen arvonlis\u00e4veroprosentti, jonka veloitat kaikista verkkokauppasi tilauksista mahdollisia poikkeuksia lukuunottamatta. T\u00e4m\u00e4n j\u00e4lkeen voit m\u00e4\u00e4ritt\u00e4\u00e4 mukautettuja alv-kantoja tietyille tuotteille ja toimituskohteille. T\u00e4st\u00e4 on hy\u00f6ty\u00e4, jos osa tuotteistasi kuuluu alennettuihin alv-kantoihin, tai jos toimitat eri maihin, koska&nbsp;jokaisella maalla on omat verokantansa. &#8230; <a title=\"Miten lis\u00e4\u00e4n arvonlis\u00e4veron verkkokauppaani?\" class=\"read-more\" href=\"https:\/\/www.zoner.fi\/tuki\/kotisivukone\/zoner\/miten-lisaan-arvonlisaveron-verkkokauppaani\/\" aria-label=\"Lue lis\u00e4\u00e4 aiheesta Miten lis\u00e4\u00e4n arvonlis\u00e4veron verkkokauppaani?\">Lue lis\u00e4\u00e4<\/a><\/p>\n","protected":false},"author":18,"featured_media":0,"parent":137385,"menu_order":0,"comment_status":"closed","ping_status":"closed","template":"","meta":{"_relevanssi_hide_post":"","_relevanssi_hide_content":"","_relevanssi_pin_for_all":"","_relevanssi_pin_keywords":"","_relevanssi_unpin_keywords":"","_relevanssi_related_keywords":"","_relevanssi_related_include_ids":"","_relevanssi_related_exclude_ids":"","_relevanssi_related_no_append":"","_relevanssi_related_not_related":"","_relevanssi_related_posts":"130779,130578,130498,132254,132348,130964","_relevanssi_noindex_reason":"","footnotes":""},"categories":[166],"tags":[163],"wf_page_folders":[],"class_list":{"0":"post-133395","1":"page","2":"type-page","3":"status-publish","5":"category-zoner-kotisivukone","6":"tag-verkkokauppa"},"_links":{"self":[{"href":"https:\/\/www.zoner.fi\/tuki\/wp-json\/wp\/v2\/pages\/133395","targetHints":{"allow":["GET"]}}],"collection":[{"href":"https:\/\/www.zoner.fi\/tuki\/wp-json\/wp\/v2\/pages"}],"about":[{"href":"https:\/\/www.zoner.fi\/tuki\/wp-json\/wp\/v2\/types\/page"}],"author":[{"embeddable":true,"href":"https:\/\/www.zoner.fi\/tuki\/wp-json\/wp\/v2\/users\/18"}],"replies":[{"embeddable":true,"href":"https:\/\/www.zoner.fi\/tuki\/wp-json\/wp\/v2\/comments?post=133395"}],"version-history":[{"count":8,"href":"https:\/\/www.zoner.fi\/tuki\/wp-json\/wp\/v2\/pages\/133395\/revisions"}],"predecessor-version":[{"id":138696,"href":"https:\/\/www.zoner.fi\/tuki\/wp-json\/wp\/v2\/pages\/133395\/revisions\/138696"}],"up":[{"embeddable":true,"href":"https:\/\/www.zoner.fi\/tuki\/wp-json\/wp\/v2\/pages\/137385"}],"wp:attachment":[{"href":"https:\/\/www.zoner.fi\/tuki\/wp-json\/wp\/v2\/media?parent=133395"}],"wp:term":[{"taxonomy":"category","embeddable":true,"href":"https:\/\/www.zoner.fi\/tuki\/wp-json\/wp\/v2\/categories?post=133395"},{"taxonomy":"post_tag","embeddable":true,"href":"https:\/\/www.zoner.fi\/tuki\/wp-json\/wp\/v2\/tags?post=133395"},{"taxonomy":"wf_page_folders","embeddable":true,"href":"https:\/\/www.zoner.fi\/tuki\/wp-json\/wp\/v2\/wf_page_folders?post=133395"}],"curies":[{"name":"wp","href":"https:\/\/api.w.org\/{rel}","templated":true}]}}