{"id":133397,"date":"2024-11-13T09:55:28","date_gmt":"2024-11-13T07:55:28","guid":{"rendered":"https:\/\/www.zoner.fi\/tuki\/?page_id=133397"},"modified":"2025-09-25T16:43:09","modified_gmt":"2025-09-25T13:43:09","slug":"miten-vien-verkkokauppani-tilaukset-csv-tiedostona","status":"publish","type":"page","link":"https:\/\/www.zoner.fi\/tuki\/kotisivukone\/zoner\/miten-vien-verkkokauppani-tilaukset-csv-tiedostona\/","title":{"rendered":"Miten vien verkkokauppani tilaukset CSV-tiedostona?"},"content":{"rendered":"\n<p>Zoner Kotisivukoneella tehdyn verkkokaupan tilaukset voi vied\u00e4 CSV-tiedostona. Avaa tiedosto Exceliss\u00e4 tai muussa taulukkolaskentaohjelmassa analysoidaksesi kauppasi myynti\u00e4.<\/p>\n\n\n\n<h2 class=\"wp-block-heading\" id=\"step-1\">1. Siirry verkkokaupan tilaussivulle<\/h2>\n\n\n\n<ol class=\"wp-block-list\">\n<li>Avaa verkkokaupan hallintapaneeli.<\/li>\n\n\n\n<li>Valitse <strong>Tilaukset <\/strong>-> <strong>Nykyiset<\/strong>.<\/li>\n\n\n\n<li>Valitse\u00a0oikeassa yl\u00e4kulmassa <strong>Toiminnot <\/strong>-> <strong>Vie<\/strong>.<\/li>\n<\/ol>\n\n\n\n<h2 class=\"wp-block-heading\" id=\"step-2\">2. Valitse viet\u00e4v\u00e4t tiedot<\/h2>\n\n\n\n<p>Valitse, mitk\u00e4 tilaukset vied\u00e4\u00e4n:<\/p>\n\n\n\n<ul class=\"wp-block-list\">\n<li>\u00a0<strong>Nykyinen sivu<\/strong>: kaikki tilaukset, jotka ovat n\u00e4kyviss\u00e4 t\u00e4ll\u00e4 hetkell\u00e4 avoinna olevalla sivulla.<\/li>\n\n\n\n<li>\u00a0<strong>Kaikki tilaukset<\/strong>: kaikki kaupassa olevat tilaukset, arkistoitujen tilausten kanssa tai ilman niit\u00e4.<\/li>\n\n\n\n<li>\u00a0<strong>P\u00e4iv\u00e4m\u00e4\u00e4r\u00e4n mukaan<\/strong>: tilaukset, jotka on vastaanotettu tietyn ajanjakson sis\u00e4ll\u00e4.<\/li>\n\n\n\n<li>\u00a0<strong>Valitut tilaukset<\/strong>: ennen Vie-painikkeen painamista valitut tilaukset.<\/li>\n<\/ul>\n\n\n\n<p>Tallenna CSV-tiedosto tietokoneellesi valitsemalla&nbsp;<strong>Vie<\/strong>.<\/p>\n","protected":false},"excerpt":{"rendered":"<p>Zoner Kotisivukoneella tehdyn verkkokaupan tilaukset voi vied\u00e4 CSV-tiedostona. Avaa tiedosto Exceliss\u00e4 tai muussa taulukkolaskentaohjelmassa analysoidaksesi kauppasi myynti\u00e4. 1. Siirry verkkokaupan tilaussivulle 2. Valitse viet\u00e4v\u00e4t tiedot Valitse, mitk\u00e4 tilaukset vied\u00e4\u00e4n: Tallenna CSV-tiedosto tietokoneellesi valitsemalla&nbsp;Vie.<\/p>\n","protected":false},"author":18,"featured_media":0,"parent":137385,"menu_order":0,"comment_status":"closed","ping_status":"closed","template":"","meta":{"_relevanssi_hide_post":"","_relevanssi_hide_content":"","_relevanssi_pin_for_all":"","_relevanssi_pin_keywords":"","_relevanssi_unpin_keywords":"","_relevanssi_related_keywords":"","_relevanssi_related_include_ids":"","_relevanssi_related_exclude_ids":"","_relevanssi_related_no_append":"","_relevanssi_related_not_related":"","_relevanssi_related_posts":"132336,130657,130667,130641,130553,130813","_relevanssi_noindex_reason":"","footnotes":""},"categories":[166],"tags":[163],"wf_page_folders":[],"class_list":{"0":"post-133397","1":"page","2":"type-page","3":"status-publish","5":"category-zoner-kotisivukone","6":"tag-verkkokauppa"},"_links":{"self":[{"href":"https:\/\/www.zoner.fi\/tuki\/wp-json\/wp\/v2\/pages\/133397","targetHints":{"allow":["GET"]}}],"collection":[{"href":"https:\/\/www.zoner.fi\/tuki\/wp-json\/wp\/v2\/pages"}],"about":[{"href":"https:\/\/www.zoner.fi\/tuki\/wp-json\/wp\/v2\/types\/page"}],"author":[{"embeddable":true,"href":"https:\/\/www.zoner.fi\/tuki\/wp-json\/wp\/v2\/users\/18"}],"replies":[{"embeddable":true,"href":"https:\/\/www.zoner.fi\/tuki\/wp-json\/wp\/v2\/comments?post=133397"}],"version-history":[{"count":2,"href":"https:\/\/www.zoner.fi\/tuki\/wp-json\/wp\/v2\/pages\/133397\/revisions"}],"predecessor-version":[{"id":134078,"href":"https:\/\/www.zoner.fi\/tuki\/wp-json\/wp\/v2\/pages\/133397\/revisions\/134078"}],"up":[{"embeddable":true,"href":"https:\/\/www.zoner.fi\/tuki\/wp-json\/wp\/v2\/pages\/137385"}],"wp:attachment":[{"href":"https:\/\/www.zoner.fi\/tuki\/wp-json\/wp\/v2\/media?parent=133397"}],"wp:term":[{"taxonomy":"category","embeddable":true,"href":"https:\/\/www.zoner.fi\/tuki\/wp-json\/wp\/v2\/categories?post=133397"},{"taxonomy":"post_tag","embeddable":true,"href":"https:\/\/www.zoner.fi\/tuki\/wp-json\/wp\/v2\/tags?post=133397"},{"taxonomy":"wf_page_folders","embeddable":true,"href":"https:\/\/www.zoner.fi\/tuki\/wp-json\/wp\/v2\/wf_page_folders?post=133397"}],"curies":[{"name":"wp","href":"https:\/\/api.w.org\/{rel}","templated":true}]}}