{"id":133409,"date":"2024-11-12T11:29:06","date_gmt":"2024-11-12T09:29:06","guid":{"rendered":"https:\/\/www.zoner.fi\/tuki\/?page_id=133409"},"modified":"2025-09-25T16:43:01","modified_gmt":"2025-09-25T13:43:01","slug":"miten-muutan-sivun-nimea-zoner-kotisivukoneessa","status":"publish","type":"page","link":"https:\/\/www.zoner.fi\/tuki\/kotisivukone\/zoner\/miten-muutan-sivun-nimea-zoner-kotisivukoneessa\/","title":{"rendered":"Miten muutan sivun nime\u00e4 Zoner Kotisivukoneessa?"},"content":{"rendered":"\n<p>Zoner Kotisivukoneessa voit helposti muuttaa sivun nime\u00e4. T\u00e4ss\u00e4 ohjeessa n\u00e4yt\u00e4mme, miten se onnistuu.<\/p>\n\n\n\n<ol class=\"wp-block-list\">\n<li>Napsauta Zoner Kotisivukoneen editorissa sivun vasemman yl\u00e4reunassa olevaa sinist\u00e4\u00a0<strong>Sivuvalikkoa<\/strong>.<\/li>\n\n\n\n<li>Klikkaa hiiren oikealla painikkeella sivua (tai napsauta kolmen pisteen kuvaketta), jonka nime\u00e4 haluat muuttaa, ja valitse\u00a0<strong>Asetukset<\/strong>.<\/li>\n\n\n\n<li>Avautuneessa ikkunassa voit muokata sivun nime\u00e4. Voit muuttaa nime\u00e4 enint\u00e4\u00e4n kolmessa eri paikassa riippuen sivustosi rakenteesta ja siit\u00e4, muutatko p\u00e4\u00e4sivun vai\u00a0<a href=\"https:\/\/www.zoner.fi\/tuki\/kotisivukone\/miten-lisaan-alisivun-zoner-kotisivukoneessa\/\">alisivun<\/a>\u00a0nime\u00e4. Kuvan esimerkiss\u00e4 n\u00e4kyy p\u00e4\u00e4sivu, jolla on alisivuja. Sivun kolme eri nimivaihtoehtoa ovat n\u00e4m\u00e4:\n<ul class=\"wp-block-list\">\n<li>\u00a0<strong>Sivun nimi valikossa<\/strong>: Kotisivujen valikossa n\u00e4kyv\u00e4 sivun nimi.<\/li>\n\n\n\n<li>\u00a0<strong>Sivun nimi selaimen v\u00e4lilehdell\u00e4 ja hakutuloksissa<\/strong>: Kuten esimerkkikuvassa n\u00e4kyy, t\u00e4m\u00e4 nimi n\u00e4kyy selaimen v\u00e4lilehdell\u00e4 n\u00e4yt\u00f6n yl\u00e4osassa, kun sivu on auki. T\u00e4m\u00e4 on my\u00f6s sivun otsikko hakukoneiden tuloksissa. Voit muuttaa sit\u00e4 napsauttamalla sen vieress\u00e4 olevaa sinist\u00e4\u00a0<strong>Muokkaa nime\u00e4<\/strong>\u00a0-teksti\u00e4.<\/li>\n\n\n\n<li>\u00a0<strong>Kansion URL-nimi<\/strong>: Sivun nimi sen URL-osoitteessa. T\u00e4st\u00e4 tulee my\u00f6s sivun tiedoston tai kansion nimi verkkolevytilassa.<\/li>\n<\/ul>\n<\/li>\n\n\n\n<li>Kun olet tehnyt muutokset, napsauta\u00a0<strong>Tallenna<\/strong>.<\/li>\n\n\n\n<li>Napsauta\u00a0<strong>Tallenna<\/strong>\u00a0ja\u00a0<strong>Julkaise<\/strong>, jotta muutokset n\u00e4kyv\u00e4t verkossa.<\/li>\n<\/ol>\n\n\n\n<p><strong>Huomaa:<\/strong>\u00a0Jos muutat sivun URL-osoitetta, suosittelemme, ett\u00e4 k\u00e4yt\u00e4t siin\u00e4 vain pieni\u00e4 kirjaimia, numeroita ja v\u00e4liviivoja. Muista my\u00f6s p\u00e4ivitt\u00e4\u00e4 sivulle johtavat linkit sivustollasi. Valikon linkit p\u00e4ivittyv\u00e4t automaattisesti.<\/p>\n\n\n\n<figure class=\"wp-block-image size-large\"><img loading=\"lazy\" decoding=\"async\" width=\"1024\" height=\"640\" src=\"https:\/\/www.zoner.fi\/tuki\/wp-content\/uploads\/2024\/10\/kotisivukone-sivun-nimen-muuttaminen-1-1024x640.png\" alt=\"\" class=\"wp-image-134234\" srcset=\"https:\/\/www.zoner.fi\/tuki\/wp-content\/uploads\/2024\/10\/kotisivukone-sivun-nimen-muuttaminen-1-1024x640.png 1024w, https:\/\/www.zoner.fi\/tuki\/wp-content\/uploads\/2024\/10\/kotisivukone-sivun-nimen-muuttaminen-1-300x188.png 300w, https:\/\/www.zoner.fi\/tuki\/wp-content\/uploads\/2024\/10\/kotisivukone-sivun-nimen-muuttaminen-1-768x480.png 768w, https:\/\/www.zoner.fi\/tuki\/wp-content\/uploads\/2024\/10\/kotisivukone-sivun-nimen-muuttaminen-1-1536x960.png 1536w, https:\/\/www.zoner.fi\/tuki\/wp-content\/uploads\/2024\/10\/kotisivukone-sivun-nimen-muuttaminen-1.png 1873w\" sizes=\"auto, (max-width: 1024px) 100vw, 1024px\" \/><\/figure>\n","protected":false},"excerpt":{"rendered":"<p>Zoner Kotisivukoneessa voit helposti muuttaa sivun nime\u00e4. T\u00e4ss\u00e4 ohjeessa n\u00e4yt\u00e4mme, miten se onnistuu. Huomaa:\u00a0Jos muutat sivun URL-osoitetta, suosittelemme, ett\u00e4 k\u00e4yt\u00e4t siin\u00e4 vain pieni\u00e4 kirjaimia, numeroita ja v\u00e4liviivoja. Muista my\u00f6s p\u00e4ivitt\u00e4\u00e4 sivulle johtavat linkit sivustollasi. Valikon linkit p\u00e4ivittyv\u00e4t automaattisesti.<\/p>\n","protected":false},"author":18,"featured_media":0,"parent":137385,"menu_order":0,"comment_status":"closed","ping_status":"closed","template":"","meta":{"_relevanssi_hide_post":"","_relevanssi_hide_content":"","_relevanssi_pin_for_all":"","_relevanssi_pin_keywords":"","_relevanssi_unpin_keywords":"","_relevanssi_related_keywords":"","_relevanssi_related_include_ids":"","_relevanssi_related_exclude_ids":"","_relevanssi_related_no_append":"","_relevanssi_related_not_related":"","_relevanssi_related_posts":"130553,130616,130498,132072,132144,130273","_relevanssi_noindex_reason":"","footnotes":""},"categories":[166],"tags":[159,158],"wf_page_folders":[],"class_list":{"0":"post-133409","1":"page","2":"type-page","3":"status-publish","5":"category-zoner-kotisivukone","6":"tag-sivut","7":"tag-yleiset"},"_links":{"self":[{"href":"https:\/\/www.zoner.fi\/tuki\/wp-json\/wp\/v2\/pages\/133409","targetHints":{"allow":["GET"]}}],"collection":[{"href":"https:\/\/www.zoner.fi\/tuki\/wp-json\/wp\/v2\/pages"}],"about":[{"href":"https:\/\/www.zoner.fi\/tuki\/wp-json\/wp\/v2\/types\/page"}],"author":[{"embeddable":true,"href":"https:\/\/www.zoner.fi\/tuki\/wp-json\/wp\/v2\/users\/18"}],"replies":[{"embeddable":true,"href":"https:\/\/www.zoner.fi\/tuki\/wp-json\/wp\/v2\/comments?post=133409"}],"version-history":[{"count":2,"href":"https:\/\/www.zoner.fi\/tuki\/wp-json\/wp\/v2\/pages\/133409\/revisions"}],"predecessor-version":[{"id":134236,"href":"https:\/\/www.zoner.fi\/tuki\/wp-json\/wp\/v2\/pages\/133409\/revisions\/134236"}],"up":[{"embeddable":true,"href":"https:\/\/www.zoner.fi\/tuki\/wp-json\/wp\/v2\/pages\/137385"}],"wp:attachment":[{"href":"https:\/\/www.zoner.fi\/tuki\/wp-json\/wp\/v2\/media?parent=133409"}],"wp:term":[{"taxonomy":"category","embeddable":true,"href":"https:\/\/www.zoner.fi\/tuki\/wp-json\/wp\/v2\/categories?post=133409"},{"taxonomy":"post_tag","embeddable":true,"href":"https:\/\/www.zoner.fi\/tuki\/wp-json\/wp\/v2\/tags?post=133409"},{"taxonomy":"wf_page_folders","embeddable":true,"href":"https:\/\/www.zoner.fi\/tuki\/wp-json\/wp\/v2\/wf_page_folders?post=133409"}],"curies":[{"name":"wp","href":"https:\/\/api.w.org\/{rel}","templated":true}]}}