{"id":133411,"date":"2024-11-18T14:44:14","date_gmt":"2024-11-18T12:44:14","guid":{"rendered":"https:\/\/www.zoner.fi\/tuki\/?page_id=133411"},"modified":"2025-11-12T14:45:58","modified_gmt":"2025-11-12T12:45:58","slug":"miten-muutan-monisivuisen-sivuston-yksisivuiseksi-sivustoksi-zoner-kotisivukoneessa","status":"publish","type":"page","link":"https:\/\/www.zoner.fi\/tuki\/kotisivukone\/zoner\/miten-muutan-monisivuisen-sivuston-yksisivuiseksi-sivustoksi-zoner-kotisivukoneessa\/","title":{"rendered":"Miten muutan monisivuisen sivuston yksisivuiseksi sivustoksi Zoner Kotisivukoneessa?"},"content":{"rendered":"\n<p>T\u00e4ss\u00e4 oppaassa n\u00e4yt\u00e4mme, miten voit muuttaa monisivuisen Zoner Kotisivukone -sivuston yhdest\u00e4 sivusta koostuvaksi sivustoksi. T\u00e4m\u00e4n voi tehd\u00e4 monella eri tavalla, mutta n\u00e4yt\u00e4mme mielest\u00e4mme helpoimman vaihtoehdon.<\/p>\n\n\n\n<h2 class=\"wp-block-heading\" id=\"step_1\">1. Varmista, ett\u00e4 sinulla on varmuuskopio sivustostasi<\/h2>\n\n\n\n<p>Varmista aluksi, ett\u00e4 sinulla on varmuuskopio nykyisest\u00e4 verkkosivustostasi. Voit luoda varmuuskopion&nbsp;Varmuuskopioi &amp; Palauta -ominaisuudella, joka sis\u00e4ltyy Zoner Kotisivukoneen Premium- ja Business-paketteihin. Lis\u00e4ksi se on saatavilla erillisen\u00e4 lis\u00e4osana. Jos haluat k\u00e4ytt\u00e4\u00e4 t\u00e4t\u00e4 vaihtoehtoa, toimi seuraavasti:<\/p>\n\n\n\n<ol class=\"wp-block-list\">\n<li>Avaa lista varmuuskopioista napsauttamalla Zoner Kotisivukone -editorin oikeassa yl\u00e4kulmassa olevaa&nbsp;<strong>kellokuvaketta<\/strong>.<\/li>\n\n\n\n<li>Tarkista, ett\u00e4 sivustostasi on saatavilla tuore varmuuskopio. Voit esikatsella varmuuskopiota napsauttamalla sen p\u00e4iv\u00e4m\u00e4\u00e4r\u00e4\u00e4. Jos haluat luoda uuden varmuuskopion, tallenna sivustosi ja tarkista viel\u00e4, ett\u00e4 uusi varmuuskopio l\u00f6ytyy varmuuskopioiden yleiskatsauksesta. Merkitse muistiin valitsemasi varmuuskopion aikaleima.<\/li>\n<\/ol>\n\n\n\n<h2 class=\"wp-block-heading\" id=\"step-2\">2. Hahmottele sivuston uusi rakenne<\/h2>\n\n\n\n<p>Mieti, milt\u00e4 haluat yksisivuisen sivustosi n\u00e4ytt\u00e4v\u00e4n. Sivun rakenteen voi hahmotella esim. paperille.<\/p>\n\n\n\n<p>T\u00e4ss\u00e4 oppaassa valitsemme kotisivujen jokaiselta sivulta vain yhden osion ja tuomme ne kaikki samalle sivulle. K\u00e4y ensin l\u00e4pi kaikki nykyiset sivusi ja mieti n\u00e4it\u00e4:<\/p>\n\n\n\n<ul class=\"wp-block-list\">\n<li><strong>Mitk\u00e4 sivut minun pit\u00e4isi ottaa mukaan?<\/strong>&nbsp;Sinulla saattaa olla yli 5 sivua tai sivuja, joita et tarvitse. Jos n\u00e4in on, aloita p\u00e4\u00e4tt\u00e4m\u00e4ll\u00e4, mitk\u00e4 5 sivua haluat s\u00e4ilytt\u00e4\u00e4. Sinun t\u00e4ytyy ehk\u00e4 siirt\u00e4\u00e4 elementtej\u00e4 sivujen v\u00e4lill\u00e4 tai poistaa osioita p\u00e4\u00e4sivultasi, jotta voit tehd\u00e4 tilaa uusille osioille.<\/li>\n\n\n\n<li><strong>Mitk\u00e4 osiot minun pit\u00e4isi ottaa mukaan?&nbsp;<\/strong>Kun olet valinnut viisi sivua, katso jokaista niist\u00e4 erikseen ja p\u00e4\u00e4t\u00e4, mink\u00e4 osion kyseiselt\u00e4 sivulta haluat s\u00e4ilytt\u00e4\u00e4 linkitettyn\u00e4 osiona. Sinun t\u00e4ytyy ehk\u00e4 siirt\u00e4\u00e4 elementtej\u00e4 osioiden v\u00e4lill\u00e4 tai laajentaa jotakin osiota, jotta saat kaikki haluamasi komponentit mahtumaan yhteen osioon.<\/li>\n<\/ul>\n\n\n\n<p>Kun tied\u00e4t, mitk\u00e4 osiot haluat s\u00e4ilytt\u00e4\u00e4, voit siirty\u00e4 seuraavaan vaiheeseen ja aloittaa sivustosi muokkaamisen.<\/p>\n\n\n\n<h2 class=\"wp-block-heading\" id=\"step-3\">3. Lis\u00e4\u00e4 osioita aloitussivulle<\/h2>\n\n\n\n<ol class=\"wp-block-list\">\n<li>Siirry Zoner Kotisivukone -editorissa sille sivulle, josta haluat tehd\u00e4 yksisivuisen sivustosi\u00a0<a href=\"https:\/\/www.zoner.fi\/tuki\/kotisivukone\/zoner\/miten-maaritan-aloitussivun-zoner-kotisivukoneessa\/\">aloitussivun<\/a>.<\/li>\n\n\n\n<li><strong>Lis\u00e4\u00e4 oma osio<\/strong>&nbsp;jokaiselle sivulle, jonka haluat siirt\u00e4\u00e4 osioksi aloitussivulle. Siirr\u00e4 hiiren osoitin osioiden v\u00e4liss\u00e4 olevan&nbsp;<strong>oranssin viivan<\/strong>&nbsp;p\u00e4\u00e4lle ja valitse&nbsp;<strong>Lis\u00e4\u00e4 osio<\/strong>. Lis\u00e4\u00e4 tyhj\u00e4 osio sivupaneelista.<\/li>\n\n\n\n<li>Toista t\u00e4t\u00e4, kunnes sinulla on osio jokaiselle siirrett\u00e4v\u00e4lle sivulle\/osiolle.<\/li>\n<\/ol>\n\n\n\n<h2 class=\"wp-block-heading\" id=\"step-4\">4. Nime\u00e4 osiot uudelleen vastaamaan valitsemiasi sivuja<\/h2>\n\n\n\n<p>Nime\u00e4 tyhj\u00e4t osiot uudelleen niin, ett\u00e4 niiden otsikko vastaa niiden edustamaa sivua:<\/p>\n\n\n\n<ol class=\"wp-block-list\">\n<li>Napsauta&nbsp;<strong>Muokkaa osiota<\/strong>.<\/li>\n\n\n\n<li>Siirry kohtaan&nbsp;<strong>Osion otsikko<\/strong>.<\/li>\n\n\n\n<li>Kirjoita osion uusi otsikko. Otsikon pit\u00e4isi olla&nbsp;<strong>sama kuin sen sivun nimi, jota se edustaa<\/strong>.<\/li>\n\n\n\n<li>Toista t\u00e4m\u00e4 kaikille tyhjille osioille, kunnes niill\u00e4 kaikilla on vastaavan sivun nimi.&nbsp;<\/li>\n\n\n\n<li>Napsauta&nbsp;<strong>Tallenna<\/strong>-painiketta.<\/li>\n<\/ol>\n\n\n\n<h2 class=\"wp-block-heading\" id=\"step-5\">5. Kopioi osiot<\/h2>\n\n\n\n<p>Aloita seuraavaksi mukaan otettavien osioiden kopioiminen p\u00e4\u00e4sivullesi:<\/p>\n\n\n\n<ol class=\"wp-block-list\">\n<li>Siirry sivulle, jolta l\u00f6ytyy osio, jonka haluat s\u00e4ilytt\u00e4\u00e4.<\/li>\n\n\n\n<li><strong>Napsauta<\/strong>&nbsp;<strong>osiota<\/strong>&nbsp;hiiren kakkospainikkeella ja napsauta sitten n\u00e4kyviin tulevasta valikosta&nbsp;<strong>Kopioi<\/strong>.<\/li>\n\n\n\n<li>Palaa takaisin p\u00e4\u00e4sivullesi.&nbsp;<strong>Napsauta hiiren kakkospainikkeella<\/strong>&nbsp;tyhj\u00e4\u00e4 osiota, joka vastaa sivua, josta juuri kopioit osion.<\/li>\n\n\n\n<li>Napsauta&nbsp;<strong>Liit\u00e4<\/strong>. Kopioitu osio lis\u00e4t\u00e4\u00e4n tyhj\u00e4n osion&nbsp;<em>alle<\/em>.<\/li>\n\n\n\n<li>Napsauta&nbsp;<strong>Tallenna<\/strong>-painiketta.<\/li>\n\n\n\n<li>Toista t\u00e4m\u00e4 prosessi kaikille s\u00e4ilytett\u00e4ville osioille, kunnes tyhjien osioiden alla on kopiot kaikista valitsemistasi osioista.<\/li>\n<\/ol>\n\n\n\n<p><strong>Huomaa:<\/strong>&nbsp;Sinisten reunusten ulkopuolelle sijoitetut komponentit saattavat liikkua hieman, kun ne kopioidaan.<\/p>\n\n\n\n<h2 class=\"wp-block-heading\" id=\"step-6\">6. Poista ja nime\u00e4 osioita uudelleen<\/h2>\n\n\n\n<p>Nyt kun kaikki valitsemasi osiot ovat yhdell\u00e4 sivulla, voit poistaa tyhj\u00e4t osiot ja nimet\u00e4 juuri kopioimasi osiot uudelleen.&nbsp;<\/p>\n\n\n\n<ol class=\"wp-block-list\">\n<li>Valitse tyhj\u00e4 osio ja poista se napsauttamalla vasemmalla olevaa&nbsp;<strong>roskakorikuvaketta<\/strong>.<\/li>\n\n\n\n<li><strong>Nime\u00e4 uudelleen<\/strong>&nbsp;sen alla oleva osio. Anna sille sama nimi, joka juuri poistamallasi osiolla oli.<\/li>\n\n\n\n<li>Toista t\u00e4m\u00e4 kaikille osioille, kunnes sivulla ei ole en\u00e4\u00e4 tyhji\u00e4 osioita ja kaikki kopioidut osiot on nimetty uudelleen.<\/li>\n\n\n\n<li>Napsauta&nbsp;<strong>Tallenna<\/strong>-painiketta.<\/li>\n<\/ol>\n\n\n\n<h2 class=\"wp-block-heading\" id=\"step-7\">7. Lis\u00e4\u00e4 osiolinkkej\u00e4<\/h2>\n\n\n\n<p>Lis\u00e4\u00e4 osiolinkit kaikkiin p\u00e4\u00e4sivusi osioihin. N\u00e4in voit johdattaa k\u00e4vij\u00e4t oikeaan paikkaan yksisivuisella sivustollasi, kun he napsauttavat valikon linkkej\u00e4. Sivustolla voi olla niin monta osiota kuin haluat, paitsi jos sinulla on Starter-paketti, jolloin osiolinkkej\u00e4 voi olla enint\u00e4\u00e4n 5.<\/p>\n\n\n\n<ol class=\"wp-block-list\">\n<li>Siirry&nbsp;<strong>sivuvalikkoon<\/strong>. Se on sininen palkki n\u00e4yt\u00f6n vasemmassa yl\u00e4kulmassa.<\/li>\n\n\n\n<li>Napsauta&nbsp;<strong>osiolinkin<\/strong>&nbsp;kuvaketta. Se on pieni kuvake, jossa on ketju ja plusmerkki oikealla.<\/li>\n\n\n\n<li>Kirjoita&nbsp;<strong>otsikko<\/strong>, joka osiolla tulee olemaan valikossasi. Jos haluat luoda vanhan valikon uudelleen, t\u00e4m\u00e4n pit\u00e4isi olla sama kuin osiolle antamasi nimi.<\/li>\n\n\n\n<li>Valitse&nbsp;<strong>sivu<\/strong>, jossa linkki sijaitsee. Valitse&nbsp;<strong>p\u00e4\u00e4sivusi<\/strong>.<\/li>\n\n\n\n<li>Valitse&nbsp;<strong>osio<\/strong>, johon linkki johtaa. T\u00e4m\u00e4n pit\u00e4isi olla sama kuin valikon otsikko.<\/li>\n\n\n\n<li>Klikkaa&nbsp;<strong>Lis\u00e4\u00e4<\/strong>.<\/li>\n\n\n\n<li>Toista t\u00e4t\u00e4, kunnes sinulla on osiolinkki jokaiselle sivullesi uudelle osiolle.<\/li>\n\n\n\n<li>Napsauta&nbsp;<strong>Tallenna<\/strong>-painiketta.<\/li>\n<\/ol>\n\n\n\n<p>Jos tarvitset tarkempia ohjeita, lue\u00a0seuraava oppaamme: <a href=\"https:\/\/www.zoner.fi\/tuki\/kotisivukone\/zoner\/miten-luon-linkin-sivun-osioon\/\">Miten luon linkin sivun osioon?<\/a><\/p>\n\n\n\n<p><strong>Vinkki<\/strong>: Osiolinkkien enimm\u00e4ism\u00e4\u00e4r\u00e4\u00e4 koskee vain Basic-pakettia. Premium- ja Business-paketeilla voit lis\u00e4t\u00e4 rajoittamattoman m\u00e4\u00e4r\u00e4n osiolinkkej\u00e4.<\/p>\n\n\n\n<h2 class=\"wp-block-heading\" id=\"step-8\">8. Piilota alkuper\u00e4iset sivut<\/h2>\n\n\n\n<p>Tarkista seuraavaksi, ett\u00e4 osiolinkit toimivat kuten pit\u00e4\u00e4kin. T\u00e4m\u00e4 on helpompi tarkistaa, jos piilotat ensin alkuper\u00e4iset sivut. Muuten osiolinkkej\u00e4 ja varsinaisten sivujen linkkej\u00e4 on vaikea erottaa toisistaan, sill\u00e4 valikoissa pit\u00e4isi nyt olla kaksi kappaletta jokaista linkki\u00e4.<\/p>\n\n\n\n<ol class=\"wp-block-list\">\n<li>Siirry&nbsp;<strong>sivuvalikkoon<\/strong>.<\/li>\n\n\n\n<li>Etsi alkuper\u00e4inen sivu. Voit nopeasti erottaa sivut osiolinkeist\u00e4, sill\u00e4 j\u00e4lkimm\u00e4iset l\u00f6ytyv\u00e4t alareunasta ja ne on merkitty pienell\u00e4 ankkurikuvakkeella.<\/li>\n\n\n\n<li>Napsauta sivun vieress\u00e4 olevia&nbsp;<strong>kolmea pistett\u00e4<\/strong>&nbsp;ja valitse&nbsp;<strong>Piilota sivu<\/strong>.<\/li>\n\n\n\n<li>Toista, kunnes olet piilottanut kaikki sivut osiolinkkej\u00e4 lukuun ottamatta.<\/li>\n<\/ol>\n\n\n\n<h2 class=\"wp-block-heading\" id=\"step-9\">9. Tarkista sivusto ja osiolinkit esikatselussa<\/h2>\n\n\n\n<ol class=\"wp-block-list\">\n<li>Klikkaa n\u00e4yt\u00f6n oikeassa yl\u00e4kulmassa kohtaa&nbsp;<strong>Esikatselu<\/strong>.<\/li>\n\n\n\n<li>Napsauta jokaista valikon linkki\u00e4 ja varmista, ett\u00e4 ne kaikki johtavat omiin osioihinsa. T\u00e4lt\u00e4 yksisivuinen sivustosi n\u00e4ytt\u00e4\u00e4 k\u00e4vij\u00f6ille.<\/li>\n<\/ol>\n\n\n\n<h2 class=\"wp-block-heading\" id=\"step-10\">10. Tarkista, ett\u00e4 kotisivusi on piilotettu vain valikosta<\/h2>\n\n\n\n<p>T\u00e4m\u00e4 vaihe on tarpeellinen vain, jos sivun nimi on sama kuin sen ensimm\u00e4isen osion nimi, eli esimerkiksi jos niiden molempien nimi on &#8221;Etusivu&#8221;. Jos haluat est\u00e4\u00e4 saman otsikon n\u00e4kymisen valikossa kahdesti, varmista, ett\u00e4 itse sivu on piilotettu valikosta.<\/p>\n\n\n\n<ol class=\"wp-block-list\">\n<li>Siirry&nbsp;<strong>sivuvalikkoon<\/strong>.<\/li>\n\n\n\n<li>Napsauta&nbsp;<strong>kolmea pistett\u00e4<\/strong>&nbsp;kotisivusi vieress\u00e4.<\/li>\n\n\n\n<li>Siirry kohtaan&nbsp;<strong>Asetukset<\/strong>.<\/li>\n\n\n\n<li>Valitse&nbsp;<strong>Piilota sivu<\/strong>&nbsp;-kohdassa valintaruutu, jossa lukee&nbsp;<strong>\u00c4l\u00e4 n\u00e4yt\u00e4 valikoissa<\/strong>.<\/li>\n\n\n\n<li>Napsauta&nbsp;<strong>Tallenna<\/strong>&nbsp;jos muutit asetuksia laatikossa.<\/li>\n<\/ol>\n\n\n\n<p><strong>Huomaa:<\/strong>&nbsp;Toinen ruutu, jossa lukee&nbsp;<strong>\u00c4l\u00e4 julkaise t\u00e4t\u00e4 sivua<\/strong>, ei saa olla rastitettuna. Muuten et voi julkaista verkkosivustoasi.<\/p>\n\n\n\n<h2 class=\"wp-block-heading\" id=\"step-11\">11. Poista alkuper\u00e4iset sivut&nbsp;<\/h2>\n\n\n\n<p>Jos olet tyytyv\u00e4inen esikatseluun, voit poistaa alkuper\u00e4iset sivut, jotka olet nyt piilottanut n\u00e4kyvist\u00e4.&nbsp;<strong>\u00c4l\u00e4<\/strong>&nbsp;kuitenkaan poista p\u00e4\u00e4sivua (aloitussivua).&nbsp;<\/p>\n\n\n\n<ol class=\"wp-block-list\">\n<li>Siirry sivuvalikkoon.<\/li>\n\n\n\n<li>Napsauta sivun vieress\u00e4 olevia&nbsp;<strong>kolmea pistett\u00e4<\/strong>&nbsp;ja valitse sitten&nbsp;<strong>Poista sivu<\/strong>.<\/li>\n\n\n\n<li>Toista, kunnes olet poistanut kaikki vanhat sivusi.<\/li>\n<\/ol>\n\n\n\n<p><strong>Huomaa:<\/strong>&nbsp;Jos haluat, voit s\u00e4ilytt\u00e4\u00e4 sivut Zoner Kotisivukone -editorissasi. Varmista vain ensin, ettei niit\u00e4 julkaista: mene&nbsp;<strong>sivuvalikkoon<\/strong>&nbsp;ja napsauta&nbsp;<strong>kolmea pistett\u00e4<\/strong>&nbsp;sivun vieress\u00e4, ja valitsemalla sitten&nbsp;<strong>Sivun asetukset<\/strong>. Rastita&nbsp;<strong>Piilota sivu<\/strong>&nbsp;-v\u00e4lilehdell\u00e4 ruutu, jossa lukee&nbsp;<strong>\u00c4l\u00e4 julkaise t\u00e4t\u00e4 sivua<\/strong>, ja napsauta sitten&nbsp;<strong>Tallenna<\/strong>. Tee t\u00e4m\u00e4 jokaiselle sivulle, jonka haluat tallentaa, jotta voit julkaista sivustosi.<\/p>\n\n\n\n<h2 class=\"wp-block-heading\" id=\"step-12\">12. Kiinnit\u00e4 valikko yl\u00e4reunaan (valinnainen)<\/h2>\n\n\n\n<p>Suosittelemme, ett\u00e4 kiinnit\u00e4t yl\u00e4tunnisteen ja valikon sivun yl\u00e4reunaan. T\u00e4t\u00e4 ei ole pakko tehd\u00e4, mutta se helpottaa k\u00e4vij\u00f6iden navigointia yksisivuisella sivustollasi.<\/p>\n\n\n\n<ol class=\"wp-block-list\">\n<li>Valitse&nbsp;<strong>yl\u00e4tunniste<\/strong>.<\/li>\n\n\n\n<li>Napsauta&nbsp;<strong>kolmen pisteen<\/strong>&nbsp;kuvaketta.<\/li>\n\n\n\n<li>Napsauta&nbsp;<strong>Kiinnit\u00e4 yl\u00e4reunaan<\/strong>.<\/li>\n\n\n\n<li>Napsauta&nbsp;<strong>Tallenna<\/strong>-painiketta.<\/li>\n<\/ol>\n\n\n\n<p>Olet nyt muuttanut monisivuisen Zoner Kotisivukone -sivuston yksisivuiseksi sivustoksi! Muista viel\u00e4&nbsp;<strong>julkaista<\/strong>&nbsp;valmis sivusto.<\/p>\n","protected":false},"excerpt":{"rendered":"<p>T\u00e4ss\u00e4 oppaassa n\u00e4yt\u00e4mme, miten voit muuttaa monisivuisen Zoner Kotisivukone -sivuston yhdest\u00e4 sivusta koostuvaksi sivustoksi. T\u00e4m\u00e4n voi tehd\u00e4 monella eri tavalla, mutta n\u00e4yt\u00e4mme mielest\u00e4mme helpoimman vaihtoehdon. 1. Varmista, ett\u00e4 sinulla on varmuuskopio sivustostasi Varmista aluksi, ett\u00e4 sinulla on varmuuskopio nykyisest\u00e4 verkkosivustostasi. Voit luoda varmuuskopion&nbsp;Varmuuskopioi &amp; Palauta -ominaisuudella, joka sis\u00e4ltyy Zoner Kotisivukoneen Premium- ja Business-paketteihin. Lis\u00e4ksi se &#8230; <a title=\"Miten muutan monisivuisen sivuston yksisivuiseksi sivustoksi Zoner Kotisivukoneessa?\" class=\"read-more\" href=\"https:\/\/www.zoner.fi\/tuki\/kotisivukone\/zoner\/miten-muutan-monisivuisen-sivuston-yksisivuiseksi-sivustoksi-zoner-kotisivukoneessa\/\" aria-label=\"Lue lis\u00e4\u00e4 aiheesta Miten muutan monisivuisen sivuston yksisivuiseksi sivustoksi Zoner Kotisivukoneessa?\">Lue lis\u00e4\u00e4<\/a><\/p>\n","protected":false},"author":18,"featured_media":0,"parent":137385,"menu_order":0,"comment_status":"closed","ping_status":"closed","template":"","meta":{"_relevanssi_hide_post":"","_relevanssi_hide_content":"","_relevanssi_pin_for_all":"","_relevanssi_pin_keywords":"","_relevanssi_unpin_keywords":"","_relevanssi_related_keywords":"","_relevanssi_related_include_ids":"","_relevanssi_related_exclude_ids":"","_relevanssi_related_no_append":"","_relevanssi_related_not_related":"","_relevanssi_related_posts":"131892,130450,132261,130865,132325,1066","_relevanssi_noindex_reason":"","footnotes":""},"categories":[166],"tags":[159,158],"wf_page_folders":[],"class_list":{"0":"post-133411","1":"page","2":"type-page","3":"status-publish","5":"category-zoner-kotisivukone","6":"tag-sivut","7":"tag-yleiset"},"_links":{"self":[{"href":"https:\/\/www.zoner.fi\/tuki\/wp-json\/wp\/v2\/pages\/133411","targetHints":{"allow":["GET"]}}],"collection":[{"href":"https:\/\/www.zoner.fi\/tuki\/wp-json\/wp\/v2\/pages"}],"about":[{"href":"https:\/\/www.zoner.fi\/tuki\/wp-json\/wp\/v2\/types\/page"}],"author":[{"embeddable":true,"href":"https:\/\/www.zoner.fi\/tuki\/wp-json\/wp\/v2\/users\/18"}],"replies":[{"embeddable":true,"href":"https:\/\/www.zoner.fi\/tuki\/wp-json\/wp\/v2\/comments?post=133411"}],"version-history":[{"count":5,"href":"https:\/\/www.zoner.fi\/tuki\/wp-json\/wp\/v2\/pages\/133411\/revisions"}],"predecessor-version":[{"id":138028,"href":"https:\/\/www.zoner.fi\/tuki\/wp-json\/wp\/v2\/pages\/133411\/revisions\/138028"}],"up":[{"embeddable":true,"href":"https:\/\/www.zoner.fi\/tuki\/wp-json\/wp\/v2\/pages\/137385"}],"wp:attachment":[{"href":"https:\/\/www.zoner.fi\/tuki\/wp-json\/wp\/v2\/media?parent=133411"}],"wp:term":[{"taxonomy":"category","embeddable":true,"href":"https:\/\/www.zoner.fi\/tuki\/wp-json\/wp\/v2\/categories?post=133411"},{"taxonomy":"post_tag","embeddable":true,"href":"https:\/\/www.zoner.fi\/tuki\/wp-json\/wp\/v2\/tags?post=133411"},{"taxonomy":"wf_page_folders","embeddable":true,"href":"https:\/\/www.zoner.fi\/tuki\/wp-json\/wp\/v2\/wf_page_folders?post=133411"}],"curies":[{"name":"wp","href":"https:\/\/api.w.org\/{rel}","templated":true}]}}