{"id":133421,"date":"2024-11-12T12:47:17","date_gmt":"2024-11-12T10:47:17","guid":{"rendered":"https:\/\/www.zoner.fi\/tuki\/?page_id=133421"},"modified":"2025-09-25T16:42:31","modified_gmt":"2025-09-25T13:42:31","slug":"kuinka-naytan-instagram-syotteen-kotisivuillani","status":"publish","type":"page","link":"https:\/\/www.zoner.fi\/tuki\/kotisivukone\/zoner\/kuinka-naytan-instagram-syotteen-kotisivuillani\/","title":{"rendered":"Kuinka n\u00e4yt\u00e4n Instagram-sy\u00f6tteen kotisivuillani?"},"content":{"rendered":"\n<p>Voit n\u00e4ytt\u00e4\u00e4 Instagram-sy\u00f6tteen Zoner Kotisivukone -sivustollasi k\u00e4ytt\u00e4m\u00e4ll\u00e4 &#8221;Instagram-galleria&#8221;-komponenttia. Kun k\u00e4yt\u00e4t komponenttia ensimm\u00e4ist\u00e4 kertaa, sinun on yhdistett\u00e4v\u00e4 se Instagram-tiliin.<\/p>\n\n\n\n<ol class=\"wp-block-list\">\n<li>Avaa Zoner Kotisivukone.<\/li>\n\n\n\n<li>Siirry sivulle, jolla haluat n\u00e4ytt\u00e4\u00e4 Instagram-kuvasi.<\/li>\n\n\n\n<li>Napsauta vasemmalla olevasta valikosta&nbsp;<strong>Sosiaalinen media<\/strong>&nbsp;-kohtaa ja ved\u00e4&nbsp;<strong>Instagram-galleria<\/strong>-komponentti sivullesi.<\/li>\n\n\n\n<li>Yhdist\u00e4 Instagram-tilisi antamalla kirjautumistietosi.<\/li>\n\n\n\n<li>M\u00e4\u00e4rit\u00e4 sarakkeiden ja rivien m\u00e4\u00e4r\u00e4 sek\u00e4 kuvien v\u00e4linen v\u00e4li.<\/li>\n\n\n\n<li>Napsauta&nbsp;<strong>Tallenna<\/strong>&nbsp;ja&nbsp;<strong>Julkaise<\/strong>, jotta Instagram-galleria n\u00e4kyy julkaistulla sivustollasi.<\/li>\n<\/ol>\n\n\n\n<p>Verkkosivustosi Instagram-galleria p\u00e4ivittyy automaattisesti, kun lis\u00e4\u00e4t uusia kuvia Instagram-tilillesi. Tietosuoja-asetuksistasi riippuen sinun on ehk\u00e4 yhdistett\u00e4v\u00e4 Instagram-tilisi uudelleen 60 p\u00e4iv\u00e4n kuluttua.<\/p>\n\n\n\n<p><strong>Vinkki:<\/strong>\u00a0Voit m\u00e4\u00e4ritt\u00e4\u00e4, mit\u00e4 kuvan napsautuksesta tapahtuu. Valitse\u00a0<strong>Asetukset<\/strong>\u00a0>\u00a0<strong>Napsautettaessa <\/strong>ja valitse, haluatko n\u00e4ytt\u00e4\u00e4 suuremman kuvan (kuvatekstin kanssa tai ilman sit\u00e4), avata Instagram-julkaisun tai ett\u00e4 napsautuksesta ei tapahdu mit\u00e4\u00e4n.<\/p>\n\n\n\n<figure class=\"wp-block-image size-large\"><img loading=\"lazy\" decoding=\"async\" width=\"1024\" height=\"629\" src=\"https:\/\/www.zoner.fi\/tuki\/wp-content\/uploads\/2024\/10\/instagram-syote-kotisivukone-1024x629.png\" alt=\"\" class=\"wp-image-134033\" srcset=\"https:\/\/www.zoner.fi\/tuki\/wp-content\/uploads\/2024\/10\/instagram-syote-kotisivukone-1024x629.png 1024w, https:\/\/www.zoner.fi\/tuki\/wp-content\/uploads\/2024\/10\/instagram-syote-kotisivukone-300x184.png 300w, https:\/\/www.zoner.fi\/tuki\/wp-content\/uploads\/2024\/10\/instagram-syote-kotisivukone-768x471.png 768w, https:\/\/www.zoner.fi\/tuki\/wp-content\/uploads\/2024\/10\/instagram-syote-kotisivukone-1536x943.png 1536w, https:\/\/www.zoner.fi\/tuki\/wp-content\/uploads\/2024\/10\/instagram-syote-kotisivukone.png 2048w\" sizes=\"auto, (max-width: 1024px) 100vw, 1024px\" \/><\/figure>\n","protected":false},"excerpt":{"rendered":"<p>Voit n\u00e4ytt\u00e4\u00e4 Instagram-sy\u00f6tteen Zoner Kotisivukone -sivustollasi k\u00e4ytt\u00e4m\u00e4ll\u00e4 &#8221;Instagram-galleria&#8221;-komponenttia. Kun k\u00e4yt\u00e4t komponenttia ensimm\u00e4ist\u00e4 kertaa, sinun on yhdistett\u00e4v\u00e4 se Instagram-tiliin. Verkkosivustosi Instagram-galleria p\u00e4ivittyy automaattisesti, kun lis\u00e4\u00e4t uusia kuvia Instagram-tilillesi. Tietosuoja-asetuksistasi riippuen sinun on ehk\u00e4 yhdistett\u00e4v\u00e4 Instagram-tilisi uudelleen 60 p\u00e4iv\u00e4n kuluttua. Vinkki:\u00a0Voit m\u00e4\u00e4ritt\u00e4\u00e4, mit\u00e4 kuvan napsautuksesta tapahtuu. Valitse\u00a0Asetukset\u00a0>\u00a0Napsautettaessa ja valitse, haluatko n\u00e4ytt\u00e4\u00e4 suuremman kuvan (kuvatekstin kanssa tai ilman &#8230; <a title=\"Kuinka n\u00e4yt\u00e4n Instagram-sy\u00f6tteen kotisivuillani?\" class=\"read-more\" href=\"https:\/\/www.zoner.fi\/tuki\/kotisivukone\/zoner\/kuinka-naytan-instagram-syotteen-kotisivuillani\/\" aria-label=\"Lue lis\u00e4\u00e4 aiheesta Kuinka n\u00e4yt\u00e4n Instagram-sy\u00f6tteen kotisivuillani?\">Lue lis\u00e4\u00e4<\/a><\/p>\n","protected":false},"author":18,"featured_media":0,"parent":137385,"menu_order":0,"comment_status":"closed","ping_status":"closed","template":"","meta":{"_relevanssi_hide_post":"","_relevanssi_hide_content":"","_relevanssi_pin_for_all":"","_relevanssi_pin_keywords":"","_relevanssi_unpin_keywords":"","_relevanssi_related_keywords":"","_relevanssi_related_include_ids":"","_relevanssi_related_exclude_ids":"","_relevanssi_related_no_append":"","_relevanssi_related_not_related":"","_relevanssi_related_posts":"130450,132140,130578,130722,132336,132244","_relevanssi_noindex_reason":"","footnotes":""},"categories":[166],"tags":[164,162],"wf_page_folders":[],"class_list":{"0":"post-133421","1":"page","2":"type-page","3":"status-publish","5":"category-zoner-kotisivukone","6":"tag-kuvat","7":"tag-upotus-ja-koodi"},"_links":{"self":[{"href":"https:\/\/www.zoner.fi\/tuki\/wp-json\/wp\/v2\/pages\/133421","targetHints":{"allow":["GET"]}}],"collection":[{"href":"https:\/\/www.zoner.fi\/tuki\/wp-json\/wp\/v2\/pages"}],"about":[{"href":"https:\/\/www.zoner.fi\/tuki\/wp-json\/wp\/v2\/types\/page"}],"author":[{"embeddable":true,"href":"https:\/\/www.zoner.fi\/tuki\/wp-json\/wp\/v2\/users\/18"}],"replies":[{"embeddable":true,"href":"https:\/\/www.zoner.fi\/tuki\/wp-json\/wp\/v2\/comments?post=133421"}],"version-history":[{"count":3,"href":"https:\/\/www.zoner.fi\/tuki\/wp-json\/wp\/v2\/pages\/133421\/revisions"}],"predecessor-version":[{"id":134623,"href":"https:\/\/www.zoner.fi\/tuki\/wp-json\/wp\/v2\/pages\/133421\/revisions\/134623"}],"up":[{"embeddable":true,"href":"https:\/\/www.zoner.fi\/tuki\/wp-json\/wp\/v2\/pages\/137385"}],"wp:attachment":[{"href":"https:\/\/www.zoner.fi\/tuki\/wp-json\/wp\/v2\/media?parent=133421"}],"wp:term":[{"taxonomy":"category","embeddable":true,"href":"https:\/\/www.zoner.fi\/tuki\/wp-json\/wp\/v2\/categories?post=133421"},{"taxonomy":"post_tag","embeddable":true,"href":"https:\/\/www.zoner.fi\/tuki\/wp-json\/wp\/v2\/tags?post=133421"},{"taxonomy":"wf_page_folders","embeddable":true,"href":"https:\/\/www.zoner.fi\/tuki\/wp-json\/wp\/v2\/wf_page_folders?post=133421"}],"curies":[{"name":"wp","href":"https:\/\/api.w.org\/{rel}","templated":true}]}}