{"id":133429,"date":"2024-11-12T17:15:37","date_gmt":"2024-11-12T15:15:37","guid":{"rendered":"https:\/\/www.zoner.fi\/tuki\/?page_id=133429"},"modified":"2025-09-25T16:42:39","modified_gmt":"2025-09-25T13:42:39","slug":"markkinointiluvan-hallinta-zoner-kotisivukoneessa-ja-verkkokaupassa","status":"publish","type":"page","link":"https:\/\/www.zoner.fi\/tuki\/kotisivukone\/zoner\/markkinointiluvan-hallinta-zoner-kotisivukoneessa-ja-verkkokaupassa\/","title":{"rendered":"Markkinointiluvan hallinta Zoner Kotisivukoneessa ja verkkokaupassa"},"content":{"rendered":"\n<p>Jos haluat l\u00e4hett\u00e4\u00e4 asiakkaalle markkinointiviestej\u00e4, siihen on ensin saatava asiakkaan suostumus. Lue lis\u00e4\u00e4 suoramarkkinoinnin s\u00e4\u00e4nn\u00f6ksist\u00e4 <a href=\"https:\/\/tietosuoja.fi\/usein-kysyttya-suoramarkkinointi\" target=\"_blank\" rel=\"noopener\">Tietosuojavaltuutetun toimiston sivuilta.<\/a><\/p>\n\n\n\n<p>Zoner Kotisivukoneen ja verkkokaupan markkinointisuostumusominaisuus helpottaa markkinointilupien ker\u00e4\u00e4mist\u00e4.<\/p>\n\n\n\n<p>Suosittelemme, ett\u00e4 aloitat luomalla <strong>tietosuojak\u00e4yt\u00e4nn\u00f6n <\/strong>asiakkaitasi varten. Voit n\u00e4ytt\u00e4\u00e4 sen sivustosi yhteydenottolomakkeen ja verkkokaupan kassan yhteydess\u00e4. Asiakas voi hyv\u00e4ksy\u00e4 k\u00e4yt\u00e4nn\u00f6n rastittamalla valintaruudun, jolloin tieto hyv\u00e4ksymisest\u00e4 tallennetaan asiakkaan profiiliin verkkokaupan hallintapaneelin Yhteystiedot-osioon.<\/p>\n\n\n\n<p><strong>Huomaa<\/strong>: Vaikka voitkin t\u00e4m\u00e4n ominaisuuden avulla ker\u00e4t\u00e4 suostumuksia, olet viime k\u00e4dess\u00e4 itse vastuussa t\u00e4ydellisest\u00e4 vaatimustenmukaisuudesta. Siksi suosittelemme, ett\u00e4 tutustut GDPR:\u00e4\u00e4n tai muihin yritykseesi mahdollisesti sovellettaviin paikallisiin lakeihin.<\/p>\n\n\n\n<h2 class=\"wp-block-heading\" id=\"step-1\">1. M\u00e4\u00e4rit\u00e4 tietosuojak\u00e4yt\u00e4nt\u00f6<\/h2>\n\n\n\n<p>Jos ker\u00e4\u00e4t markkinointilupia, sinulla on oltava tietosuojak\u00e4yt\u00e4nt\u00f6, josta asiakkaat voivat lukea, mihin he suostuvat luvan antaessaan. Vaikka voitkin ottaa markkinointisuostumuksen valintaruudut k\u00e4ytt\u00f6\u00f6n my\u00f6s ilman tietosuojak\u00e4yt\u00e4nt\u00f6\u00e4, suosittelemme, ett\u00e4 luot tietosuojak\u00e4yt\u00e4nn\u00f6n vaatimustenmukaisuuden varmistamiseksi.<\/p>\n\n\n\n<ol class=\"wp-block-list\">\n<li>Voit hallita tietosuojak\u00e4yt\u00e4nt\u00f6\u00e4si <strong>Zoner Kotisivukoneen hallintapaneelissa<\/strong>. Siirry kohtaan <strong>Asetukset<\/strong> ja <strong>Tietosuojak\u00e4yt\u00e4nt\u00f6<\/strong>.<\/li>\n\n\n\n<li>Napsauta kohtaa <strong>Lis\u00e4\u00e4 tietosuojak\u00e4yt\u00e4nt\u00f6<\/strong>.<\/li>\n\n\n\n<li>Kirjoita tietosuojak\u00e4yt\u00e4nt\u00f6si kentt\u00e4\u00e4n. Voit kirjoittaa sen itse tai napsauttaa <strong>Luo k\u00e4yt\u00e4nt\u00f6<\/strong> -painiketta lis\u00e4t\u00e4ksesi oletusk\u00e4yt\u00e4nn\u00f6n, jonka yritystiedot voit korvata omillasi.\u00a0<\/li>\n\n\n\n<li>Napsauta <strong>Tallenna<\/strong> ja <strong>Julkaise<\/strong>, kun teksti on valmis.<\/li>\n<\/ol>\n\n\n\n<p>Kun olet luonut tietosuojak\u00e4yt\u00e4nn\u00f6n, sen linkki n\u00e4kyy yhteydenottolomakkeessasi ja\/tai verkkokaupan kassalla markkinointisuostumuksen valintaruudun vieress\u00e4 riippuen siit\u00e4, miss\u00e4 ker\u00e4\u00e4t suostumuksia. Voit n\u00e4ytt\u00e4\u00e4 sen my\u00f6s kotisivujen alatunnisteessa.<\/p>\n\n\n\n<figure class=\"wp-block-image size-large\"><img loading=\"lazy\" decoding=\"async\" width=\"1024\" height=\"643\" src=\"https:\/\/www.zoner.fi\/tuki\/wp-content\/uploads\/2024\/10\/kotisivukone-markkinointilupa-1-1024x643.png\" alt=\"\" class=\"wp-image-134444\" srcset=\"https:\/\/www.zoner.fi\/tuki\/wp-content\/uploads\/2024\/10\/kotisivukone-markkinointilupa-1-1024x643.png 1024w, https:\/\/www.zoner.fi\/tuki\/wp-content\/uploads\/2024\/10\/kotisivukone-markkinointilupa-1-300x188.png 300w, https:\/\/www.zoner.fi\/tuki\/wp-content\/uploads\/2024\/10\/kotisivukone-markkinointilupa-1-768x482.png 768w, https:\/\/www.zoner.fi\/tuki\/wp-content\/uploads\/2024\/10\/kotisivukone-markkinointilupa-1-1536x964.png 1536w, https:\/\/www.zoner.fi\/tuki\/wp-content\/uploads\/2024\/10\/kotisivukone-markkinointilupa-1.png 1873w\" sizes=\"auto, (max-width: 1024px) 100vw, 1024px\" \/><\/figure>\n\n\n\n<h2 class=\"wp-block-heading\" id=\"step-2\">2. Ota k\u00e4ytt\u00f6\u00f6n markkinointisuostumuksen ker\u00e4\u00e4minen\u00a0<\/h2>\n\n\n\n<p>Voit ker\u00e4t\u00e4 suostumuksia kahdessa eri paikassa: verkkosivustosi yhteydenottolomakkeessa tai verkkokaupan kassalla.<\/p>\n\n\n\n<h3 class=\"wp-block-heading\" id=\"h_01HTYRCV009B334E0TBB8XRGMR\">Yhteydenottolomake<\/h3>\n\n\n\n<ol class=\"wp-block-list\">\n<li>Valitse yhteydenottolomake <strong>Zoner Kotisivukone -editorissa<\/strong>.<\/li>\n\n\n\n<li>Valitse <strong>Muokkaa yhteydenottolomaketta<\/strong>.<\/li>\n\n\n\n<li>Valitse avautuneesta valikosta <strong>Markkinointisuostumus<\/strong>.<\/li>\n\n\n\n<li>Liu&#8217;uta <strong>N\u00e4yt\u00e4 valintaruutu<\/strong> -kohdan asetukseksi P\u00e4\u00e4ll\u00e4.<\/li>\n\n\n\n<li>Muokkaa valintaruudun teksti\u00e4 ikkunan alareunassa olevassa kent\u00e4ss\u00e4.<\/li>\n\n\n\n<li>Napsauta <strong>Tallenna<\/strong>, kun olet valmis.<\/li>\n<\/ol>\n\n\n\n<p>Asiakkaasi voivat nyt antaa markkinointisuostumuksen rastittamalla valintaruudun samalla, kun he t\u00e4ytt\u00e4v\u00e4t verkkosivustollasi olevan lomakkeen.<\/p>\n\n\n\n<figure class=\"wp-block-image size-large\"><img loading=\"lazy\" decoding=\"async\" width=\"1024\" height=\"681\" src=\"https:\/\/www.zoner.fi\/tuki\/wp-content\/uploads\/2024\/10\/kotisivukone-markkinointilupa-2-1024x681.png\" alt=\"\" class=\"wp-image-134440\" srcset=\"https:\/\/www.zoner.fi\/tuki\/wp-content\/uploads\/2024\/10\/kotisivukone-markkinointilupa-2-1024x681.png 1024w, https:\/\/www.zoner.fi\/tuki\/wp-content\/uploads\/2024\/10\/kotisivukone-markkinointilupa-2-300x200.png 300w, https:\/\/www.zoner.fi\/tuki\/wp-content\/uploads\/2024\/10\/kotisivukone-markkinointilupa-2-768x511.png 768w, https:\/\/www.zoner.fi\/tuki\/wp-content\/uploads\/2024\/10\/kotisivukone-markkinointilupa-2-1536x1022.png 1536w, https:\/\/www.zoner.fi\/tuki\/wp-content\/uploads\/2024\/10\/kotisivukone-markkinointilupa-2.png 1873w\" sizes=\"auto, (max-width: 1024px) 100vw, 1024px\" \/><\/figure>\n\n\n\n<h3 class=\"wp-block-heading\" id=\"h_01HTYRYYP0S9W7V2QK5SDPZXSS\">Verkkokaupan kassa<\/h3>\n\n\n\n<ol class=\"wp-block-list\">\n<li>Siirry <strong>Verkkokaupan hallintapaneeliin<\/strong>.<\/li>\n\n\n\n<li>Valitse vasemmalla olevasta valikosta <strong>Asetukset<\/strong> -> <strong>Yleiset<\/strong>.<\/li>\n\n\n\n<li>Vierit\u00e4 alemmas kohtaan <strong>Kassan asetukset<\/strong> ja <strong>Markkinointisuostumus<\/strong> ja valitse ruutu, jossa lukee <strong>Pyyd\u00e4 asiakkaita tilaamaan markkinointiviestint\u00e4\u00e4<\/strong>.<\/li>\n\n\n\n<li>Muokkaa sivun alareunassa olevan kent\u00e4n <strong>valintaruudun teksti\u00e4<\/strong>. N\u00e4et esikatselun valintaruudun n\u00e4kymisest\u00e4 kassalla sivun oikealla puolella.<\/li>\n\n\n\n<li>Napsauta <strong>Tallenna<\/strong>-painiketta.<\/li>\n<\/ol>\n\n\n\n<p>Markkinointisuostumus-valintaruutu n\u00e4kyy nyt asiakkaillesi, kun he k\u00e4ytt\u00e4v\u00e4t verkkokauppasi kassaa.<\/p>\n\n\n\n<figure class=\"wp-block-image size-large\"><img loading=\"lazy\" decoding=\"async\" width=\"1024\" height=\"681\" src=\"https:\/\/www.zoner.fi\/tuki\/wp-content\/uploads\/2024\/10\/kotisivukone-markkinointilupa-3-1024x681.png\" alt=\"\" class=\"wp-image-134441\" srcset=\"https:\/\/www.zoner.fi\/tuki\/wp-content\/uploads\/2024\/10\/kotisivukone-markkinointilupa-3-1024x681.png 1024w, https:\/\/www.zoner.fi\/tuki\/wp-content\/uploads\/2024\/10\/kotisivukone-markkinointilupa-3-300x199.png 300w, https:\/\/www.zoner.fi\/tuki\/wp-content\/uploads\/2024\/10\/kotisivukone-markkinointilupa-3-768x511.png 768w, https:\/\/www.zoner.fi\/tuki\/wp-content\/uploads\/2024\/10\/kotisivukone-markkinointilupa-3-1536x1021.png 1536w, https:\/\/www.zoner.fi\/tuki\/wp-content\/uploads\/2024\/10\/kotisivukone-markkinointilupa-3.png 1874w\" sizes=\"auto, (max-width: 1024px) 100vw, 1024px\" \/><\/figure>\n\n\n\n<h2 class=\"wp-block-heading\" id=\"step-3\">Hallitse suostumuksia Verkkokaupan hallintapaneelin Yhteystiedot-osiossa<\/h2>\n\n\n\n<p>Kun asiakkaasi ovat antaneet suostumuksensa markkinointiviestint\u00e4\u00e4n, sen tiedot tallennetaan asiakasprofiiliin verkkokaupan hallintapaneelin Yhteystiedot-osioon. Voit hallita suostumuksia ja katsoa niiden yleiskatsauksen sielt\u00e4.<\/p>\n\n\n\n<h3 class=\"wp-block-heading\" id=\"h_01HTZ1T9NRS1EJC0ZS1F4Z27QJ\">Mist\u00e4 n\u00e4en, onko asiakas antanut suostumuksen?<\/h3>\n\n\n\n<p>Jokaisen yhteystietosivun oikeassa reunassa n\u00e4kyy <strong>Markkinointisuostumus<\/strong>-ruutu.<\/p>\n\n\n\n<p>Kun asiakas on antanut suostumuksensa, painike on asetettu kohtaan \u201dP\u00e4\u00e4lle\u201d ja merkint\u00e4n\u00e4 n\u00e4ytett\u00e4\u00e4n <strong>tilattu<\/strong>. N\u00e4et my\u00f6s yhteyskanavat, jotka suostumus kattaa &#8211; niit\u00e4 voivat olla esimerkiksi s\u00e4hk\u00f6posti ja puhelin.<\/p>\n\n\n\n<p>Jos asiakas ei ole antanut suostumustaan, painike on pois p\u00e4\u00e4lt\u00e4 ja merkint\u00e4n\u00e4 on <strong>tilaus peruutettu<\/strong>.<\/p>\n\n\n\n<figure class=\"wp-block-image size-large\"><img loading=\"lazy\" decoding=\"async\" width=\"1024\" height=\"681\" src=\"https:\/\/www.zoner.fi\/tuki\/wp-content\/uploads\/2024\/10\/kotisivukone-markkinointilupa-4-1024x681.png\" alt=\"\" class=\"wp-image-134442\" srcset=\"https:\/\/www.zoner.fi\/tuki\/wp-content\/uploads\/2024\/10\/kotisivukone-markkinointilupa-4-1024x681.png 1024w, https:\/\/www.zoner.fi\/tuki\/wp-content\/uploads\/2024\/10\/kotisivukone-markkinointilupa-4-300x200.png 300w, https:\/\/www.zoner.fi\/tuki\/wp-content\/uploads\/2024\/10\/kotisivukone-markkinointilupa-4-768x511.png 768w, https:\/\/www.zoner.fi\/tuki\/wp-content\/uploads\/2024\/10\/kotisivukone-markkinointilupa-4-1536x1022.png 1536w, https:\/\/www.zoner.fi\/tuki\/wp-content\/uploads\/2024\/10\/kotisivukone-markkinointilupa-4.png 1875w\" sizes=\"auto, (max-width: 1024px) 100vw, 1024px\" \/><\/figure>\n\n\n\n<h3 class=\"wp-block-heading\" id=\"h_01HTZ278RKDPV35WVBKZDTFBSG\">Suostumuksen tilan muuttaminen<\/h3>\n\n\n\n<p>Voit muuttaa suostumuksen tilaa manuaalisesti. Se voi olla tarpeellista esimerkiksi silloin, jos suostumuksen antanut asiakas muuttaa mielt\u00e4\u00e4n ja haluaa kielt\u00e4yty\u00e4, tai jos asiakas antaa suostumuksensa puhelimitse tai henkil\u00f6kohtaisesti.<\/p>\n\n\n\n<p>Jos asiakas on tilannut markkinointiviestinn\u00e4n ja haluaa perua sen, voit peruuttaa tilauksen kytkem\u00e4ll\u00e4 Yhteystiedot-sivun painikkeen pois p\u00e4\u00e4lt\u00e4.<\/p>\n\n\n\n<p>Jos asiakas pyyt\u00e4\u00e4 sinua lis\u00e4\u00e4m\u00e4\u00e4n h\u00e4net manuaalisesti, kytke h\u00e4nen sivullaan oleva painike p\u00e4\u00e4lle. Samalla sinua pyydet\u00e4\u00e4n merkitsem\u00e4\u00e4n, miten asiakas on antanut suostumuksensa (esim. puhelimitse tai s\u00e4hk\u00f6postitse) sek\u00e4 mit\u00e4 kanavia markkinointiviestinn\u00e4n tulisi kattaa.<\/p>\n\n\n\n<figure class=\"wp-block-image size-large\"><img loading=\"lazy\" decoding=\"async\" width=\"1024\" height=\"681\" src=\"https:\/\/www.zoner.fi\/tuki\/wp-content\/uploads\/2024\/10\/kotisivukone-markkinointilupa-5-1024x681.png\" alt=\"\" class=\"wp-image-134443\" srcset=\"https:\/\/www.zoner.fi\/tuki\/wp-content\/uploads\/2024\/10\/kotisivukone-markkinointilupa-5-1024x681.png 1024w, https:\/\/www.zoner.fi\/tuki\/wp-content\/uploads\/2024\/10\/kotisivukone-markkinointilupa-5-300x200.png 300w, https:\/\/www.zoner.fi\/tuki\/wp-content\/uploads\/2024\/10\/kotisivukone-markkinointilupa-5-768x511.png 768w, https:\/\/www.zoner.fi\/tuki\/wp-content\/uploads\/2024\/10\/kotisivukone-markkinointilupa-5-1536x1022.png 1536w, https:\/\/www.zoner.fi\/tuki\/wp-content\/uploads\/2024\/10\/kotisivukone-markkinointilupa-5.png 1873w\" sizes=\"auto, (max-width: 1024px) 100vw, 1024px\" \/><\/figure>\n","protected":false},"excerpt":{"rendered":"<p>Jos haluat l\u00e4hett\u00e4\u00e4 asiakkaalle markkinointiviestej\u00e4, siihen on ensin saatava asiakkaan suostumus. Lue lis\u00e4\u00e4 suoramarkkinoinnin s\u00e4\u00e4nn\u00f6ksist\u00e4 Tietosuojavaltuutetun toimiston sivuilta. Zoner Kotisivukoneen ja verkkokaupan markkinointisuostumusominaisuus helpottaa markkinointilupien ker\u00e4\u00e4mist\u00e4. Suosittelemme, ett\u00e4 aloitat luomalla tietosuojak\u00e4yt\u00e4nn\u00f6n asiakkaitasi varten. Voit n\u00e4ytt\u00e4\u00e4 sen sivustosi yhteydenottolomakkeen ja verkkokaupan kassan yhteydess\u00e4. Asiakas voi hyv\u00e4ksy\u00e4 k\u00e4yt\u00e4nn\u00f6n rastittamalla valintaruudun, jolloin tieto hyv\u00e4ksymisest\u00e4 tallennetaan asiakkaan profiiliin verkkokaupan &#8230; <a title=\"Markkinointiluvan hallinta Zoner Kotisivukoneessa ja verkkokaupassa\" class=\"read-more\" href=\"https:\/\/www.zoner.fi\/tuki\/kotisivukone\/zoner\/markkinointiluvan-hallinta-zoner-kotisivukoneessa-ja-verkkokaupassa\/\" aria-label=\"Lue lis\u00e4\u00e4 aiheesta Markkinointiluvan hallinta Zoner Kotisivukoneessa ja verkkokaupassa\">Lue lis\u00e4\u00e4<\/a><\/p>\n","protected":false},"author":18,"featured_media":0,"parent":137385,"menu_order":0,"comment_status":"closed","ping_status":"closed","template":"","meta":{"_relevanssi_hide_post":"","_relevanssi_hide_content":"","_relevanssi_pin_for_all":"","_relevanssi_pin_keywords":"","_relevanssi_unpin_keywords":"","_relevanssi_related_keywords":"","_relevanssi_related_include_ids":"","_relevanssi_related_exclude_ids":"","_relevanssi_related_no_append":"","_relevanssi_related_not_related":"","_relevanssi_related_posts":"130899,131535,130515,131541,130464,132348","_relevanssi_noindex_reason":"","footnotes":""},"categories":[166],"tags":[156,163,158],"wf_page_folders":[],"class_list":{"0":"post-133429","1":"page","2":"type-page","3":"status-publish","5":"category-zoner-kotisivukone","6":"tag-turvallisuus-ja-evasteet","7":"tag-verkkokauppa","8":"tag-yleiset"},"_links":{"self":[{"href":"https:\/\/www.zoner.fi\/tuki\/wp-json\/wp\/v2\/pages\/133429","targetHints":{"allow":["GET"]}}],"collection":[{"href":"https:\/\/www.zoner.fi\/tuki\/wp-json\/wp\/v2\/pages"}],"about":[{"href":"https:\/\/www.zoner.fi\/tuki\/wp-json\/wp\/v2\/types\/page"}],"author":[{"embeddable":true,"href":"https:\/\/www.zoner.fi\/tuki\/wp-json\/wp\/v2\/users\/18"}],"replies":[{"embeddable":true,"href":"https:\/\/www.zoner.fi\/tuki\/wp-json\/wp\/v2\/comments?post=133429"}],"version-history":[{"count":4,"href":"https:\/\/www.zoner.fi\/tuki\/wp-json\/wp\/v2\/pages\/133429\/revisions"}],"predecessor-version":[{"id":134447,"href":"https:\/\/www.zoner.fi\/tuki\/wp-json\/wp\/v2\/pages\/133429\/revisions\/134447"}],"up":[{"embeddable":true,"href":"https:\/\/www.zoner.fi\/tuki\/wp-json\/wp\/v2\/pages\/137385"}],"wp:attachment":[{"href":"https:\/\/www.zoner.fi\/tuki\/wp-json\/wp\/v2\/media?parent=133429"}],"wp:term":[{"taxonomy":"category","embeddable":true,"href":"https:\/\/www.zoner.fi\/tuki\/wp-json\/wp\/v2\/categories?post=133429"},{"taxonomy":"post_tag","embeddable":true,"href":"https:\/\/www.zoner.fi\/tuki\/wp-json\/wp\/v2\/tags?post=133429"},{"taxonomy":"wf_page_folders","embeddable":true,"href":"https:\/\/www.zoner.fi\/tuki\/wp-json\/wp\/v2\/wf_page_folders?post=133429"}],"curies":[{"name":"wp","href":"https:\/\/api.w.org\/{rel}","templated":true}]}}