{"id":133440,"date":"2024-11-12T11:33:27","date_gmt":"2024-11-12T09:33:27","guid":{"rendered":"https:\/\/www.zoner.fi\/tuki\/?page_id=133440"},"modified":"2026-03-19T09:05:10","modified_gmt":"2026-03-19T07:05:10","slug":"aani-ja-videotiedostojen-lisaaminen-zoner-kotisivukone-sivustolle-koodin-avulla","status":"publish","type":"page","link":"https:\/\/www.zoner.fi\/tuki\/kotisivukone\/zoner\/aani-ja-videotiedostojen-lisaaminen-zoner-kotisivukone-sivustolle-koodin-avulla\/","title":{"rendered":"\u00c4\u00e4ni- ja videotiedostojen lis\u00e4\u00e4minen Zoner Kotisivukone -sivustolle koodin avulla"},"content":{"rendered":"\n<p>\u00c4\u00e4ni- ja videotiedostoja voi lis\u00e4t\u00e4 Zoner Kotisivukoneessa widgettien lis\u00e4ksi my\u00f6s HTML-koodin ja koodikomponentin avulla. T\u00e4ss\u00e4 oppaassa kerromme, miten se onnistuu.<\/p>\n\n\n\n<p><strong>Huomaa:<\/strong>&nbsp;Koodikomponentti on Zoner Kotisivukoneen&nbsp;Premium-&nbsp;ja&nbsp;Business-pakettien ominaisuus. Jos k\u00e4yt\u00e4t Starter-pakettia, voit p\u00e4ivitt\u00e4\u00e4 sen suurempaan, tai vaihtoehtoisesti k\u00e4ytt\u00e4\u00e4&nbsp;<a href=\"https:\/\/www.zoner.fi\/tuki\/kotisivukone\/youtube-videon-lisaaminen-kotisivuille\/\">Youtube-widgetti\u00e4<\/a>.<\/p>\n\n\n\n<h2 class=\"wp-block-heading\" id=\"step-1\">1. Lataa \u00e4\u00e4ni- tai videotiedosto verkkotilaasi<\/h2>\n\n\n\n<p>Lataa ensin \u00e4\u00e4ni- tai videotiedosto verkkotilaasi File Managerin tai FTP:n avulla. \u00c4\u00e4nen on oltava mp3-muodossa ja videon mp4-muodossa.<\/p>\n\n\n\n<ol class=\"wp-block-list\">\n<li>Avaa&nbsp;<strong>File Manager<\/strong>.<\/li>\n\n\n\n<li>Napsauta&nbsp;<strong>+ Lataa<\/strong>&nbsp;ja valitse \u00e4\u00e4ni- (mp3) tai videotiedosto (mp4), jonka haluat upottaa sivulle.<\/li>\n\n\n\n<li>Kopioi tiedoston&nbsp;<strong>koko polku<\/strong>&nbsp;ja liit\u00e4 se talteen tekstitiedostoon, jotta voit k\u00e4ytt\u00e4\u00e4 sit\u00e4 my\u00f6hemmin.<\/li>\n<\/ol>\n\n\n\n<figure class=\"wp-block-image size-full\"><img loading=\"lazy\" decoding=\"async\" width=\"720\" height=\"408\" src=\"https:\/\/www.zoner.fi\/tuki\/wp-content\/uploads\/2024\/10\/kotisivukone-aani-ja-video-1.png\" alt=\"\" class=\"wp-image-134301\" srcset=\"https:\/\/www.zoner.fi\/tuki\/wp-content\/uploads\/2024\/10\/kotisivukone-aani-ja-video-1.png 720w, https:\/\/www.zoner.fi\/tuki\/wp-content\/uploads\/2024\/10\/kotisivukone-aani-ja-video-1-300x170.png 300w\" sizes=\"auto, (max-width: 720px) 100vw, 720px\" \/><\/figure>\n\n\n\n<p><strong>Lis\u00e4huomio<\/strong>: Itse lataamasi \u00e4\u00e4ni- tai videotiedostot eiv\u00e4t ole osa Zoner Kotisivukoneen varmuuskopiota.  Suosittelemme, ett\u00e4 teet s\u00e4\u00e4nn\u00f6llisesti erillisen varmuuskopion my\u00f6s verkkotilasi sis\u00e4ll\u00f6st\u00e4.<\/p>\n\n\n\n<h2 class=\"wp-block-heading\" id=\"step-2\">2. Lis\u00e4\u00e4 koodi-komponentti sivulle<\/h2>\n\n\n\n<ol class=\"wp-block-list\">\n<li>Avaa Zoner Kotisivukone<\/li>\n\n\n\n<li>Napsauta vasemmalla olevasta komponenttivalikosta&nbsp;<strong>Widgetit<\/strong>.<\/li>\n\n\n\n<li>Vierit\u00e4 alasp\u00e4in ja valitse&nbsp;<strong>Koodi<\/strong>.<\/li>\n<\/ol>\n\n\n\n<figure class=\"wp-block-image size-large\"><img loading=\"lazy\" decoding=\"async\" width=\"1024\" height=\"621\" src=\"https:\/\/www.zoner.fi\/tuki\/wp-content\/uploads\/2024\/10\/kotisivukone-aani-ja-video-2-1024x621.png\" alt=\"\" class=\"wp-image-134302\" srcset=\"https:\/\/www.zoner.fi\/tuki\/wp-content\/uploads\/2024\/10\/kotisivukone-aani-ja-video-2-1024x621.png 1024w, https:\/\/www.zoner.fi\/tuki\/wp-content\/uploads\/2024\/10\/kotisivukone-aani-ja-video-2-300x182.png 300w, https:\/\/www.zoner.fi\/tuki\/wp-content\/uploads\/2024\/10\/kotisivukone-aani-ja-video-2-768x466.png 768w, https:\/\/www.zoner.fi\/tuki\/wp-content\/uploads\/2024\/10\/kotisivukone-aani-ja-video-2-1536x932.png 1536w, https:\/\/www.zoner.fi\/tuki\/wp-content\/uploads\/2024\/10\/kotisivukone-aani-ja-video-2.png 1873w\" sizes=\"auto, (max-width: 1024px) 100vw, 1024px\" \/><\/figure>\n\n\n\n<h2 class=\"wp-block-heading\" id=\"step-3\">3. Upota tiedoston koodi<\/h2>\n\n\n\n<ol class=\"wp-block-list\">\n<li>Valitse ja kopioi yksi alla olevista koodiesimerkeist\u00e4 ja liit\u00e4 se Zoner Kotisivukoneen koodikomponenttiin.<\/li>\n\n\n\n<li>Korvaa koodissa <strong>FULL PATH<\/strong> \u00e4\u00e4ni- tai videotiedostosi koko polulla.<\/li>\n\n\n\n<li>Napsauta&nbsp;<strong>Tallenna<\/strong>-painiketta.<\/li>\n<\/ol>\n\n\n\n<p>Valitse jokin alla olevista esimerkeist\u00e4 tai luo oma koodisi k\u00e4ytt\u00e4m\u00e4ll\u00e4&nbsp;<a href=\"https:\/\/www.w3schools.com\/tags\/tag_audio.asp\" target=\"_blank\" rel=\"noreferrer noopener\">HTML &lt;audio&gt; -tagia<\/a>&nbsp;ja&nbsp;<a href=\"https:\/\/www.w3schools.com\/tags\/tag_video.asp\" target=\"_blank\" rel=\"noreferrer noopener\">HTML &lt;video&gt; -tagia<\/a>. Muista korvata&nbsp;<strong>FULL PATH<\/strong>&nbsp;\u00e4\u00e4ni- tai videotiedoston koko polulla.<\/p>\n\n\n\n<h3 class=\"wp-block-heading\" id=\"h_01HM6TQVANT68RPQ4WGPAMJSNZ\">\u00c4\u00e4nitiedosto:<\/h3>\n\n\n\n<p><strong>Upota mp3-\u00e4\u00e4nitiedosto:<\/strong><\/p>\n\n\n\n<pre class=\"wp-block-preformatted\">&lt;audio controls&gt;<br>&lt;source src=\"FULL PATH\" type=\"audio\/mpeg\"&gt;<br>&lt;\/audio&gt;<\/pre>\n\n\n\n<p><strong>Upota mp3-\u00e4\u00e4nitiedosto, jonka toisto alkaa automaattisesti:<\/strong><\/p>\n\n\n\n<pre class=\"wp-block-preformatted\">&lt;audio controls autoplay&gt;<br>&lt;source src=\"FULL PATH\" type=\"audio\/mpeg\"&gt;<br>&lt;\/audio&gt;<\/pre>\n\n\n\n<p><strong>Huomaa:<\/strong>&nbsp;Jotkut selaimet rajoittavat \u00e4\u00e4nen tai videon automaattista toistoa, vaikka olisit lis\u00e4nnyt sen koodiin.<\/p>\n\n\n\n<h3 class=\"wp-block-heading\" id=\"h_01HM6TQVANP9K9WFA45E0GMV5W\">Video:<\/h3>\n\n\n\n<p><strong>Upota mp4-videotiedosto:<\/strong><\/p>\n\n\n\n<pre class=\"wp-block-preformatted\">&lt;video width=\"640\" height=\"480\" controls&gt;<br>&lt;source src=\"FULL PATH\" type=\"video\/mp4\"&gt;<br>&lt;\/video&gt;<\/pre>\n\n\n\n<p><strong>Upota mp4-videotiedosto, jonka toisto alkaa automaattisesti:<\/strong><\/p>\n\n\n\n<pre class=\"wp-block-preformatted\">&lt;video width=\"640\" height=\"480\" controls autoplay&gt;<br>&lt;source src=\"FULL PATH\" type=\"video\/mp4\"&gt;<br>&lt;\/video&gt;<\/pre>\n\n\n\n<p><strong>Vinkki:<\/strong>&nbsp;Videon oletuskoko on 640&#215;480. Voit s\u00e4\u00e4t\u00e4\u00e4 kokoa muuttamalla koodissa olevia leveys- ja korkeuslukuja. Jos haluat sovittaa videon koon katsojan n\u00e4yt\u00f6n mukaan, muuta leveyden arvoksi &#8221;100%&#8221; (width=&#8221;100%&#8221;) ja korkeuden arvoksi &#8221;auto&#8221; (height=&#8221;auto&#8221;).<\/p>\n\n\n\n<figure class=\"wp-block-image size-large\"><img loading=\"lazy\" decoding=\"async\" width=\"1024\" height=\"622\" src=\"https:\/\/www.zoner.fi\/tuki\/wp-content\/uploads\/2024\/10\/kotisivukone-aani-ja-video-3-1024x622.png\" alt=\"\" class=\"wp-image-134303\" srcset=\"https:\/\/www.zoner.fi\/tuki\/wp-content\/uploads\/2024\/10\/kotisivukone-aani-ja-video-3-1024x622.png 1024w, https:\/\/www.zoner.fi\/tuki\/wp-content\/uploads\/2024\/10\/kotisivukone-aani-ja-video-3-300x182.png 300w, https:\/\/www.zoner.fi\/tuki\/wp-content\/uploads\/2024\/10\/kotisivukone-aani-ja-video-3-768x467.png 768w, https:\/\/www.zoner.fi\/tuki\/wp-content\/uploads\/2024\/10\/kotisivukone-aani-ja-video-3-1536x933.png 1536w, https:\/\/www.zoner.fi\/tuki\/wp-content\/uploads\/2024\/10\/kotisivukone-aani-ja-video-3.png 1873w\" sizes=\"auto, (max-width: 1024px) 100vw, 1024px\" \/><\/figure>\n\n\n\n<h2 class=\"wp-block-heading\" id=\"step-4\">4. Tallenna ja julkaise<\/h2>\n\n\n\n<ol class=\"wp-block-list\">\n<li>Komponentti on nyt lis\u00e4tty ty\u00f6tilaan. Ved\u00e4 se haluamaasi kohtaan sivulla.<\/li>\n\n\n\n<li>Napsauta&nbsp;<strong>esikatselua<\/strong>&nbsp;tarkistaaksesi, n\u00e4kyyk\u00f6 komponentti oikein.<\/li>\n\n\n\n<li>Jos kaikki on kunnossa, napsauta&nbsp;<strong>Tallenna<\/strong>&nbsp;ja&nbsp;<strong>julkaise<\/strong>, jotta muutokset n\u00e4kyv\u00e4t verkossa.<\/li>\n<\/ol>\n\n\n\n<p><strong>Vinkki:<\/strong>&nbsp;Lis\u00e4\u00e4 sivustoosi&nbsp;laatikko-komponentti, jonka mitat ovat samat kuin videon, ja kiinnit\u00e4 koodikomponentti laatikkoon. Sen avulla \u00e4\u00e4nen tai videon paikkaa on helpompi hallita. Videon koko m\u00e4\u00e4r\u00e4ytyy HTML-koodin korkeuden ja leveyden mukaan.<\/p>\n\n\n\n<figure class=\"wp-block-image size-large\"><img loading=\"lazy\" decoding=\"async\" width=\"1024\" height=\"620\" src=\"https:\/\/www.zoner.fi\/tuki\/wp-content\/uploads\/2024\/10\/kotisivukone-aani-ja-video-4-1024x620.png\" alt=\"\" class=\"wp-image-134304\" srcset=\"https:\/\/www.zoner.fi\/tuki\/wp-content\/uploads\/2024\/10\/kotisivukone-aani-ja-video-4-1024x620.png 1024w, https:\/\/www.zoner.fi\/tuki\/wp-content\/uploads\/2024\/10\/kotisivukone-aani-ja-video-4-300x182.png 300w, https:\/\/www.zoner.fi\/tuki\/wp-content\/uploads\/2024\/10\/kotisivukone-aani-ja-video-4-768x465.png 768w, https:\/\/www.zoner.fi\/tuki\/wp-content\/uploads\/2024\/10\/kotisivukone-aani-ja-video-4-1536x931.png 1536w, https:\/\/www.zoner.fi\/tuki\/wp-content\/uploads\/2024\/10\/kotisivukone-aani-ja-video-4.png 1875w\" sizes=\"auto, (max-width: 1024px) 100vw, 1024px\" \/><\/figure>\n\n\n\n<p><\/p>\n","protected":false},"excerpt":{"rendered":"<p>\u00c4\u00e4ni- ja videotiedostoja voi lis\u00e4t\u00e4 Zoner Kotisivukoneessa widgettien lis\u00e4ksi my\u00f6s HTML-koodin ja koodikomponentin avulla. T\u00e4ss\u00e4 oppaassa kerromme, miten se onnistuu. Huomaa:&nbsp;Koodikomponentti on Zoner Kotisivukoneen&nbsp;Premium-&nbsp;ja&nbsp;Business-pakettien ominaisuus. Jos k\u00e4yt\u00e4t Starter-pakettia, voit p\u00e4ivitt\u00e4\u00e4 sen suurempaan, tai vaihtoehtoisesti k\u00e4ytt\u00e4\u00e4&nbsp;Youtube-widgetti\u00e4. 1. Lataa \u00e4\u00e4ni- tai videotiedosto verkkotilaasi Lataa ensin \u00e4\u00e4ni- tai videotiedosto verkkotilaasi File Managerin tai FTP:n avulla. \u00c4\u00e4nen on oltava &#8230; <a title=\"\u00c4\u00e4ni- ja videotiedostojen lis\u00e4\u00e4minen Zoner Kotisivukone -sivustolle koodin avulla\" class=\"read-more\" href=\"https:\/\/www.zoner.fi\/tuki\/kotisivukone\/zoner\/aani-ja-videotiedostojen-lisaaminen-zoner-kotisivukone-sivustolle-koodin-avulla\/\" aria-label=\"Lue lis\u00e4\u00e4 aiheesta \u00c4\u00e4ni- ja videotiedostojen lis\u00e4\u00e4minen Zoner Kotisivukone -sivustolle koodin avulla\">Lue lis\u00e4\u00e4<\/a><\/p>\n","protected":false},"author":18,"featured_media":0,"parent":137385,"menu_order":0,"comment_status":"closed","ping_status":"closed","template":"","meta":{"_relevanssi_hide_post":"","_relevanssi_hide_content":"","_relevanssi_pin_for_all":"","_relevanssi_pin_keywords":"","_relevanssi_unpin_keywords":"","_relevanssi_related_keywords":"","_relevanssi_related_include_ids":"","_relevanssi_related_exclude_ids":"","_relevanssi_related_no_append":"","_relevanssi_related_not_related":"","_relevanssi_related_posts":"131550,130819,130515,130269,130498,130667","_relevanssi_noindex_reason":"","footnotes":""},"categories":[166],"tags":[162],"wf_page_folders":[],"class_list":{"0":"post-133440","1":"page","2":"type-page","3":"status-publish","5":"category-zoner-kotisivukone","6":"tag-upotus-ja-koodi"},"_links":{"self":[{"href":"https:\/\/www.zoner.fi\/tuki\/wp-json\/wp\/v2\/pages\/133440","targetHints":{"allow":["GET"]}}],"collection":[{"href":"https:\/\/www.zoner.fi\/tuki\/wp-json\/wp\/v2\/pages"}],"about":[{"href":"https:\/\/www.zoner.fi\/tuki\/wp-json\/wp\/v2\/types\/page"}],"author":[{"embeddable":true,"href":"https:\/\/www.zoner.fi\/tuki\/wp-json\/wp\/v2\/users\/18"}],"replies":[{"embeddable":true,"href":"https:\/\/www.zoner.fi\/tuki\/wp-json\/wp\/v2\/comments?post=133440"}],"version-history":[{"count":4,"href":"https:\/\/www.zoner.fi\/tuki\/wp-json\/wp\/v2\/pages\/133440\/revisions"}],"predecessor-version":[{"id":138761,"href":"https:\/\/www.zoner.fi\/tuki\/wp-json\/wp\/v2\/pages\/133440\/revisions\/138761"}],"up":[{"embeddable":true,"href":"https:\/\/www.zoner.fi\/tuki\/wp-json\/wp\/v2\/pages\/137385"}],"wp:attachment":[{"href":"https:\/\/www.zoner.fi\/tuki\/wp-json\/wp\/v2\/media?parent=133440"}],"wp:term":[{"taxonomy":"category","embeddable":true,"href":"https:\/\/www.zoner.fi\/tuki\/wp-json\/wp\/v2\/categories?post=133440"},{"taxonomy":"post_tag","embeddable":true,"href":"https:\/\/www.zoner.fi\/tuki\/wp-json\/wp\/v2\/tags?post=133440"},{"taxonomy":"wf_page_folders","embeddable":true,"href":"https:\/\/www.zoner.fi\/tuki\/wp-json\/wp\/v2\/wf_page_folders?post=133440"}],"curies":[{"name":"wp","href":"https:\/\/api.w.org\/{rel}","templated":true}]}}