{"id":133448,"date":"2024-11-12T11:32:51","date_gmt":"2024-11-12T09:32:51","guid":{"rendered":"https:\/\/www.zoner.fi\/tuki\/?page_id=133448"},"modified":"2025-09-25T16:42:41","modified_gmt":"2025-09-25T13:42:41","slug":"mita-ovat-osiot-ja-lohkot-zoner-kotisivukoneessa","status":"publish","type":"page","link":"https:\/\/www.zoner.fi\/tuki\/kotisivukone\/zoner\/mita-ovat-osiot-ja-lohkot-zoner-kotisivukoneessa\/","title":{"rendered":"Mit\u00e4 ovat osiot ja lohkot Zoner Kotisivukoneessa?"},"content":{"rendered":"\n<p>Osiot ja lohkot ovat valmiiksi suunniteltuja rakennuspalikoita, joiden avulla kotisivujen rakentaminen onnistuu helpommin. Ne mukautuvat automaattisesti mallin tyyliin ja ovat t\u00e4ysin muokattavissa.<\/p>\n\n\n\n<p><strong>Osiot<\/strong><br>Osio on sivun osa, joka koostuu useista komponenteista. Kun ved\u00e4t osion ty\u00f6tilaan, se tekee itselleen tilaa siirt\u00e4m\u00e4ll\u00e4 olemassa olevaa sis\u00e4lt\u00f6\u00e4 yl\u00f6s tai alas asettelua rikkomatta. Osio kattaa aina sivuston koko leveyden, eik\u00e4 se voi olla p\u00e4\u00e4llekk\u00e4in toisen osion kanssa.<\/p>\n\n\n\n<figure class=\"wp-block-image size-large\"><img loading=\"lazy\" decoding=\"async\" width=\"1024\" height=\"663\" src=\"https:\/\/www.zoner.fi\/tuki\/wp-content\/uploads\/2024\/11\/kotisivukone-osiot-ja-lohkot-1-1024x663.png\" alt=\"\" class=\"wp-image-134743\" srcset=\"https:\/\/www.zoner.fi\/tuki\/wp-content\/uploads\/2024\/11\/kotisivukone-osiot-ja-lohkot-1-1024x663.png 1024w, https:\/\/www.zoner.fi\/tuki\/wp-content\/uploads\/2024\/11\/kotisivukone-osiot-ja-lohkot-1-300x194.png 300w, https:\/\/www.zoner.fi\/tuki\/wp-content\/uploads\/2024\/11\/kotisivukone-osiot-ja-lohkot-1-768x497.png 768w, https:\/\/www.zoner.fi\/tuki\/wp-content\/uploads\/2024\/11\/kotisivukone-osiot-ja-lohkot-1.png 1526w\" sizes=\"auto, (max-width: 1024px) 100vw, 1024px\" \/><\/figure>\n\n\n\n<p><strong>Lohkot<\/strong><br>Lohko on s\u00e4ili\u00f6, jossa on teksti\u00e4 ja mahdollisesti my\u00f6s kuva. Se on suunniteltu valmiiksi jotakin tarkoitusta varten, esimerkiksi listaa tai arvosteluja. Voit lis\u00e4t\u00e4 lohkon sivustolla olevaan osioon.<\/p>\n\n\n\n<p>L\u00f6yd\u00e4t osiot n\u00e4yt\u00f6n vasemman reunan valikosta. Lohkot l\u00f6ytyv\u00e4t <strong>Teksti<\/strong>&#8211; ja <strong>Ota yhteytt\u00e4<\/strong> -otsikoiden alta.<\/p>\n\n\n\n<p><\/p>\n","protected":false},"excerpt":{"rendered":"<p>Osiot ja lohkot ovat valmiiksi suunniteltuja rakennuspalikoita, joiden avulla kotisivujen rakentaminen onnistuu helpommin. Ne mukautuvat automaattisesti mallin tyyliin ja ovat t\u00e4ysin muokattavissa. OsiotOsio on sivun osa, joka koostuu useista komponenteista. Kun ved\u00e4t osion ty\u00f6tilaan, se tekee itselleen tilaa siirt\u00e4m\u00e4ll\u00e4 olemassa olevaa sis\u00e4lt\u00f6\u00e4 yl\u00f6s tai alas asettelua rikkomatta. Osio kattaa aina sivuston koko leveyden, eik\u00e4 se &#8230; <a title=\"Mit\u00e4 ovat osiot ja lohkot Zoner Kotisivukoneessa?\" class=\"read-more\" href=\"https:\/\/www.zoner.fi\/tuki\/kotisivukone\/zoner\/mita-ovat-osiot-ja-lohkot-zoner-kotisivukoneessa\/\" aria-label=\"Lue lis\u00e4\u00e4 aiheesta Mit\u00e4 ovat osiot ja lohkot Zoner Kotisivukoneessa?\">Lue lis\u00e4\u00e4<\/a><\/p>\n","protected":false},"author":18,"featured_media":0,"parent":137385,"menu_order":0,"comment_status":"closed","ping_status":"closed","template":"","meta":{"_relevanssi_hide_post":"","_relevanssi_hide_content":"","_relevanssi_pin_for_all":"","_relevanssi_pin_keywords":"","_relevanssi_unpin_keywords":"","_relevanssi_related_keywords":"","_relevanssi_related_include_ids":"","_relevanssi_related_exclude_ids":"","_relevanssi_related_no_append":"","_relevanssi_related_not_related":"","_relevanssi_related_posts":"132938,130578,132072,130498,131892,132894","_relevanssi_noindex_reason":"","footnotes":""},"categories":[166],"tags":[158],"wf_page_folders":[],"class_list":{"0":"post-133448","1":"page","2":"type-page","3":"status-publish","5":"category-zoner-kotisivukone","6":"tag-yleiset"},"_links":{"self":[{"href":"https:\/\/www.zoner.fi\/tuki\/wp-json\/wp\/v2\/pages\/133448","targetHints":{"allow":["GET"]}}],"collection":[{"href":"https:\/\/www.zoner.fi\/tuki\/wp-json\/wp\/v2\/pages"}],"about":[{"href":"https:\/\/www.zoner.fi\/tuki\/wp-json\/wp\/v2\/types\/page"}],"author":[{"embeddable":true,"href":"https:\/\/www.zoner.fi\/tuki\/wp-json\/wp\/v2\/users\/18"}],"replies":[{"embeddable":true,"href":"https:\/\/www.zoner.fi\/tuki\/wp-json\/wp\/v2\/comments?post=133448"}],"version-history":[{"count":5,"href":"https:\/\/www.zoner.fi\/tuki\/wp-json\/wp\/v2\/pages\/133448\/revisions"}],"predecessor-version":[{"id":134745,"href":"https:\/\/www.zoner.fi\/tuki\/wp-json\/wp\/v2\/pages\/133448\/revisions\/134745"}],"up":[{"embeddable":true,"href":"https:\/\/www.zoner.fi\/tuki\/wp-json\/wp\/v2\/pages\/137385"}],"wp:attachment":[{"href":"https:\/\/www.zoner.fi\/tuki\/wp-json\/wp\/v2\/media?parent=133448"}],"wp:term":[{"taxonomy":"category","embeddable":true,"href":"https:\/\/www.zoner.fi\/tuki\/wp-json\/wp\/v2\/categories?post=133448"},{"taxonomy":"post_tag","embeddable":true,"href":"https:\/\/www.zoner.fi\/tuki\/wp-json\/wp\/v2\/tags?post=133448"},{"taxonomy":"wf_page_folders","embeddable":true,"href":"https:\/\/www.zoner.fi\/tuki\/wp-json\/wp\/v2\/wf_page_folders?post=133448"}],"curies":[{"name":"wp","href":"https:\/\/api.w.org\/{rel}","templated":true}]}}