{"id":134118,"date":"2024-10-28T14:00:58","date_gmt":"2024-10-28T12:00:58","guid":{"rendered":"https:\/\/www.zoner.fi\/tuki\/?page_id=134118"},"modified":"2025-09-02T15:20:37","modified_gmt":"2025-09-02T12:20:37","slug":"miten-lisaan-aliasosoitteen","status":"publish","type":"page","link":"https:\/\/www.zoner.fi\/tuki\/sahkopostiohjeet\/microsoft-365\/miten-lisaan-aliasosoitteen\/","title":{"rendered":"Miten lis\u00e4\u00e4n aliasosoitteen Microsoft 365 palvelussa."},"content":{"rendered":"\n<p>T\u00e4ss\u00e4 ohjeessa k\u00e4ymme l\u00e4pi miten lis\u00e4t\u00e4\u00e4n vaihtoehtoinen osoite (alias) k\u00e4ytt\u00e4j\u00e4lle Microsoft 365 palvelussa.<\/p>\n\n\n\n<ol class=\"wp-block-list\">\n<li>Kirjaudu p\u00e4\u00e4k\u00e4ytt\u00e4j\u00e4tunnuksella <a href=\"https:\/\/admin.microsoft.com\/\" target=\"_blank\" rel=\"noopener\">Microsoft 365 admin centeriin<\/a>.<\/li>\n\n\n\n<li>Valitse vasemman valikon <strong>K\u00e4ytt\u00e4j\u00e4t<\/strong> -kohdan alta <strong>Aktiiviset k\u00e4ytt\u00e4j\u00e4t<\/strong>.<\/li>\n<\/ol>\n\n\n\n<figure class=\"wp-block-image size-full is-resized\"><img loading=\"lazy\" decoding=\"async\" width=\"279\" height=\"676\" src=\"https:\/\/www.zoner.fi\/tuki\/wp-content\/uploads\/2024\/10\/zoner035.jpg\" alt=\"\" class=\"wp-image-134113\" style=\"width:198px;height:auto\" srcset=\"https:\/\/www.zoner.fi\/tuki\/wp-content\/uploads\/2024\/10\/zoner035.jpg 279w, https:\/\/www.zoner.fi\/tuki\/wp-content\/uploads\/2024\/10\/zoner035-124x300.jpg 124w\" sizes=\"auto, (max-width: 279px) 100vw, 279px\" \/><\/figure>\n\n\n\n<p>3. Paina halutun k\u00e4ytt\u00e4j\u00e4n kohdalta, jolloin oikealta puolelta aukeaa k\u00e4ytt\u00e4j\u00e4n hallinnointin\u00e4kym\u00e4.<br>4. Valitse <strong>K\u00e4ytt\u00e4j\u00e4nimen ja s\u00e4hk\u00f6postin hallinnointi<\/strong>.<\/p>\n\n\n\n<figure class=\"wp-block-image size-large is-resized\"><img loading=\"lazy\" decoding=\"async\" width=\"1024\" height=\"535\" src=\"https:\/\/www.zoner.fi\/tuki\/wp-content\/uploads\/2024\/10\/zoner039-1024x535.jpg\" alt=\"\" class=\"wp-image-134119\" style=\"width:888px;height:auto\" srcset=\"https:\/\/www.zoner.fi\/tuki\/wp-content\/uploads\/2024\/10\/zoner039-1024x535.jpg 1024w, https:\/\/www.zoner.fi\/tuki\/wp-content\/uploads\/2024\/10\/zoner039-300x157.jpg 300w, https:\/\/www.zoner.fi\/tuki\/wp-content\/uploads\/2024\/10\/zoner039-768x401.jpg 768w, https:\/\/www.zoner.fi\/tuki\/wp-content\/uploads\/2024\/10\/zoner039-1536x803.jpg 1536w, https:\/\/www.zoner.fi\/tuki\/wp-content\/uploads\/2024\/10\/zoner039.jpg 1630w\" sizes=\"auto, (max-width: 1024px) 100vw, 1024px\" \/><\/figure>\n\n\n\n<p>5. Sy\u00f6t\u00e4 <strong>K\u00e4ytt\u00e4j\u00e4nimi<\/strong> -kentt\u00e4\u00e4n haluttu aliasosoite ja paina <strong>Lis\u00e4\u00e4<\/strong>.<br>6. Kun olet saanut lis\u00e4tty\u00e4 halutut aliasosoitteet, paina <strong>Tallenna muutokset<\/strong>.<\/p>\n\n\n\n<figure class=\"wp-block-image size-full is-resized\"><img loading=\"lazy\" decoding=\"async\" width=\"910\" height=\"833\" src=\"https:\/\/www.zoner.fi\/tuki\/wp-content\/uploads\/2024\/10\/zoner040.jpg\" alt=\"\" class=\"wp-image-134120\" style=\"width:593px;height:auto\" srcset=\"https:\/\/www.zoner.fi\/tuki\/wp-content\/uploads\/2024\/10\/zoner040.jpg 910w, https:\/\/www.zoner.fi\/tuki\/wp-content\/uploads\/2024\/10\/zoner040-300x275.jpg 300w, https:\/\/www.zoner.fi\/tuki\/wp-content\/uploads\/2024\/10\/zoner040-768x703.jpg 768w\" sizes=\"auto, (max-width: 910px) 100vw, 910px\" \/><\/figure>\n\n\n\n<p>Aliasosoitteet on nyt lis\u00e4tty k\u00e4ytt\u00e4j\u00e4lle.<\/p>\n\n\n\n<p><\/p>\n","protected":false},"excerpt":{"rendered":"<p>T\u00e4ss\u00e4 ohjeessa k\u00e4ymme l\u00e4pi miten lis\u00e4t\u00e4\u00e4n vaihtoehtoinen osoite (alias) k\u00e4ytt\u00e4j\u00e4lle Microsoft 365 palvelussa. 3. Paina halutun k\u00e4ytt\u00e4j\u00e4n kohdalta, jolloin oikealta puolelta aukeaa k\u00e4ytt\u00e4j\u00e4n hallinnointin\u00e4kym\u00e4.4. Valitse K\u00e4ytt\u00e4j\u00e4nimen ja s\u00e4hk\u00f6postin hallinnointi. 5. Sy\u00f6t\u00e4 K\u00e4ytt\u00e4j\u00e4nimi -kentt\u00e4\u00e4n haluttu aliasosoite ja paina Lis\u00e4\u00e4.6. Kun olet saanut lis\u00e4tty\u00e4 halutut aliasosoitteet, paina Tallenna muutokset. Aliasosoitteet on nyt lis\u00e4tty k\u00e4ytt\u00e4j\u00e4lle.<\/p>\n","protected":false},"author":20,"featured_media":0,"parent":137093,"menu_order":0,"comment_status":"closed","ping_status":"closed","template":"","meta":{"_relevanssi_hide_post":"","_relevanssi_hide_content":"","_relevanssi_pin_for_all":"","_relevanssi_pin_keywords":"","_relevanssi_unpin_keywords":"","_relevanssi_related_keywords":"","_relevanssi_related_include_ids":"","_relevanssi_related_exclude_ids":"","_relevanssi_related_no_append":"","_relevanssi_related_not_related":"","_relevanssi_related_posts":"130865,133233,131550,130722,132325,131506","_relevanssi_noindex_reason":"","footnotes":""},"categories":[197],"tags":[110],"wf_page_folders":[],"class_list":{"0":"post-134118","1":"page","2":"type-page","3":"status-publish","5":"category-microsoft-365","6":"tag-microsoft-365"},"_links":{"self":[{"href":"https:\/\/www.zoner.fi\/tuki\/wp-json\/wp\/v2\/pages\/134118","targetHints":{"allow":["GET"]}}],"collection":[{"href":"https:\/\/www.zoner.fi\/tuki\/wp-json\/wp\/v2\/pages"}],"about":[{"href":"https:\/\/www.zoner.fi\/tuki\/wp-json\/wp\/v2\/types\/page"}],"author":[{"embeddable":true,"href":"https:\/\/www.zoner.fi\/tuki\/wp-json\/wp\/v2\/users\/20"}],"replies":[{"embeddable":true,"href":"https:\/\/www.zoner.fi\/tuki\/wp-json\/wp\/v2\/comments?post=134118"}],"version-history":[{"count":3,"href":"https:\/\/www.zoner.fi\/tuki\/wp-json\/wp\/v2\/pages\/134118\/revisions"}],"predecessor-version":[{"id":137452,"href":"https:\/\/www.zoner.fi\/tuki\/wp-json\/wp\/v2\/pages\/134118\/revisions\/137452"}],"up":[{"embeddable":true,"href":"https:\/\/www.zoner.fi\/tuki\/wp-json\/wp\/v2\/pages\/137093"}],"wp:attachment":[{"href":"https:\/\/www.zoner.fi\/tuki\/wp-json\/wp\/v2\/media?parent=134118"}],"wp:term":[{"taxonomy":"category","embeddable":true,"href":"https:\/\/www.zoner.fi\/tuki\/wp-json\/wp\/v2\/categories?post=134118"},{"taxonomy":"post_tag","embeddable":true,"href":"https:\/\/www.zoner.fi\/tuki\/wp-json\/wp\/v2\/tags?post=134118"},{"taxonomy":"wf_page_folders","embeddable":true,"href":"https:\/\/www.zoner.fi\/tuki\/wp-json\/wp\/v2\/wf_page_folders?post=134118"}],"curies":[{"name":"wp","href":"https:\/\/api.w.org\/{rel}","templated":true}]}}