{"id":134122,"date":"2024-10-28T13:59:03","date_gmt":"2024-10-28T11:59:03","guid":{"rendered":"https:\/\/www.zoner.fi\/tuki\/?page_id=134122"},"modified":"2025-09-02T15:21:41","modified_gmt":"2025-09-02T12:21:41","slug":"miten-vaihdan-salasanan","status":"publish","type":"page","link":"https:\/\/www.zoner.fi\/tuki\/sahkopostiohjeet\/microsoft-365\/miten-vaihdan-salasanan\/","title":{"rendered":"Miten vaihdan salasanan Microsoft 365 palvelussa."},"content":{"rendered":"\n<p>T\u00e4ss\u00e4 ohjeessa k\u00e4ymme l\u00e4pi, miten vaihdetaan Microsoft 365 k\u00e4ytt\u00e4j\u00e4n salasana, kun vanha salasana ei ole tiedossa.<\/p>\n\n\n\n<ol class=\"wp-block-list\">\n<li>Kirjaudu p\u00e4\u00e4k\u00e4ytt\u00e4j\u00e4tunnuksella <a href=\"https:\/\/admin.microsoft.com\/\" target=\"_blank\" rel=\"noopener\">Microsoft 365 admin centeriin<\/a>.<\/li>\n\n\n\n<li>Valitse vasemman valikon <strong>K\u00e4ytt\u00e4j\u00e4t<\/strong> -kohdan alta <strong>Aktiiviset k\u00e4ytt\u00e4j\u00e4t<\/strong>.<\/li>\n<\/ol>\n\n\n\n<figure class=\"wp-block-image size-full is-resized\"><img loading=\"lazy\" decoding=\"async\" width=\"279\" height=\"676\" src=\"https:\/\/www.zoner.fi\/tuki\/wp-content\/uploads\/2024\/10\/zoner035.jpg\" alt=\"\" class=\"wp-image-134113\" style=\"width:183px;height:auto\" srcset=\"https:\/\/www.zoner.fi\/tuki\/wp-content\/uploads\/2024\/10\/zoner035.jpg 279w, https:\/\/www.zoner.fi\/tuki\/wp-content\/uploads\/2024\/10\/zoner035-124x300.jpg 124w\" sizes=\"auto, (max-width: 279px) 100vw, 279px\" \/><\/figure>\n\n\n\n<p>3. Paina halutun k\u00e4ytt\u00e4j\u00e4n kohdalta, jolloin oikealta puolelta aukeaa k\u00e4ytt\u00e4j\u00e4n hallinnointin\u00e4kym\u00e4.<br>4. Valitse <strong>Palauta salasana<\/strong>.<\/p>\n\n\n\n<figure class=\"wp-block-image size-large\"><img loading=\"lazy\" decoding=\"async\" width=\"1024\" height=\"259\" src=\"https:\/\/www.zoner.fi\/tuki\/wp-content\/uploads\/2024\/10\/zoner041-1024x259.jpg\" alt=\"\" class=\"wp-image-134123\" srcset=\"https:\/\/www.zoner.fi\/tuki\/wp-content\/uploads\/2024\/10\/zoner041-1024x259.jpg 1024w, https:\/\/www.zoner.fi\/tuki\/wp-content\/uploads\/2024\/10\/zoner041-300x76.jpg 300w, https:\/\/www.zoner.fi\/tuki\/wp-content\/uploads\/2024\/10\/zoner041-768x194.jpg 768w, https:\/\/www.zoner.fi\/tuki\/wp-content\/uploads\/2024\/10\/zoner041.jpg 1408w\" sizes=\"auto, (max-width: 1024px) 100vw, 1024px\" \/><\/figure>\n\n\n\n<p>5. Paina <strong>Palauta salasana<\/strong>.<\/p>\n\n\n\n<figure class=\"wp-block-image size-full is-resized\"><img loading=\"lazy\" decoding=\"async\" width=\"967\" height=\"697\" src=\"https:\/\/www.zoner.fi\/tuki\/wp-content\/uploads\/2024\/10\/zoner042.jpg\" alt=\"\" class=\"wp-image-134124\" style=\"width:413px;height:auto\" srcset=\"https:\/\/www.zoner.fi\/tuki\/wp-content\/uploads\/2024\/10\/zoner042.jpg 967w, https:\/\/www.zoner.fi\/tuki\/wp-content\/uploads\/2024\/10\/zoner042-300x216.jpg 300w, https:\/\/www.zoner.fi\/tuki\/wp-content\/uploads\/2024\/10\/zoner042-768x554.jpg 768w\" sizes=\"auto, (max-width: 967px) 100vw, 967px\" \/><\/figure>\n\n\n\n<p>Salasana on nyt palautettu, voit kopioida salasanan. Palvelu pyyt\u00e4\u00e4 m\u00e4\u00e4ritt\u00e4m\u00e4\u00e4n uuden salasanan seuraavalla kirjautumiskerralla.<\/p>\n\n\n\n<p><\/p>\n","protected":false},"excerpt":{"rendered":"<p>T\u00e4ss\u00e4 ohjeessa k\u00e4ymme l\u00e4pi, miten vaihdetaan Microsoft 365 k\u00e4ytt\u00e4j\u00e4n salasana, kun vanha salasana ei ole tiedossa. 3. Paina halutun k\u00e4ytt\u00e4j\u00e4n kohdalta, jolloin oikealta puolelta aukeaa k\u00e4ytt\u00e4j\u00e4n hallinnointin\u00e4kym\u00e4.4. Valitse Palauta salasana. 5. Paina Palauta salasana. Salasana on nyt palautettu, voit kopioida salasanan. Palvelu pyyt\u00e4\u00e4 m\u00e4\u00e4ritt\u00e4m\u00e4\u00e4n uuden salasanan seuraavalla kirjautumiskerralla.<\/p>\n","protected":false},"author":20,"featured_media":0,"parent":137093,"menu_order":0,"comment_status":"closed","ping_status":"closed","template":"","meta":{"_relevanssi_hide_post":"","_relevanssi_hide_content":"","_relevanssi_pin_for_all":"","_relevanssi_pin_keywords":"","_relevanssi_unpin_keywords":"","_relevanssi_related_keywords":"","_relevanssi_related_include_ids":"","_relevanssi_related_exclude_ids":"","_relevanssi_related_no_append":"","_relevanssi_related_not_related":"","_relevanssi_related_posts":"130819,132894,132140,130412,130865,131550","_relevanssi_noindex_reason":"","footnotes":""},"categories":[197],"tags":[110],"wf_page_folders":[],"class_list":{"0":"post-134122","1":"page","2":"type-page","3":"status-publish","5":"category-microsoft-365","6":"tag-microsoft-365"},"_links":{"self":[{"href":"https:\/\/www.zoner.fi\/tuki\/wp-json\/wp\/v2\/pages\/134122","targetHints":{"allow":["GET"]}}],"collection":[{"href":"https:\/\/www.zoner.fi\/tuki\/wp-json\/wp\/v2\/pages"}],"about":[{"href":"https:\/\/www.zoner.fi\/tuki\/wp-json\/wp\/v2\/types\/page"}],"author":[{"embeddable":true,"href":"https:\/\/www.zoner.fi\/tuki\/wp-json\/wp\/v2\/users\/20"}],"replies":[{"embeddable":true,"href":"https:\/\/www.zoner.fi\/tuki\/wp-json\/wp\/v2\/comments?post=134122"}],"version-history":[{"count":3,"href":"https:\/\/www.zoner.fi\/tuki\/wp-json\/wp\/v2\/pages\/134122\/revisions"}],"predecessor-version":[{"id":137114,"href":"https:\/\/www.zoner.fi\/tuki\/wp-json\/wp\/v2\/pages\/134122\/revisions\/137114"}],"up":[{"embeddable":true,"href":"https:\/\/www.zoner.fi\/tuki\/wp-json\/wp\/v2\/pages\/137093"}],"wp:attachment":[{"href":"https:\/\/www.zoner.fi\/tuki\/wp-json\/wp\/v2\/media?parent=134122"}],"wp:term":[{"taxonomy":"category","embeddable":true,"href":"https:\/\/www.zoner.fi\/tuki\/wp-json\/wp\/v2\/categories?post=134122"},{"taxonomy":"post_tag","embeddable":true,"href":"https:\/\/www.zoner.fi\/tuki\/wp-json\/wp\/v2\/tags?post=134122"},{"taxonomy":"wf_page_folders","embeddable":true,"href":"https:\/\/www.zoner.fi\/tuki\/wp-json\/wp\/v2\/wf_page_folders?post=134122"}],"curies":[{"name":"wp","href":"https:\/\/api.w.org\/{rel}","templated":true}]}}