{"id":134329,"date":"2024-11-12T11:39:15","date_gmt":"2024-11-12T09:39:15","guid":{"rendered":"https:\/\/www.zoner.fi\/tuki\/?page_id=134329"},"modified":"2025-09-25T16:42:40","modified_gmt":"2025-09-25T13:42:40","slug":"mista-sivun-ulkoasu-muodostuu-zoner-kotisivukoneessa","status":"publish","type":"page","link":"https:\/\/www.zoner.fi\/tuki\/kotisivukone\/zoner\/mista-sivun-ulkoasu-muodostuu-zoner-kotisivukoneessa\/","title":{"rendered":"Mist\u00e4 sivun ulkoasu muodostuu Zoner Kotisivukoneessa?"},"content":{"rendered":"\n<p>Zoner Kotisivukoneessa sivun ulkoasu koostuu selkeist\u00e4 osista, joita on helppo k\u00e4ytt\u00e4\u00e4 ja muokata.<\/p>\n\n\n\n<p>T\u00e4ss\u00e4 oppaassa kerromme, mist\u00e4 osista sivu koostuu, sek\u00e4 miten ne toimivat.<\/p>\n\n\n\n<h2 class=\"wp-block-heading\" id=\"step-1\">Yl\u00e4- ja alatunniste<\/h2>\n\n\n\n<p>Zoner Kotisivukoneessa sivut on tehty osista, jotka on pinottu pystysuunnassa p\u00e4\u00e4llekk\u00e4in. Sivun ylin osa on yl\u00e4tunniste ja alin alatunniste, ja ne ovat yhteisi\u00e4 sivuston kaikille yksitt\u00e4isille sivuille. Yl\u00e4- ja alatunnisteen v\u00e4list\u00e4 l\u00f6ytyy kunkin sivun oma sis\u00e4lt\u00f6.<\/p>\n\n\n\n<p>Jokaisella sivulla t\u00e4ytyy olla yl\u00e4- ja alatunniste, sek\u00e4 v\u00e4hint\u00e4\u00e4n yksi osa niiden v\u00e4liss\u00e4.<\/p>\n\n\n\n<p><strong>Yl\u00e4- ja alatunnisteeseen lis\u00e4tyt komponentit n\u00e4kyv\u00e4t sivustosi kaikilla sivuilla<\/strong>. Siksi niihin kannattaa lis\u00e4t\u00e4 vain sellaisia asioita, jotka haluat n\u00e4ytt\u00e4\u00e4 kaikilla sivuilla, kuten valikko ja yhteystiedot.<\/p>\n\n\n\n<p>Yl\u00e4tunniste ja alatunniste ovat kiinteit\u00e4 elementtej\u00e4 my\u00f6s siksi, ett\u00e4 ne auttavat hakukoneita analysoimaan sivun sis\u00e4lt\u00f6\u00e4. Yl\u00e4- ja alatunnisteiden avulla voit j\u00e4rjest\u00e4\u00e4 sivun sis\u00e4ll\u00f6n loogisesti ja saavuttaa parempia sijoituksia hakukoneissa.<\/p>\n\n\n\n<h2 class=\"wp-block-heading\" id=\"step-2\">Osiot<\/h2>\n\n\n\n<p>Yl\u00e4- ja alatunnisteen v\u00e4liss\u00e4 pit\u00e4\u00e4 olla v\u00e4hint\u00e4\u00e4n yksi osio, mutta niit\u00e4 voi olla miten monta tahansa.<\/p>\n\n\n\n<figure class=\"wp-block-image size-large\"><img loading=\"lazy\" decoding=\"async\" width=\"1024\" height=\"625\" src=\"https:\/\/www.zoner.fi\/tuki\/wp-content\/uploads\/2024\/10\/kotisivukone-sivun-ulkoasun-osat-1-1024x625.png\" alt=\"\" class=\"wp-image-134360\" srcset=\"https:\/\/www.zoner.fi\/tuki\/wp-content\/uploads\/2024\/10\/kotisivukone-sivun-ulkoasun-osat-1-1024x625.png 1024w, https:\/\/www.zoner.fi\/tuki\/wp-content\/uploads\/2024\/10\/kotisivukone-sivun-ulkoasun-osat-1-300x183.png 300w, https:\/\/www.zoner.fi\/tuki\/wp-content\/uploads\/2024\/10\/kotisivukone-sivun-ulkoasun-osat-1-768x469.png 768w, https:\/\/www.zoner.fi\/tuki\/wp-content\/uploads\/2024\/10\/kotisivukone-sivun-ulkoasun-osat-1.png 1485w\" sizes=\"auto, (max-width: 1024px) 100vw, 1024px\" \/><\/figure>\n\n\n\n<p>Voit lis\u00e4t\u00e4 sivulle useita osioita tai laittaa kaikki komponentit samaan osioon.<\/p>\n\n\n\n<p>Osion paikkaa voi helposti vaihtaa valitsemalla sen ja napsauttamalla sen vasemmalla puolella olevia nuolia. Osion mukana siirtyv\u00e4t kaikki sen sis\u00e4lt\u00e4m\u00e4t komponentit.<\/p>\n\n\n\n<figure class=\"wp-block-image size-large\"><img loading=\"lazy\" decoding=\"async\" width=\"1024\" height=\"625\" src=\"https:\/\/www.zoner.fi\/tuki\/wp-content\/uploads\/2024\/10\/kotisivukone-sivun-ulkoasun-osat-2-1024x625.png\" alt=\"\" class=\"wp-image-134359\" srcset=\"https:\/\/www.zoner.fi\/tuki\/wp-content\/uploads\/2024\/10\/kotisivukone-sivun-ulkoasun-osat-2-1024x625.png 1024w, https:\/\/www.zoner.fi\/tuki\/wp-content\/uploads\/2024\/10\/kotisivukone-sivun-ulkoasun-osat-2-300x183.png 300w, https:\/\/www.zoner.fi\/tuki\/wp-content\/uploads\/2024\/10\/kotisivukone-sivun-ulkoasun-osat-2-768x469.png 768w, https:\/\/www.zoner.fi\/tuki\/wp-content\/uploads\/2024\/10\/kotisivukone-sivun-ulkoasun-osat-2.png 1485w\" sizes=\"auto, (max-width: 1024px) 100vw, 1024px\" \/><\/figure>\n\n\n\n<p>Voit my\u00f6s poistaa osion tai lis\u00e4t\u00e4 uuden osion olemassa olevien osioiden v\u00e4liin. Sivu mukautuu automaattisesti tekem\u00e4\u00e4si muutokseen.<\/p>\n\n\n\n<p>Jos haluat, ett\u00e4 komponentti tai osio (joka ei ole yl\u00e4tunniste tai alatunniste) toistuu kaikilla sivuilla, kopioi se manuaalisesti kaikille sivuille, joissa sen tulisi n\u00e4ky\u00e4.<\/p>\n\n\n\n<p>Komponentteja voi helposti siirt\u00e4\u00e4 osiosta toiseen vet\u00e4m\u00e4ll\u00e4 ja pudottamalla.<\/p>\n\n\n\n<p><\/p>\n","protected":false},"excerpt":{"rendered":"<p>Zoner Kotisivukoneessa sivun ulkoasu koostuu selkeist\u00e4 osista, joita on helppo k\u00e4ytt\u00e4\u00e4 ja muokata. T\u00e4ss\u00e4 oppaassa kerromme, mist\u00e4 osista sivu koostuu, sek\u00e4 miten ne toimivat. Yl\u00e4- ja alatunniste Zoner Kotisivukoneessa sivut on tehty osista, jotka on pinottu pystysuunnassa p\u00e4\u00e4llekk\u00e4in. Sivun ylin osa on yl\u00e4tunniste ja alin alatunniste, ja ne ovat yhteisi\u00e4 sivuston kaikille yksitt\u00e4isille sivuille. Yl\u00e4- &#8230; <a title=\"Mist\u00e4 sivun ulkoasu muodostuu Zoner Kotisivukoneessa?\" class=\"read-more\" href=\"https:\/\/www.zoner.fi\/tuki\/kotisivukone\/zoner\/mista-sivun-ulkoasu-muodostuu-zoner-kotisivukoneessa\/\" aria-label=\"Lue lis\u00e4\u00e4 aiheesta Mist\u00e4 sivun ulkoasu muodostuu Zoner Kotisivukoneessa?\">Lue lis\u00e4\u00e4<\/a><\/p>\n","protected":false},"author":18,"featured_media":0,"parent":137385,"menu_order":0,"comment_status":"closed","ping_status":"closed","template":"","meta":{"_relevanssi_hide_post":"","_relevanssi_hide_content":"","_relevanssi_pin_for_all":"","_relevanssi_pin_keywords":"","_relevanssi_unpin_keywords":"","_relevanssi_related_keywords":"","_relevanssi_related_include_ids":"","_relevanssi_related_exclude_ids":"","_relevanssi_related_no_append":"","_relevanssi_related_not_related":"","_relevanssi_related_posts":"130865,132584,132348,130779,130455,130641","_relevanssi_noindex_reason":"","footnotes":""},"categories":[166],"tags":[160,158],"wf_page_folders":[],"class_list":{"0":"post-134329","1":"page","2":"type-page","3":"status-publish","5":"category-zoner-kotisivukone","6":"tag-ulkoasu-ja-tyyli","7":"tag-yleiset"},"_links":{"self":[{"href":"https:\/\/www.zoner.fi\/tuki\/wp-json\/wp\/v2\/pages\/134329","targetHints":{"allow":["GET"]}}],"collection":[{"href":"https:\/\/www.zoner.fi\/tuki\/wp-json\/wp\/v2\/pages"}],"about":[{"href":"https:\/\/www.zoner.fi\/tuki\/wp-json\/wp\/v2\/types\/page"}],"author":[{"embeddable":true,"href":"https:\/\/www.zoner.fi\/tuki\/wp-json\/wp\/v2\/users\/18"}],"replies":[{"embeddable":true,"href":"https:\/\/www.zoner.fi\/tuki\/wp-json\/wp\/v2\/comments?post=134329"}],"version-history":[{"count":3,"href":"https:\/\/www.zoner.fi\/tuki\/wp-json\/wp\/v2\/pages\/134329\/revisions"}],"predecessor-version":[{"id":134575,"href":"https:\/\/www.zoner.fi\/tuki\/wp-json\/wp\/v2\/pages\/134329\/revisions\/134575"}],"up":[{"embeddable":true,"href":"https:\/\/www.zoner.fi\/tuki\/wp-json\/wp\/v2\/pages\/137385"}],"wp:attachment":[{"href":"https:\/\/www.zoner.fi\/tuki\/wp-json\/wp\/v2\/media?parent=134329"}],"wp:term":[{"taxonomy":"category","embeddable":true,"href":"https:\/\/www.zoner.fi\/tuki\/wp-json\/wp\/v2\/categories?post=134329"},{"taxonomy":"post_tag","embeddable":true,"href":"https:\/\/www.zoner.fi\/tuki\/wp-json\/wp\/v2\/tags?post=134329"},{"taxonomy":"wf_page_folders","embeddable":true,"href":"https:\/\/www.zoner.fi\/tuki\/wp-json\/wp\/v2\/wf_page_folders?post=134329"}],"curies":[{"name":"wp","href":"https:\/\/api.w.org\/{rel}","templated":true}]}}