{"id":134498,"date":"2024-11-12T11:43:59","date_gmt":"2024-11-12T09:43:59","guid":{"rendered":"https:\/\/www.zoner.fi\/tuki\/?page_id=134498"},"modified":"2025-09-25T16:42:51","modified_gmt":"2025-09-25T13:42:51","slug":"miten-lisaan-myyntiehdot-verkkokauppaani","status":"publish","type":"page","link":"https:\/\/www.zoner.fi\/tuki\/kotisivukone\/zoner\/miten-lisaan-myyntiehdot-verkkokauppaani\/","title":{"rendered":"Miten lis\u00e4\u00e4n myyntiehdot verkkokauppaani?"},"content":{"rendered":"\n<p>Voit lis\u00e4t\u00e4 verkkokauppaasi myyntiehdot, jotka asiakkaiden on hyv\u00e4ksytt\u00e4v\u00e4 tilauksen tekemisen yhteydess\u00e4.<\/p>\n\n\n\n<ol class=\"wp-block-list\">\n<li>Avaa&nbsp;<strong>verkkokaupan hallintapaneeli<\/strong>&nbsp;vasemmalla olevasta valikosta.<\/li>\n\n\n\n<li>Napsauta&nbsp;<strong>Asetukset<\/strong>&nbsp;ja sitten&nbsp;<strong>K\u00e4yt\u00e4nn\u00f6t<\/strong>.<\/li>\n\n\n\n<li>Etsi kohta&nbsp;<strong>Ehdot<\/strong>&nbsp;ja valitse&nbsp;<strong>Myyntiehdot<\/strong>-valintaruutu.<\/li>\n\n\n\n<li>Kirjoita ehdot, jotka haluat asiakkaiden hyv\u00e4ksyv\u00e4n.<\/li>\n\n\n\n<li>Napsauta&nbsp;<strong>Tallenna<\/strong>&nbsp;ruudun alareunassa.<\/li>\n<\/ol>\n\n\n\n<p>Yhteystietojen antamisen j\u00e4lkeen asiakkaiden on nyt valittava valintaruutu hyv\u00e4ksy\u00e4kseen myyntiehdot, ennen kuin he voivat viimeistell\u00e4 tilauksensa.<\/p>\n\n\n\n<p><strong>Vinkki:&nbsp;<\/strong>Napsauta&nbsp;<strong>Luo ehdot<\/strong>&nbsp;luodaksesi automaattisesti valmiit ehdot verkkokauppaasi varten. Voit sitten mukauttaa ne sopivaksi myym\u00e4l\u00e4\u00e4si. Huomaa, ett\u00e4 ehdot voidaan luoda vain englanniksi.&nbsp;<\/p>\n\n\n\n<figure class=\"wp-block-image size-large\"><img loading=\"lazy\" decoding=\"async\" width=\"1024\" height=\"642\" src=\"https:\/\/www.zoner.fi\/tuki\/wp-content\/uploads\/2024\/10\/verkkokaupaa-myyntiehdot-1-1024x642.png\" alt=\"\" class=\"wp-image-134499\" srcset=\"https:\/\/www.zoner.fi\/tuki\/wp-content\/uploads\/2024\/10\/verkkokaupaa-myyntiehdot-1-1024x642.png 1024w, https:\/\/www.zoner.fi\/tuki\/wp-content\/uploads\/2024\/10\/verkkokaupaa-myyntiehdot-1-300x188.png 300w, https:\/\/www.zoner.fi\/tuki\/wp-content\/uploads\/2024\/10\/verkkokaupaa-myyntiehdot-1-768x482.png 768w, https:\/\/www.zoner.fi\/tuki\/wp-content\/uploads\/2024\/10\/verkkokaupaa-myyntiehdot-1-1536x964.png 1536w, https:\/\/www.zoner.fi\/tuki\/wp-content\/uploads\/2024\/10\/verkkokaupaa-myyntiehdot-1.png 1873w\" sizes=\"auto, (max-width: 1024px) 100vw, 1024px\" \/><\/figure>\n\n\n\n<p><\/p>\n","protected":false},"excerpt":{"rendered":"<p>Voit lis\u00e4t\u00e4 verkkokauppaasi myyntiehdot, jotka asiakkaiden on hyv\u00e4ksytt\u00e4v\u00e4 tilauksen tekemisen yhteydess\u00e4. Yhteystietojen antamisen j\u00e4lkeen asiakkaiden on nyt valittava valintaruutu hyv\u00e4ksy\u00e4kseen myyntiehdot, ennen kuin he voivat viimeistell\u00e4 tilauksensa. Vinkki:&nbsp;Napsauta&nbsp;Luo ehdot&nbsp;luodaksesi automaattisesti valmiit ehdot verkkokauppaasi varten. Voit sitten mukauttaa ne sopivaksi myym\u00e4l\u00e4\u00e4si. Huomaa, ett\u00e4 ehdot voidaan luoda vain englanniksi.&nbsp;<\/p>\n","protected":false},"author":18,"featured_media":0,"parent":137385,"menu_order":0,"comment_status":"closed","ping_status":"closed","template":"","meta":{"_relevanssi_hide_post":"","_relevanssi_hide_content":"","_relevanssi_pin_for_all":"","_relevanssi_pin_keywords":"","_relevanssi_unpin_keywords":"","_relevanssi_related_keywords":"","_relevanssi_related_include_ids":"","_relevanssi_related_exclude_ids":"","_relevanssi_related_no_append":"","_relevanssi_related_not_related":"","_relevanssi_related_posts":"132144,132393,132348,132894,132301,130899","_relevanssi_noindex_reason":"","footnotes":""},"categories":[166],"tags":[163],"wf_page_folders":[],"class_list":{"0":"post-134498","1":"page","2":"type-page","3":"status-publish","5":"category-zoner-kotisivukone","6":"tag-verkkokauppa"},"_links":{"self":[{"href":"https:\/\/www.zoner.fi\/tuki\/wp-json\/wp\/v2\/pages\/134498","targetHints":{"allow":["GET"]}}],"collection":[{"href":"https:\/\/www.zoner.fi\/tuki\/wp-json\/wp\/v2\/pages"}],"about":[{"href":"https:\/\/www.zoner.fi\/tuki\/wp-json\/wp\/v2\/types\/page"}],"author":[{"embeddable":true,"href":"https:\/\/www.zoner.fi\/tuki\/wp-json\/wp\/v2\/users\/18"}],"replies":[{"embeddable":true,"href":"https:\/\/www.zoner.fi\/tuki\/wp-json\/wp\/v2\/comments?post=134498"}],"version-history":[{"count":2,"href":"https:\/\/www.zoner.fi\/tuki\/wp-json\/wp\/v2\/pages\/134498\/revisions"}],"predecessor-version":[{"id":134578,"href":"https:\/\/www.zoner.fi\/tuki\/wp-json\/wp\/v2\/pages\/134498\/revisions\/134578"}],"up":[{"embeddable":true,"href":"https:\/\/www.zoner.fi\/tuki\/wp-json\/wp\/v2\/pages\/137385"}],"wp:attachment":[{"href":"https:\/\/www.zoner.fi\/tuki\/wp-json\/wp\/v2\/media?parent=134498"}],"wp:term":[{"taxonomy":"category","embeddable":true,"href":"https:\/\/www.zoner.fi\/tuki\/wp-json\/wp\/v2\/categories?post=134498"},{"taxonomy":"post_tag","embeddable":true,"href":"https:\/\/www.zoner.fi\/tuki\/wp-json\/wp\/v2\/tags?post=134498"},{"taxonomy":"wf_page_folders","embeddable":true,"href":"https:\/\/www.zoner.fi\/tuki\/wp-json\/wp\/v2\/wf_page_folders?post=134498"}],"curies":[{"name":"wp","href":"https:\/\/api.w.org\/{rel}","templated":true}]}}