{"id":135397,"date":"2025-02-24T15:22:42","date_gmt":"2025-02-24T13:22:42","guid":{"rendered":"https:\/\/www.zoner.fi\/tuki\/?page_id=135397"},"modified":"2025-09-17T09:58:11","modified_gmt":"2025-09-17T06:58:11","slug":"miten-otan-kayttoon-kaksivaiheisen-tunnistautumisen-zoner-homessa","status":"publish","type":"page","link":"https:\/\/www.zoner.fi\/tuki\/zoner-home\/miten-otan-kayttoon-kaksivaiheisen-tunnistautumisen-zoner-homessa\/","title":{"rendered":"Miten otan k\u00e4ytt\u00f6\u00f6n kaksivaiheisen tunnistautumisen Zoner Homessa?"},"content":{"rendered":"\n<p>Suosittelemme, ett\u00e4 otat Zoner Home -tilill\u00e4 k\u00e4ytt\u00f6\u00f6n kaksivaiheisen tunnistautumisen (2FA) parantaaksesi tilin suojausta. Kaksivaiheista todennusta voi k\u00e4ytt\u00e4\u00e4 Microsoft Authenticatorin tai muun todennussovelluksen kautta.<\/p>\n\n\n\n<h2 class=\"wp-block-heading\">Miten kaksivaiheinen tunnistautuminen toimii?<\/h2>\n\n\n\n<p>Kun kaksivaiheinen tunnistautuminen on k\u00e4yt\u00f6ss\u00e4, sinulta pyydet\u00e4\u00e4n tilille kirjautumisen yhteydess\u00e4 salasanan lis\u00e4ksi my\u00f6s turvakoodi, jonka saat tiliin yhdistetyn laitteen (esim. \u00e4lypuhelimen) todennussovellukseen.<\/p>\n\n\n\n<h2 class=\"wp-block-heading\">Ota kaksivaiheinen tunnistautuminen k\u00e4ytt\u00f6\u00f6n Zoner Homessa n\u00e4in<\/h2>\n\n\n\n<ol class=\"wp-block-list\">\n<li>Kirjaudu Zoner Homeen osoitteessa\u00a0<a href=\"https:\/\/home.zoner.fi\/\" target=\"_blank\" rel=\"noreferrer noopener\">https:\/\/home.zoner.fi<\/a><\/li>\n\n\n\n<li>Klikkaa oikeassa yl\u00e4kulmassa <strong>Tili<\/strong> ja valitse avautuneesta valikosta <strong>Turvallisuus<\/strong>.<\/li>\n<\/ol>\n\n\n\n<figure class=\"wp-block-image size-large\"><img loading=\"lazy\" decoding=\"async\" width=\"1024\" height=\"480\" src=\"https:\/\/www.zoner.fi\/tuki\/wp-content\/uploads\/2025\/02\/zoner-home-kaksivaiheinen-todennus-1024x480.png\" alt=\"\" class=\"wp-image-135398\" srcset=\"https:\/\/www.zoner.fi\/tuki\/wp-content\/uploads\/2025\/02\/zoner-home-kaksivaiheinen-todennus-1024x480.png 1024w, https:\/\/www.zoner.fi\/tuki\/wp-content\/uploads\/2025\/02\/zoner-home-kaksivaiheinen-todennus-300x141.png 300w, https:\/\/www.zoner.fi\/tuki\/wp-content\/uploads\/2025\/02\/zoner-home-kaksivaiheinen-todennus-768x360.png 768w, https:\/\/www.zoner.fi\/tuki\/wp-content\/uploads\/2025\/02\/zoner-home-kaksivaiheinen-todennus.png 1480w\" sizes=\"auto, (max-width: 1024px) 100vw, 1024px\" \/><\/figure>\n\n\n\n<p>3. Klikkaa Kaksivaiheinen todennus -kohdassa <strong>Aktivoi<\/strong>.<\/p>\n\n\n\n<figure class=\"wp-block-image size-large\"><img loading=\"lazy\" decoding=\"async\" width=\"1024\" height=\"706\" src=\"https:\/\/www.zoner.fi\/tuki\/wp-content\/uploads\/2025\/02\/zoner-home-kaksivaiheinen-todennus-2-1024x706.png\" alt=\"\" class=\"wp-image-135399\" srcset=\"https:\/\/www.zoner.fi\/tuki\/wp-content\/uploads\/2025\/02\/zoner-home-kaksivaiheinen-todennus-2-1024x706.png 1024w, https:\/\/www.zoner.fi\/tuki\/wp-content\/uploads\/2025\/02\/zoner-home-kaksivaiheinen-todennus-2-300x207.png 300w, https:\/\/www.zoner.fi\/tuki\/wp-content\/uploads\/2025\/02\/zoner-home-kaksivaiheinen-todennus-2-768x529.png 768w, https:\/\/www.zoner.fi\/tuki\/wp-content\/uploads\/2025\/02\/zoner-home-kaksivaiheinen-todennus-2.png 1483w\" sizes=\"auto, (max-width: 1024px) 100vw, 1024px\" \/><\/figure>\n\n\n\n<p>4. Noudata sivulla n\u00e4kyvi\u00e4 ohjeita:<\/p>\n\n\n\n<ol class=\"wp-block-list\">\n<li>Asenna puhelimeesi tai muuhun laitteeseen Microsoft Authenticator tai muu todennussovellus.<\/li>\n\n\n\n<li>Skannaa sivulla n\u00e4kyv\u00e4 QR-koodi laitteesi todennussovelluksella tai sy\u00f6t\u00e4 se manuaalisesti.<\/li>\n\n\n\n<li>Vahvista laite sy\u00f6tt\u00e4m\u00e4ll\u00e4 siin\u00e4 n\u00e4kyv\u00e4 turvakoodi kentt\u00e4\u00e4n ja klikkaamalla <strong>Jatka<\/strong>.<\/li>\n<\/ol>\n\n\n\n<figure class=\"wp-block-image size-large\"><img loading=\"lazy\" decoding=\"async\" width=\"1024\" height=\"706\" src=\"https:\/\/www.zoner.fi\/tuki\/wp-content\/uploads\/2025\/02\/zoner-home-kaksivaiheinen-todennus-3-1024x706.png\" alt=\"\" class=\"wp-image-135400\" srcset=\"https:\/\/www.zoner.fi\/tuki\/wp-content\/uploads\/2025\/02\/zoner-home-kaksivaiheinen-todennus-3-1024x706.png 1024w, https:\/\/www.zoner.fi\/tuki\/wp-content\/uploads\/2025\/02\/zoner-home-kaksivaiheinen-todennus-3-300x207.png 300w, https:\/\/www.zoner.fi\/tuki\/wp-content\/uploads\/2025\/02\/zoner-home-kaksivaiheinen-todennus-3-768x529.png 768w, https:\/\/www.zoner.fi\/tuki\/wp-content\/uploads\/2025\/02\/zoner-home-kaksivaiheinen-todennus-3.png 1483w\" sizes=\"auto, (max-width: 1024px) 100vw, 1024px\" \/><\/figure>\n\n\n\n<p>5. Kun kirjaudut jatkossa Zoner Homeen, sinulta pyydet\u00e4\u00e4n salasanan lis\u00e4ksi tiliin yhdistetyn laitteen todennussovelluksessa n\u00e4kyv\u00e4\u00e4 turvakoodia.<\/p>\n\n\n\n<p><\/p>\n","protected":false},"excerpt":{"rendered":"<p>Suosittelemme, ett\u00e4 otat Zoner Home -tilill\u00e4 k\u00e4ytt\u00f6\u00f6n kaksivaiheisen tunnistautumisen (2FA) parantaaksesi tilin suojausta. Kaksivaiheista todennusta voi k\u00e4ytt\u00e4\u00e4 Microsoft Authenticatorin tai muun todennussovelluksen kautta. Miten kaksivaiheinen tunnistautuminen toimii? Kun kaksivaiheinen tunnistautuminen on k\u00e4yt\u00f6ss\u00e4, sinulta pyydet\u00e4\u00e4n tilille kirjautumisen yhteydess\u00e4 salasanan lis\u00e4ksi my\u00f6s turvakoodi, jonka saat tiliin yhdistetyn laitteen (esim. \u00e4lypuhelimen) todennussovellukseen. Ota kaksivaiheinen tunnistautuminen k\u00e4ytt\u00f6\u00f6n Zoner Homessa &#8230; <a title=\"Miten otan k\u00e4ytt\u00f6\u00f6n kaksivaiheisen tunnistautumisen Zoner Homessa?\" class=\"read-more\" href=\"https:\/\/www.zoner.fi\/tuki\/zoner-home\/miten-otan-kayttoon-kaksivaiheisen-tunnistautumisen-zoner-homessa\/\" aria-label=\"Lue lis\u00e4\u00e4 aiheesta Miten otan k\u00e4ytt\u00f6\u00f6n kaksivaiheisen tunnistautumisen Zoner Homessa?\">Lue lis\u00e4\u00e4<\/a><\/p>\n","protected":false},"author":18,"featured_media":0,"parent":131930,"menu_order":0,"comment_status":"closed","ping_status":"closed","template":"","meta":{"_relevanssi_hide_post":"","_relevanssi_hide_content":"","_relevanssi_pin_for_all":"","_relevanssi_pin_keywords":"","_relevanssi_unpin_keywords":"","_relevanssi_related_keywords":"","_relevanssi_related_include_ids":"","_relevanssi_related_exclude_ids":"","_relevanssi_related_no_append":"","_relevanssi_related_not_related":"","_relevanssi_related_posts":"130578,132144,130722,135211,130865,132301","_relevanssi_noindex_reason":"","footnotes":""},"categories":[115],"tags":[203],"wf_page_folders":[],"class_list":{"0":"post-135397","1":"page","2":"type-page","3":"status-publish","5":"category-oma-tili-ja-tilaukset","6":"tag-kirjautuminen"},"_links":{"self":[{"href":"https:\/\/www.zoner.fi\/tuki\/wp-json\/wp\/v2\/pages\/135397","targetHints":{"allow":["GET"]}}],"collection":[{"href":"https:\/\/www.zoner.fi\/tuki\/wp-json\/wp\/v2\/pages"}],"about":[{"href":"https:\/\/www.zoner.fi\/tuki\/wp-json\/wp\/v2\/types\/page"}],"author":[{"embeddable":true,"href":"https:\/\/www.zoner.fi\/tuki\/wp-json\/wp\/v2\/users\/18"}],"replies":[{"embeddable":true,"href":"https:\/\/www.zoner.fi\/tuki\/wp-json\/wp\/v2\/comments?post=135397"}],"version-history":[{"count":4,"href":"https:\/\/www.zoner.fi\/tuki\/wp-json\/wp\/v2\/pages\/135397\/revisions"}],"predecessor-version":[{"id":137366,"href":"https:\/\/www.zoner.fi\/tuki\/wp-json\/wp\/v2\/pages\/135397\/revisions\/137366"}],"up":[{"embeddable":true,"href":"https:\/\/www.zoner.fi\/tuki\/wp-json\/wp\/v2\/pages\/131930"}],"wp:attachment":[{"href":"https:\/\/www.zoner.fi\/tuki\/wp-json\/wp\/v2\/media?parent=135397"}],"wp:term":[{"taxonomy":"category","embeddable":true,"href":"https:\/\/www.zoner.fi\/tuki\/wp-json\/wp\/v2\/categories?post=135397"},{"taxonomy":"post_tag","embeddable":true,"href":"https:\/\/www.zoner.fi\/tuki\/wp-json\/wp\/v2\/tags?post=135397"},{"taxonomy":"wf_page_folders","embeddable":true,"href":"https:\/\/www.zoner.fi\/tuki\/wp-json\/wp\/v2\/wf_page_folders?post=135397"}],"curies":[{"name":"wp","href":"https:\/\/api.w.org\/{rel}","templated":true}]}}