{"id":136010,"date":"2025-04-30T13:26:02","date_gmt":"2025-04-30T10:26:02","guid":{"rendered":"https:\/\/www.zoner.fi\/tuki\/?page_id=136010"},"modified":"2025-11-13T11:42:40","modified_gmt":"2025-11-13T09:42:40","slug":"ohje-zonerin-kumppaneille-zoner-home-perusteet","status":"publish","type":"page","link":"https:\/\/www.zoner.fi\/tuki\/zoner-home\/ohje-zonerin-kumppaneille-zoner-home-perusteet\/","title":{"rendered":"Ohje Zonerin kumppaneille &#8211; Miten hallitsen asiakkaani webhotellia?"},"content":{"rendered":"\n<p>Tervetuloa Zonerin kumppaniksi! <\/p>\n\n\n\n<p>T\u00e4ss\u00e4 ohjeessa kerromme, miten p\u00e4\u00e4set hallitsemaan omien asiakkaidesi webhotelleja <a href=\"https:\/\/home.zoner.fi\" target=\"_blank\" rel=\"noopener\">Zoner Home<\/a> -hallintapaneelin kautta, sek\u00e4 mit\u00e4 muita ominaisuuksia Zoner Homesta l\u00f6ytyy.<\/p>\n\n\n\n<ul class=\"wp-block-list\">\n<li><a href=\"#1\">Mik\u00e4 on Zoner Home?<\/a><\/li>\n\n\n\n<li><a href=\"#2\">Mit\u00e4 asiakkaani tulee tehd\u00e4 sen j\u00e4lkeen, kun olen tehnyt h\u00e4nelle tilauksen Zonerilla?<\/a><\/li>\n\n\n\n<li><a href=\"#3\">Miten p\u00e4\u00e4sen asiakkaani webhotellin hallintapaneeliin?<\/a><\/li>\n\n\n\n<li><a href=\"#4\">Zoner Home &#8211; ominaisuudet ja ohjeet<\/a><\/li>\n<\/ul>\n\n\n\n<h2 class=\"wp-block-heading\" id=\"1\">Mik\u00e4 on Zoner Home?<\/h2>\n\n\n\n<p>Zoner Home -hallintapaneelissa (<a href=\"https:\/\/home.zoner.fi\" target=\"_blank\" rel=\"noopener\">https:\/\/home.zoner.fi<\/a>) Zonerin asiakas voi hallita tilauksiaan, tarkastella laskujaan ja siirty\u00e4 webhotellin hallintapaneeliin. Uuden asiakkaan Zoner Home -kirjautumislinkki l\u00e4hetet\u00e4\u00e4n siihen s\u00e4hk\u00f6postiosoitteeseen, joka on annettu tilauksen tekemisen yhteydess\u00e4.<\/p>\n\n\n\n<p>Asiakas voi luoda Zoner Home -k\u00e4ytt\u00e4j\u00e4n my\u00f6s kumppanille ja muille henkil\u00f6ille, joiden pit\u00e4\u00e4 p\u00e4\u00e4st\u00e4 kirjautumaan webhotellin hallintapaneeliin tai esim. tarkastelemaan Zonerin l\u00e4hett\u00e4mi\u00e4 laskuja.<\/p>\n\n\n\n<h2 class=\"wp-block-heading\" id=\"2\">Mit\u00e4 asiakkaani tulee tehd\u00e4 sen j\u00e4lkeen, kun olen tehnyt h\u00e4nelle tilauksen Zonernilla?<\/h2>\n\n\n\n<h3 class=\"wp-block-heading\">1. Asiakas luo oman Zoner Home -salasanan<\/h3>\n\n\n\n<ol class=\"wp-block-list\">\n<li>Sen j\u00e4lkeen, kun olet tilannut asiakkaan nimiss\u00e4 hosting-paketin Zonerilla, h\u00e4n saa s\u00e4hk\u00f6postiinsa tilausvahvistuksen ja linkin Zoner Home -salasanan luomiseen:<\/li>\n<\/ol>\n\n\n\n<figure class=\"wp-block-image size-full\"><img loading=\"lazy\" decoding=\"async\" width=\"828\" height=\"746\" src=\"https:\/\/www.zoner.fi\/tuki\/wp-content\/uploads\/2025\/04\/image-1.png\" alt=\"\" class=\"wp-image-136011\" srcset=\"https:\/\/www.zoner.fi\/tuki\/wp-content\/uploads\/2025\/04\/image-1.png 828w, https:\/\/www.zoner.fi\/tuki\/wp-content\/uploads\/2025\/04\/image-1-300x270.png 300w, https:\/\/www.zoner.fi\/tuki\/wp-content\/uploads\/2025\/04\/image-1-768x692.png 768w\" sizes=\"auto, (max-width: 828px) 100vw, 828px\" \/><\/figure>\n\n\n\n<ul class=\"wp-block-list\">\n<li><strong>Aseta salasanasi nyt<\/strong> -linkki vie sivulle <a href=\"https:\/\/home.zoner.fi\/forgot-password\" target=\"_blank\" rel=\"noopener\">https:\/\/home.zoner.fi\/forgot-password<\/a>. T\u00e4ll\u00e4 sivulla asiakas voi sy\u00f6tt\u00e4\u00e4 k\u00e4ytt\u00e4j\u00e4nimens\u00e4, joka on sama kuin h\u00e4nen asiakasnumeronsa. Asiakkaan k\u00e4ytt\u00e4j\u00e4nimi\/asiakasnumero l\u00f6ytyy yll\u00e4 olevasta viestist\u00e4 kohdasta <strong>K\u00e4ytt\u00e4j\u00e4nimesi<\/strong>.<\/li>\n\n\n\n<li>Sy\u00f6tetty\u00e4\u00e4n k\u00e4ytt\u00e4j\u00e4nimen asiakas saa s\u00e4hk\u00f6postiinsa linkin, jolla h\u00e4n voi luoda Zoner Home -salasanan.<\/li>\n<\/ul>\n\n\n\n<h3 class=\"wp-block-heading\">2. Asiakas lis\u00e4\u00e4 sinut k\u00e4ytt\u00e4j\u00e4ksi Zoner Home -hallintapaneeliinsa<\/h3>\n\n\n\n<p>Asiakas voi nyt kirjautua <a href=\"https:\/\/home.zoner.fi\/\" target=\"_blank\" rel=\"noopener\">Zoner Homeen<\/a>. Jotta p\u00e4\u00e4set my\u00f6s itse kirjautumaan Zoner Homeen ja rakentamaan asiakkaalle kotisivuja, pyyd\u00e4 h\u00e4nt\u00e4 luomaan sinulle Zoner Home -k\u00e4ytt\u00e4j\u00e4, tai kutsumaan sinut k\u00e4ytt\u00e4j\u00e4ksi h\u00e4nen tililleen, jos sinulla on jo Zoner Home -k\u00e4ytt\u00e4j\u00e4tili. Anna asiakkaalle linkki ohjeeseen &#8221;<a href=\"https:\/\/www.zoner.fi\/tuki\/zoner-home\/miten-hallitsen-zoner-home-kayttajia\/\">Miten hallitsen Zoner Home -k\u00e4ytt\u00e4ji\u00e4<\/a>&#8221;.<\/p>\n\n\n\n<ul class=\"wp-block-list\">\n<li><a href=\"#kayttajan-kutsuminen\">K\u00e4ytt\u00e4j\u00e4n kutsuminen<\/a><\/li>\n\n\n\n<li><a href=\"#kayttajan-luominen\">K\u00e4ytt\u00e4j\u00e4n luominen<\/a><\/li>\n<\/ul>\n\n\n\n<h3 class=\"wp-block-heading\" id=\"kayttajan-kutsuminen\">K\u00e4ytt\u00e4j\u00e4n kutsuminen<\/h3>\n\n\n\n<p>Jos sinulla on jo Zoner Home -tili, pyyd\u00e4 asiakasta kutsumaan sinut k\u00e4ytt\u00e4j\u00e4ksi h\u00e4nen tililleen.<\/p>\n\n\n\n<p>Asiakas voi kutsua sinut Zoner Homessa sivulla <strong>Tili<\/strong> &gt; <strong>K\u00e4ytt\u00e4jien hallinta<\/strong> klikkaamalla <strong>Kutsu olemassa oleva k\u00e4ytt\u00e4j\u00e4<\/strong> -painiketta ja sy\u00f6tt\u00e4m\u00e4ll\u00e4 seuraavalla sivulla s\u00e4hk\u00f6postiosoitteesi.<\/p>\n\n\n\n<figure class=\"wp-block-image size-large\"><img loading=\"lazy\" decoding=\"async\" width=\"1024\" height=\"628\" src=\"https:\/\/www.zoner.fi\/tuki\/wp-content\/uploads\/2025\/06\/kutsu-kayttaja-1024x628.png\" alt=\"\" class=\"wp-image-136392\" srcset=\"https:\/\/www.zoner.fi\/tuki\/wp-content\/uploads\/2025\/06\/kutsu-kayttaja-1024x628.png 1024w, https:\/\/www.zoner.fi\/tuki\/wp-content\/uploads\/2025\/06\/kutsu-kayttaja-300x184.png 300w, https:\/\/www.zoner.fi\/tuki\/wp-content\/uploads\/2025\/06\/kutsu-kayttaja-768x471.png 768w, https:\/\/www.zoner.fi\/tuki\/wp-content\/uploads\/2025\/06\/kutsu-kayttaja-1536x942.png 1536w, https:\/\/www.zoner.fi\/tuki\/wp-content\/uploads\/2025\/06\/kutsu-kayttaja.png 1855w\" sizes=\"auto, (max-width: 1024px) 100vw, 1024px\" \/><\/figure>\n\n\n\n<h3 class=\"wp-block-heading\" id=\"kayttajan-luominen\">K\u00e4ytt\u00e4j\u00e4n luominen<\/h3>\n\n\n\n<p>Jos sinulla ei viel\u00e4 ole Zoner Home -k\u00e4ytt\u00e4j\u00e4\u00e4, asiakas voi luoda sinulle sellaisen n\u00e4in:<\/p>\n\n\n\n<ol class=\"wp-block-list\">\n<li>Asiakas siirtyy Zoner Homessa sivulle <strong>Tili<\/strong> &gt; <strong>K\u00e4ytt\u00e4jien hallinta<\/strong> ja klikkaa <strong>Luo k\u00e4ytt\u00e4j\u00e4<\/strong> -painiketta.<\/li>\n\n\n\n<li>Avautuneella sivulla asiakas voi antaa uuden k\u00e4ytt\u00e4j\u00e4n nimen ja s\u00e4hk\u00f6postiosoitteen. Valintaruutu rastitetaan kohdassa \u201d<strong>Voiko t\u00e4m\u00e4 k\u00e4ytt\u00e4j\u00e4 kirjautua sis\u00e4\u00e4n?\u201d <\/strong>ja uudelle k\u00e4ytt\u00e4j\u00e4lle sy\u00f6tet\u00e4\u00e4n k\u00e4ytt\u00e4j\u00e4nimi kirjautumista varten.<br>Lis\u00e4ksi \u201dVoiko t\u00e4m\u00e4 k\u00e4ytt\u00e4j\u00e4 ottaa yhteytt\u00e4 asiakaspalveluumme\u201d ja \u201dMit\u00e4 s\u00e4hk\u00f6posteja k\u00e4ytt\u00e4j\u00e4n tulee saada\u201d -kohdissa kannatta valita <strong>Tekninen<\/strong>.<\/li>\n<\/ol>\n\n\n\n<figure class=\"wp-block-image size-large\"><img loading=\"lazy\" decoding=\"async\" width=\"1024\" height=\"722\" src=\"https:\/\/www.zoner.fi\/tuki\/wp-content\/uploads\/2025\/04\/kumppaniohje-kayttajan-luonti-4-1024x722.png\" alt=\"\" class=\"wp-image-136028\" srcset=\"https:\/\/www.zoner.fi\/tuki\/wp-content\/uploads\/2025\/04\/kumppaniohje-kayttajan-luonti-4-1024x722.png 1024w, https:\/\/www.zoner.fi\/tuki\/wp-content\/uploads\/2025\/04\/kumppaniohje-kayttajan-luonti-4-300x212.png 300w, https:\/\/www.zoner.fi\/tuki\/wp-content\/uploads\/2025\/04\/kumppaniohje-kayttajan-luonti-4-768x542.png 768w, https:\/\/www.zoner.fi\/tuki\/wp-content\/uploads\/2025\/04\/kumppaniohje-kayttajan-luonti-4.png 1459w\" sizes=\"auto, (max-width: 1024px) 100vw, 1024px\" \/><\/figure>\n\n\n\n<p>3. Lopuksi asiakas klikkaa <strong>Luo<\/strong>-painiketta sivun alareunassa. Sen j\u00e4lkeen uusi k\u00e4ytt\u00e4j\u00e4 eli sin\u00e4 saat s\u00e4hk\u00f6postiisi linkin, jolla voit luoda Zoner Home -salasanan ja kirjautua sitten asiakkaasi Zoner Home -tilille.<\/p>\n\n\n\n<h2 class=\"wp-block-heading\" id=\"3\">Miten p\u00e4\u00e4sen asiakkaani webhotellin hallintapaneeliin?<\/h2>\n\n\n\n<p>Kun asiakas on luonut sinulle Zoner Home -k\u00e4ytt\u00e4j\u00e4n, voit Zoner Homen kautta siirty\u00e4 h\u00e4nen webhotellinsa hallintapaneeliin:<\/p>\n\n\n\n<p>1. Kirjaudu <a href=\"https:\/\/home.zoner.fi\/\" target=\"_blank\" rel=\"noopener\">Zoner Homeen<\/a> k\u00e4ytt\u00e4j\u00e4tilille, jonka asiakas on luonut sinulle.<\/p>\n\n\n\n<p>2. Siirry yl\u00e4reunan valikosta <strong>Omat tuotteet<\/strong> -v\u00e4lilehdelle ja klikkaa sit\u00e4 webhotellia, johon rakennat asiakkaan sivuston.<br><strong>Huom<\/strong>: Jos asiakkaalla on <strong>WP.one-palvelu<\/strong>, se l\u00f6ytyy Omat tuotteet -sivulta alempaa kohdasta &#8221;Muut tuotteet&#8221;.<\/p>\n\n\n\n<figure class=\"wp-block-image size-large\"><img loading=\"lazy\" decoding=\"async\" width=\"1024\" height=\"777\" src=\"https:\/\/www.zoner.fi\/tuki\/wp-content\/uploads\/2025\/04\/kumppaniohje-zoner-home-omat-tuotteet-1024x777.png\" alt=\"\" class=\"wp-image-136016\" srcset=\"https:\/\/www.zoner.fi\/tuki\/wp-content\/uploads\/2025\/04\/kumppaniohje-zoner-home-omat-tuotteet-1024x777.png 1024w, https:\/\/www.zoner.fi\/tuki\/wp-content\/uploads\/2025\/04\/kumppaniohje-zoner-home-omat-tuotteet-300x228.png 300w, https:\/\/www.zoner.fi\/tuki\/wp-content\/uploads\/2025\/04\/kumppaniohje-zoner-home-omat-tuotteet-768x583.png 768w, https:\/\/www.zoner.fi\/tuki\/wp-content\/uploads\/2025\/04\/kumppaniohje-zoner-home-omat-tuotteet.png 1336w\" sizes=\"auto, (max-width: 1024px) 100vw, 1024px\" \/><\/figure>\n\n\n\n<p>3. Vierit\u00e4 alemmas ja klikkaa <strong>Hallitse webhotellia<\/strong> -linkki\u00e4, niin p\u00e4\u00e4set webhotellin DirectAdmin-hallintapaneeliin. DirectAdmin-ohjeet l\u00f6ytyv\u00e4t Tukisivuston <a href=\"https:\/\/www.zoner.fi\/tuki\/webhotellit\/directadmin\/\">Webhotelli->DirectAdmin-kategoriasta<\/a>.<\/p>\n\n\n\n<figure class=\"wp-block-image size-large\"><img loading=\"lazy\" decoding=\"async\" width=\"1024\" height=\"720\" src=\"https:\/\/www.zoner.fi\/tuki\/wp-content\/uploads\/2025\/04\/kumppaniohje-zoner-home-directadmin-1024x720.png\" alt=\"\" class=\"wp-image-136015\" srcset=\"https:\/\/www.zoner.fi\/tuki\/wp-content\/uploads\/2025\/04\/kumppaniohje-zoner-home-directadmin-1024x720.png 1024w, https:\/\/www.zoner.fi\/tuki\/wp-content\/uploads\/2025\/04\/kumppaniohje-zoner-home-directadmin-300x211.png 300w, https:\/\/www.zoner.fi\/tuki\/wp-content\/uploads\/2025\/04\/kumppaniohje-zoner-home-directadmin-768x540.png 768w, https:\/\/www.zoner.fi\/tuki\/wp-content\/uploads\/2025\/04\/kumppaniohje-zoner-home-directadmin.png 1367w\" sizes=\"auto, (max-width: 1024px) 100vw, 1024px\" \/><\/figure>\n\n\n\n<h2 class=\"wp-block-heading\" id=\"4\">Zoner Home &#8211; ominaisuudet ja ohjeet<\/h2>\n\n\n\n<p><strong>Zoner Home -kirjautuminen<\/strong> &#8211; Zoner Homeen voi kirjautua osoitteessa <a href=\"https:\/\/home.zoner.fi\/?_gl=1*p1h6yk*_up*MQ..*_ga*MTAyNjUxNzYyNy4xNzQ1OTk4NDk2*_ga_89HZR2ECZP*MTc0NTk5ODQ5Ni4xLjEuMTc0NTk5ODYxMC4wLjAuNzAxMDEyMzEw\" target=\"_blank\" rel=\"noreferrer noopener\">https:\/\/home.zoner.fi<\/a>. Jos kirjautumisessa on ongelmia, lue ohje <a href=\"https:\/\/www.zoner.fi\/tuki\/zoner-home\/miten-kirjaudun-zoner-home-hallintapaneeliin\/\">Miten kirjaudun Zoner Home -hallintapaneeliin?<\/a>.<\/p>\n\n\n\n<p><strong>Webhotelliin kirjautuminen<\/strong> &#8211; Zoner Homen kautta voi suoraan siirty\u00e4 webhotellin hallintapaneeliin. Ohje: <a href=\"https:\/\/www.zoner.fi\/tuki\/zoner-home\/miten-kirjaudun-webhotelliini-zoner-homen-kautta\/\">Miten kirjaudun webhotelliin Zoner Homen kautta?<\/a><\/p>\n\n\n\n<p><strong>K\u00e4ytt\u00e4jien hallinta<\/strong> &#8211; Zoner Home -tilille voi luoda ja kutsua useita k\u00e4ytt\u00e4ji\u00e4, jotta useampi henkil\u00f6 voi hallita sit\u00e4 ja k\u00e4ytt\u00e4\u00e4 esimerkiksi webhotellin hallintapaneelia. Ohje: <a href=\"https:\/\/www.zoner.fi\/tuki\/zoner-home\/miten-hallitsen-zoner-home-kayttajia\/\">Miten hallitsen Zoner Home -k\u00e4ytt\u00e4ji\u00e4<\/a><\/p>\n\n\n\n<p><strong>Tuotteiden tarkastelu<\/strong> &#8211; Zoner Homen yl\u00e4reunan <strong>Omat tuotteet<\/strong> -v\u00e4lilehdell\u00e4 n\u00e4et tilin tuotteet. Klikkaamalla webhotellia p\u00e4\u00e4set sen yleiskatsaukseen, josta l\u00f6ytyv\u00e4ll\u00e4 painikkeella voit siirty\u00e4 webhotellin hallintapaneeliin.<\/p>\n\n\n\n<p><strong>Laskujen tarkastelu<\/strong> &#8211; Zoner Homessa asiakas voi n\u00e4hd\u00e4 kaikki tilins\u00e4 laskut ja ladata ne pdf-muodossa. Ohje: <a href=\"https:\/\/www.zoner.fi\/tuki\/zoner-home\/missa-naen-tilaukseni-laskut\/?\">Miss\u00e4 n\u00e4en tilaukseni laskut?<\/a><\/p>\n\n\n\n<p><strong>Laskun l\u00e4hetystavan muuttaminen <\/strong>&#8211; Asiakas voi helposti muuttaa Zoner Homessa laskun l\u00e4hetystapaa. Ohje: <a href=\"https:\/\/www.zoner.fi\/tuki\/zoner-home\/miten-muutan-laskun-lahetystapaa\/\">Miten muutan laskun l\u00e4hetystapaa?<\/a><\/p>\n\n\n\n<p><strong>Chat-asiakaspalvelu<\/strong> &#8211; Jos tarvitset Zonerin asiakaspalvelun apua, helpoiten otat yhteytt\u00e4 Zoner Homen chat-painikkeen kautta. Jos avaat chatin Zoner Homen kautta, sinun ei tarvitse erikseen tunnistautua keskustelun aikana.<\/p>\n\n\n\n<p><strong>Tilauksen hallinta<\/strong> &#8211; Palvelun voi irtisanoa Zoner Homessa. Ohje: <a href=\"https:\/\/www.zoner.fi\/tuki\/zoner-home\/miten-irtisanon-palveluni\/\">Miten irtisanon palveluni?<\/a><\/p>\n\n\n\n<p><strong>Kielivaihtoehdot <\/strong>&#8211; Zoner Home -hallintapaneelin kielt\u00e4 on helppo vaihtaa. Ohje: <a href=\"https:\/\/www.zoner.fi\/tuki\/zoner-home\/miten-vaihdan-zoner-homen-kielen\/\">Miten vaihdan Zoner Home -hallintapaneelin kielen<\/a><\/p>\n\n\n\n<p><strong>Kaksivaiheinen tunnistautuminen<\/strong> &#8211; Kaksivaiheinen tunnistautuminen kannattaa ottaa k\u00e4ytt\u00f6\u00f6n tilin turvallisuuden parantamiseksi. Ohje: <a href=\"https:\/\/www.zoner.fi\/tuki\/zoner-home\/miten-otan-kayttoon-kaksivaiheisen-tunnistautumisen-zoner-homessa\/\">Miten otan k\u00e4ytt\u00f6\u00f6n kaksivaiheisen tunnistautumisen Zoner Homessa?<\/a><\/p>\n\n\n\n<p><\/p>\n","protected":false},"excerpt":{"rendered":"<p>Tervetuloa Zonerin kumppaniksi! T\u00e4ss\u00e4 ohjeessa kerromme, miten p\u00e4\u00e4set hallitsemaan omien asiakkaidesi webhotelleja Zoner Home -hallintapaneelin kautta, sek\u00e4 mit\u00e4 muita ominaisuuksia Zoner Homesta l\u00f6ytyy. Mik\u00e4 on Zoner Home? Zoner Home -hallintapaneelissa (https:\/\/home.zoner.fi) Zonerin asiakas voi hallita tilauksiaan, tarkastella laskujaan ja siirty\u00e4 webhotellin hallintapaneeliin. Uuden asiakkaan Zoner Home -kirjautumislinkki l\u00e4hetet\u00e4\u00e4n siihen s\u00e4hk\u00f6postiosoitteeseen, joka on annettu tilauksen tekemisen &#8230; <a title=\"Ohje Zonerin kumppaneille &#8211; Miten hallitsen asiakkaani webhotellia?\" class=\"read-more\" href=\"https:\/\/www.zoner.fi\/tuki\/zoner-home\/ohje-zonerin-kumppaneille-zoner-home-perusteet\/\" aria-label=\"Lue lis\u00e4\u00e4 aiheesta Ohje Zonerin kumppaneille &#8211; Miten hallitsen asiakkaani webhotellia?\">Lue lis\u00e4\u00e4<\/a><\/p>\n","protected":false},"author":18,"featured_media":0,"parent":131930,"menu_order":0,"comment_status":"closed","ping_status":"closed","template":"","meta":{"_relevanssi_hide_post":"","_relevanssi_hide_content":"","_relevanssi_pin_for_all":"","_relevanssi_pin_keywords":"","_relevanssi_unpin_keywords":"","_relevanssi_related_keywords":"","_relevanssi_related_include_ids":"","_relevanssi_related_exclude_ids":"","_relevanssi_related_no_append":"","_relevanssi_related_not_related":"","_relevanssi_related_posts":"130722,134967,130865,131506,135710,130813","_relevanssi_noindex_reason":"","footnotes":""},"categories":[71,115,217],"tags":[203,185,158],"wf_page_folders":[],"class_list":{"0":"post-136010","1":"page","2":"type-page","3":"status-publish","5":"category-kumppanit","6":"category-oma-tili-ja-tilaukset","7":"category-zoner-home-webhotellit","8":"tag-kirjautuminen","9":"tag-kumppanit","10":"tag-yleiset"},"_links":{"self":[{"href":"https:\/\/www.zoner.fi\/tuki\/wp-json\/wp\/v2\/pages\/136010","targetHints":{"allow":["GET"]}}],"collection":[{"href":"https:\/\/www.zoner.fi\/tuki\/wp-json\/wp\/v2\/pages"}],"about":[{"href":"https:\/\/www.zoner.fi\/tuki\/wp-json\/wp\/v2\/types\/page"}],"author":[{"embeddable":true,"href":"https:\/\/www.zoner.fi\/tuki\/wp-json\/wp\/v2\/users\/18"}],"replies":[{"embeddable":true,"href":"https:\/\/www.zoner.fi\/tuki\/wp-json\/wp\/v2\/comments?post=136010"}],"version-history":[{"count":20,"href":"https:\/\/www.zoner.fi\/tuki\/wp-json\/wp\/v2\/pages\/136010\/revisions"}],"predecessor-version":[{"id":138125,"href":"https:\/\/www.zoner.fi\/tuki\/wp-json\/wp\/v2\/pages\/136010\/revisions\/138125"}],"up":[{"embeddable":true,"href":"https:\/\/www.zoner.fi\/tuki\/wp-json\/wp\/v2\/pages\/131930"}],"wp:attachment":[{"href":"https:\/\/www.zoner.fi\/tuki\/wp-json\/wp\/v2\/media?parent=136010"}],"wp:term":[{"taxonomy":"category","embeddable":true,"href":"https:\/\/www.zoner.fi\/tuki\/wp-json\/wp\/v2\/categories?post=136010"},{"taxonomy":"post_tag","embeddable":true,"href":"https:\/\/www.zoner.fi\/tuki\/wp-json\/wp\/v2\/tags?post=136010"},{"taxonomy":"wf_page_folders","embeddable":true,"href":"https:\/\/www.zoner.fi\/tuki\/wp-json\/wp\/v2\/wf_page_folders?post=136010"}],"curies":[{"name":"wp","href":"https:\/\/api.w.org\/{rel}","templated":true}]}}