{"id":136096,"date":"2025-05-07T09:47:53","date_gmt":"2025-05-07T06:47:53","guid":{"rendered":"https:\/\/www.zoner.fi\/tuki\/?page_id=136096"},"modified":"2025-11-12T14:50:31","modified_gmt":"2025-11-12T12:50:31","slug":"zoner-kotisivukone-paketin-sahkoposti-ja-uuden-sahkopostilaatikon-luominen","status":"publish","type":"page","link":"https:\/\/www.zoner.fi\/tuki\/kotisivukone\/zoner\/zoner-kotisivukone-paketin-sahkoposti-ja-uuden-sahkopostilaatikon-luominen\/","title":{"rendered":"Zoner Kotisivukone -paketin s\u00e4hk\u00f6posti ja uuden s\u00e4hk\u00f6postilaatikon luominen"},"content":{"rendered":"\n<p><\/p>\n\n\n\n<p>Zoner Kotisivukone -pakettien mukana tulee aina v\u00e4hint\u00e4\u00e4n yksi s\u00e4hk\u00f6postilaatikko. Lue alta, miten saat sen k\u00e4ytt\u00f6\u00f6si.<\/p>\n\n\n\n<ul class=\"wp-block-list\">\n<li><a href=\"#1\">S\u00e4hk\u00f6postilaatikoiden hallinta ja uuden s\u00e4hk\u00f6postilaatikon luominen<\/a><\/li>\n\n\n\n<li><a href=\"#2\">Miten k\u00e4yt\u00e4n s\u00e4hk\u00f6postia?<\/a><\/li>\n\n\n\n<li><a href=\"#3\">Lis\u00e4\u00e4 s\u00e4hk\u00f6postiohjeita<\/a><\/li>\n<\/ul>\n\n\n\n<h2 class=\"wp-block-heading\" id=\"1\">S\u00e4hk\u00f6postin hallinta ja uuden s\u00e4hk\u00f6postilaatikon luominen<\/h2>\n\n\n\n<p>Zoner Kotisivukoneeseen kuuluva s\u00e4hk\u00f6posti l\u00f6ytyy Zoner Homesta nimell\u00e4 &#8221;<strong>Zoner S\u00e4hk\u00f6posti &#8211; Bundle<\/strong>&#8221;.<\/p>\n\n\n\n<ol class=\"wp-block-list\">\n<li>Kirjaudu <a href=\"https:\/\/home.zoner.fi\/\" target=\"_blank\" rel=\"noopener\">Zoner Home -hallintapaneeliin<\/a>.<\/li>\n\n\n\n<li>Mene <strong>Omat tuotteet<\/strong> -sivulle ja klikkaa S\u00e4hk\u00f6posti-osiossa tuotetta &#8221;<strong>Zoner S\u00e4hk\u00f6posti &#8211; Bundle<\/strong>&#8221;.<\/li>\n<\/ol>\n\n\n\n<figure class=\"wp-block-image size-large\"><img loading=\"lazy\" decoding=\"async\" width=\"1024\" height=\"704\" src=\"https:\/\/www.zoner.fi\/tuki\/wp-content\/uploads\/2025\/05\/zoner-kotisivukone-sahkoposti-1024x704.png\" alt=\"\" class=\"wp-image-136097\" srcset=\"https:\/\/www.zoner.fi\/tuki\/wp-content\/uploads\/2025\/05\/zoner-kotisivukone-sahkoposti-1024x704.png 1024w, https:\/\/www.zoner.fi\/tuki\/wp-content\/uploads\/2025\/05\/zoner-kotisivukone-sahkoposti-300x206.png 300w, https:\/\/www.zoner.fi\/tuki\/wp-content\/uploads\/2025\/05\/zoner-kotisivukone-sahkoposti-768x528.png 768w, https:\/\/www.zoner.fi\/tuki\/wp-content\/uploads\/2025\/05\/zoner-kotisivukone-sahkoposti-1536x1056.png 1536w, https:\/\/www.zoner.fi\/tuki\/wp-content\/uploads\/2025\/05\/zoner-kotisivukone-sahkoposti.png 1624w\" sizes=\"auto, (max-width: 1024px) 100vw, 1024px\" \/><\/figure>\n\n\n\n<p>3. S\u00e4hk\u00f6postin hallinta avautuu uudelle v\u00e4lilehdelle. N\u00e4et listan luomistasi s\u00e4hk\u00f6postilaatikoista, kun klikkaat yl\u00e4valikossa <strong>s\u00e4hk\u00f6posti<\/strong>. Luo uusi s\u00e4hk\u00f6postilaatikko klikkaamalla vasemmassa valikossa <strong>luo postilaatikko<\/strong> tai listan yl\u00e4puolella <strong>Lis\u00e4\u00e4 uusi<\/strong>.<\/p>\n\n\n\n<figure class=\"wp-block-image size-large\"><img loading=\"lazy\" decoding=\"async\" width=\"1024\" height=\"726\" src=\"https:\/\/www.zoner.fi\/tuki\/wp-content\/uploads\/2025\/05\/zoner-kotisivukone-sahkoposti-2-1024x726.png\" alt=\"\" class=\"wp-image-136099\" srcset=\"https:\/\/www.zoner.fi\/tuki\/wp-content\/uploads\/2025\/05\/zoner-kotisivukone-sahkoposti-2-1024x726.png 1024w, https:\/\/www.zoner.fi\/tuki\/wp-content\/uploads\/2025\/05\/zoner-kotisivukone-sahkoposti-2-300x213.png 300w, https:\/\/www.zoner.fi\/tuki\/wp-content\/uploads\/2025\/05\/zoner-kotisivukone-sahkoposti-2-768x545.png 768w, https:\/\/www.zoner.fi\/tuki\/wp-content\/uploads\/2025\/05\/zoner-kotisivukone-sahkoposti-2.png 1468w\" sizes=\"auto, (max-width: 1024px) 100vw, 1024px\" \/><\/figure>\n\n\n\n<p>4. Sy\u00f6t\u00e4 kentt\u00e4\u00e4n haluamasi s\u00e4hk\u00f6postiosoite ja anna sille salasana. Klikkaa lopuksi <strong>Tallenna<\/strong>.<\/p>\n\n\n\n<figure class=\"wp-block-image size-large\"><img loading=\"lazy\" decoding=\"async\" width=\"1024\" height=\"726\" src=\"https:\/\/www.zoner.fi\/tuki\/wp-content\/uploads\/2025\/05\/zoner-kotisivukone-sahkoposti-3-1024x726.png\" alt=\"\" class=\"wp-image-136100\" srcset=\"https:\/\/www.zoner.fi\/tuki\/wp-content\/uploads\/2025\/05\/zoner-kotisivukone-sahkoposti-3-1024x726.png 1024w, https:\/\/www.zoner.fi\/tuki\/wp-content\/uploads\/2025\/05\/zoner-kotisivukone-sahkoposti-3-300x213.png 300w, https:\/\/www.zoner.fi\/tuki\/wp-content\/uploads\/2025\/05\/zoner-kotisivukone-sahkoposti-3-768x545.png 768w, https:\/\/www.zoner.fi\/tuki\/wp-content\/uploads\/2025\/05\/zoner-kotisivukone-sahkoposti-3.png 1468w\" sizes=\"auto, (max-width: 1024px) 100vw, 1024px\" \/><\/figure>\n\n\n\n<p>4. Seuraavalla sivulla n\u00e4et luomasi s\u00e4hk\u00f6postilaatikon tiedot. Voit m\u00e4\u00e4ritt\u00e4 lomavastaajan tai v\u00e4litysosoitteen klikkaamalla rivin oikeassa reunassa <strong>Muokkaa <\/strong>ja luoda aliaksia klikkaamalla <strong>Lis\u00e4\u00e4<\/strong>.<\/p>\n\n\n\n<figure class=\"wp-block-image size-large\"><img loading=\"lazy\" decoding=\"async\" width=\"1024\" height=\"726\" src=\"https:\/\/www.zoner.fi\/tuki\/wp-content\/uploads\/2025\/05\/zoner-kotisivukone-sahkoposti-4-1024x726.png\" alt=\"\" class=\"wp-image-136101\" srcset=\"https:\/\/www.zoner.fi\/tuki\/wp-content\/uploads\/2025\/05\/zoner-kotisivukone-sahkoposti-4-1024x726.png 1024w, https:\/\/www.zoner.fi\/tuki\/wp-content\/uploads\/2025\/05\/zoner-kotisivukone-sahkoposti-4-300x213.png 300w, https:\/\/www.zoner.fi\/tuki\/wp-content\/uploads\/2025\/05\/zoner-kotisivukone-sahkoposti-4-768x545.png 768w, https:\/\/www.zoner.fi\/tuki\/wp-content\/uploads\/2025\/05\/zoner-kotisivukone-sahkoposti-4.png 1468w\" sizes=\"auto, (max-width: 1024px) 100vw, 1024px\" \/><\/figure>\n\n\n\n<h2 class=\"wp-block-heading\" id=\"2\">Miten k\u00e4yt\u00e4n s\u00e4hk\u00f6postia?<\/h2>\n\n\n\n<p>S\u00e4hk\u00f6postia voi k\u00e4ytt\u00e4\u00e4 selaimella webmailin kautta:&nbsp;<a href=\"https:\/\/posti.zoner.fi\/\" target=\"_blank\" rel=\"noreferrer noopener\">https:\/\/posti.zoner.fi<\/a>. Kirjoita <strong>K\u00e4ytt\u00e4j\u00e4tunnus<\/strong>-kohtaan s\u00e4hk\u00f6postiosoitteesi ja <strong>Salasana<\/strong>-kohtaan kyseisen s\u00e4hk\u00f6postin salasana.<\/p>\n\n\n\n<p>Voit my\u00f6s ottaa s\u00e4hk\u00f6postitilin k\u00e4ytt\u00f6\u00f6n s\u00e4hk\u00f6postiohjelmassa, esim. Outlookissa tai puhelimen s\u00e4hk\u00f6postisovelluksessa. K\u00e4yt\u00e4 silloin <a href=\"https:\/\/www.zoner.fi\/tuki\/sahkopostiohjeet\/zoner-sahkoposti-asetukset\/\">t\u00e4\u00e4lt\u00e4 <\/a>l\u00f6ytyvi\u00e4 asetuksia.<\/p>\n\n\n\n<h2 class=\"wp-block-heading\" id=\"3\">Lis\u00e4\u00e4 s\u00e4hk\u00f6postiohjeita<\/h2>\n\n\n\n<p>Tukisivuston <a href=\"https:\/\/www.zoner.fi\/tuki\/sahkopostiohjeet\/zoner-sahkoposti\/\">Zoner S\u00e4hk\u00f6posti -osiosta<\/a> l\u00f6yd\u00e4t lis\u00e4\u00e4 s\u00e4hk\u00f6postiohjeita.<\/p>\n\n\n\n<p><\/p>\n","protected":false},"excerpt":{"rendered":"<p>Zoner Kotisivukone -pakettien mukana tulee aina v\u00e4hint\u00e4\u00e4n yksi s\u00e4hk\u00f6postilaatikko. Lue alta, miten saat sen k\u00e4ytt\u00f6\u00f6si. S\u00e4hk\u00f6postin hallinta ja uuden s\u00e4hk\u00f6postilaatikon luominen Zoner Kotisivukoneeseen kuuluva s\u00e4hk\u00f6posti l\u00f6ytyy Zoner Homesta nimell\u00e4 &#8221;Zoner S\u00e4hk\u00f6posti &#8211; Bundle&#8221;. 3. S\u00e4hk\u00f6postin hallinta avautuu uudelle v\u00e4lilehdelle. N\u00e4et listan luomistasi s\u00e4hk\u00f6postilaatikoista, kun klikkaat yl\u00e4valikossa s\u00e4hk\u00f6posti. Luo uusi s\u00e4hk\u00f6postilaatikko klikkaamalla vasemmassa valikossa luo postilaatikko &#8230; <a title=\"Zoner Kotisivukone -paketin s\u00e4hk\u00f6posti ja uuden s\u00e4hk\u00f6postilaatikon luominen\" class=\"read-more\" href=\"https:\/\/www.zoner.fi\/tuki\/kotisivukone\/zoner\/zoner-kotisivukone-paketin-sahkoposti-ja-uuden-sahkopostilaatikon-luominen\/\" aria-label=\"Lue lis\u00e4\u00e4 aiheesta Zoner Kotisivukone -paketin s\u00e4hk\u00f6posti ja uuden s\u00e4hk\u00f6postilaatikon luominen\">Lue lis\u00e4\u00e4<\/a><\/p>\n","protected":false},"author":18,"featured_media":0,"parent":137385,"menu_order":0,"comment_status":"closed","ping_status":"closed","template":"","meta":{"_relevanssi_hide_post":"","_relevanssi_hide_content":"","_relevanssi_pin_for_all":"","_relevanssi_pin_keywords":"","_relevanssi_unpin_keywords":"","_relevanssi_related_keywords":"","_relevanssi_related_include_ids":"","_relevanssi_related_exclude_ids":"","_relevanssi_related_no_append":"","_relevanssi_related_not_related":"","_relevanssi_related_posts":"130397,135705,134215,132938,132250,134846","_relevanssi_noindex_reason":"","footnotes":""},"categories":[166],"tags":[158],"wf_page_folders":[],"class_list":{"0":"post-136096","1":"page","2":"type-page","3":"status-publish","5":"category-zoner-kotisivukone","6":"tag-yleiset"},"_links":{"self":[{"href":"https:\/\/www.zoner.fi\/tuki\/wp-json\/wp\/v2\/pages\/136096","targetHints":{"allow":["GET"]}}],"collection":[{"href":"https:\/\/www.zoner.fi\/tuki\/wp-json\/wp\/v2\/pages"}],"about":[{"href":"https:\/\/www.zoner.fi\/tuki\/wp-json\/wp\/v2\/types\/page"}],"author":[{"embeddable":true,"href":"https:\/\/www.zoner.fi\/tuki\/wp-json\/wp\/v2\/users\/18"}],"replies":[{"embeddable":true,"href":"https:\/\/www.zoner.fi\/tuki\/wp-json\/wp\/v2\/comments?post=136096"}],"version-history":[{"count":6,"href":"https:\/\/www.zoner.fi\/tuki\/wp-json\/wp\/v2\/pages\/136096\/revisions"}],"predecessor-version":[{"id":138031,"href":"https:\/\/www.zoner.fi\/tuki\/wp-json\/wp\/v2\/pages\/136096\/revisions\/138031"}],"up":[{"embeddable":true,"href":"https:\/\/www.zoner.fi\/tuki\/wp-json\/wp\/v2\/pages\/137385"}],"wp:attachment":[{"href":"https:\/\/www.zoner.fi\/tuki\/wp-json\/wp\/v2\/media?parent=136096"}],"wp:term":[{"taxonomy":"category","embeddable":true,"href":"https:\/\/www.zoner.fi\/tuki\/wp-json\/wp\/v2\/categories?post=136096"},{"taxonomy":"post_tag","embeddable":true,"href":"https:\/\/www.zoner.fi\/tuki\/wp-json\/wp\/v2\/tags?post=136096"},{"taxonomy":"wf_page_folders","embeddable":true,"href":"https:\/\/www.zoner.fi\/tuki\/wp-json\/wp\/v2\/wf_page_folders?post=136096"}],"curies":[{"name":"wp","href":"https:\/\/api.w.org\/{rel}","templated":true}]}}