{"id":136254,"date":"2025-06-04T14:52:45","date_gmt":"2025-06-04T11:52:45","guid":{"rendered":"https:\/\/www.zoner.fi\/tuki\/?page_id=136254"},"modified":"2025-09-17T10:55:17","modified_gmt":"2025-09-17T07:55:17","slug":"icann-viesti-miksi-sain-sen-ja-mita-pitaa-tehda","status":"publish","type":"page","link":"https:\/\/www.zoner.fi\/tuki\/verkkotunnus\/icann-viesti-miksi-sain-sen-ja-mita-pitaa-tehda\/","title":{"rendered":"ICANN viesti \u2013 miksi sain sen ja mit\u00e4 pit\u00e4\u00e4 tehd\u00e4?"},"content":{"rendered":"\n<p>Jos olet tilannut Zonerilta verkkotunnuksen, saatat saada meilt\u00e4 tietojesi vahvistusta tai verkkotunnuksen uusimista koskevia viestej\u00e4, joissa mainitaan ICANN. Tietojen vahvistus on t\u00e4rke\u00e4\u00e4 tehd\u00e4, jotta verkkotunnus pysyy toiminnassa.<\/p>\n\n\n\n<p><strong>.fi-verkkotunnukset eiv\u00e4t edellyt\u00e4 ICANN-vahvistusta, eik\u00e4 niihin liittyen l\u00e4hetet\u00e4 ICANN-viestej\u00e4.<\/strong><\/p>\n\n\n\n<p>Lue my\u00f6s <strong><a href=\"https:\/\/www.zoner.fi\/tuki\/verkkotunnus\/whois-tietojenvahvistus-miksi-sain-sen-ja-mita-pitaa-tehda\/\">ohje WHOIS viesteist\u00e4<\/a><\/strong>.<\/p>\n\n\n\n<ul class=\"wp-block-list\">\n<li><a href=\"#1\">Mik\u00e4 on ICANN?<\/a><\/li>\n\n\n\n<li><a href=\"#2\">Miksi sain s\u00e4hk\u00f6postin verkkotunnukseni vanhenemisesta\/uusimisesta?<\/a><\/li>\n\n\n\n<li><a href=\"#3\">Miksi sain s\u00e4hk\u00f6postin, jossa kerrottiin, ett\u00e4 minun on vahvistettava verkkotunnukseni s\u00e4hk\u00f6postiosoite?<\/a><\/li>\n<\/ul>\n\n\n\n<h1 class=\"wp-block-heading\" id=\"1\">Mik\u00e4 on ICANN?<\/h1>\n\n\n\n<p>ICANN on voittoa tavoittelematon j\u00e4rjest\u00f6, joka hallinnoi yl\u00e4tason verkkotunnuksiin ja nimipalvelimiin liittyvi\u00e4 k\u00e4yt\u00e4nt\u00f6j\u00e4.<\/p>\n\n\n\n<p>Kaikkien verkkotunnuspalveluntarjoajien kuten Zonerin on noudatettava ICANNin s\u00e4\u00e4nt\u00f6j\u00e4. T\u00e4m\u00e4n takia meid\u00e4n t\u00e4ytyy:<\/p>\n\n\n\n<ul class=\"wp-block-list\">\n<li>Pyyt\u00e4\u00e4 asiakkaitamme hyv\u00e4ksym\u00e4\u00e4n ICANN:in ehdot.<\/li>\n\n\n\n<li>Julkaista tietoja WHOIS-tietokannassa ja varmistaa, ett\u00e4 ne ovat ajan tasalla.<\/li>\n\n\n\n<li>Tiedottaa asiakkaillemme, kun heid\u00e4n verkkotunnuksensa on vanhentumassa.<\/li>\n\n\n\n<li>L\u00e4hett\u00e4\u00e4 asiakkaille s\u00e4hk\u00f6posti, jossa pyydet\u00e4\u00e4n vahvistamaan verkkotunnuksen s\u00e4hk\u00f6postiosoite.<\/li>\n<\/ul>\n\n\n\n<p>Lis\u00e4\u00e4 tietoa l\u00f6yd\u00e4t <a href=\"https:\/\/www.icann.org\/resources\/pages\/welcome-2012-02-25-en\" target=\"_blank\" rel=\"noopener\">ICANNin sivuilta<\/a>.<\/p>\n\n\n\n<h2 class=\"wp-block-heading\" id=\"2\">Miksi sain s\u00e4hk\u00f6postin verkkotunnukseni vanhenemisesta\/uusimisesta?<\/h2>\n\n\n\n<p>Ei h\u00e4t\u00e4\u00e4 &#8211; jos tilauksesi on aktiivinen, uusimme verkkotunnuksesi automaattisesti vuodeksi kerrallaan.<\/p>\n\n\n\n<p>Saat t\u00e4m\u00e4n s\u00e4hk\u00f6postin, koska ICANNin ERRP-k\u00e4yt\u00e4nn\u00f6n mukaan meid\u00e4n on ilmoitettava sinulle p\u00e4iv\u00e4m\u00e4\u00e4r\u00e4, jolloin verkkotunnuksesi vanhenee, jos sit\u00e4 ei uusita. T\u00e4m\u00e4n takia saatat saada t\u00e4m\u00e4n s\u00e4hk\u00f6postin, <strong>vaikka olisit jo maksanut verkkotunnuksen uutta sopimuskautta koskevan laskun<\/strong>.<\/p>\n\n\n\n<h2 class=\"wp-block-heading\" id=\"3\">Miksi sain s\u00e4hk\u00f6postin, jonka mukaan minun on vahvistettava verkkotunnukseni s\u00e4hk\u00f6postiosoite?<\/h2>\n\n\n\n<p>ICANN vaatii meit\u00e4 varmistamaan, ett\u00e4 verkkotunnuksen omistajan s\u00e4hk\u00f6postiosoite on ajan tasalla. T\u00e4m\u00e4 koskee vain yleisi\u00e4 yl\u00e4tason verkkotunnuksia (esim. .com-, .net- ja .org-p\u00e4\u00e4tteet).<\/p>\n\n\n\n<h3 class=\"wp-block-heading\">Mist\u00e4 s\u00e4hk\u00f6postiosoitteesta vahvistuspyynt\u00f6 l\u00e4hetet\u00e4\u00e4n?<\/h3>\n\n\n\n<p>L\u00e4het\u00e4mme ICANN-vahvistuss\u00e4hk\u00f6postin osoitteesta tuki@zoner.fi<\/p>\n\n\n\n<h3 class=\"wp-block-heading\">Mihin s\u00e4hk\u00f6postiosoitteeseen vahvistuspyynt\u00f6 l\u00e4hetet\u00e4\u00e4n?<\/h3>\n\n\n\n<p>S\u00e4hk\u00f6posti l\u00e4hetet\u00e4\u00e4n verkkotunnuksen omistajan (rekister\u00f6ij\u00e4n) s\u00e4hk\u00f6postiosoitteeseen, joka voi poiketa yhteyss\u00e4hk\u00f6postiosoitteestasi.<\/p>\n\n\n\n<h3 class=\"wp-block-heading\">Minulla on monta verkkotunnusta. L\u00e4hetet\u00e4\u00e4nk\u00f6 niist\u00e4 jokaisesta oma vahvistuspyynt\u00f6?<\/h3>\n\n\n\n<p>Vahvistuss\u00e4hk\u00f6posteja l\u00e4het\u00e4\u00e4n vain <strong>yksi<\/strong>, vaikka omistaisit useamman verkkotunnuksen. Jokaisesta verkkotunnuksesta ei siis l\u00e4hetet\u00e4 omaa vahvistuss\u00e4hk\u00f6postia.<\/p>\n\n\n\n<h3 class=\"wp-block-heading\">Miten teen vahvistuksen?<\/h3>\n\n\n\n<p>Vahvista s\u00e4hk\u00f6postiosoitteesi <strong>klikkaamalla vahvistuspainiketta <\/strong>s\u00e4hk\u00f6postissa.<\/p>\n\n\n\n<h3 class=\"wp-block-heading\">Milloin l\u00e4het\u00e4mme vahvistuss\u00e4hk\u00f6postin?<\/h3>\n\n\n\n<ul class=\"wp-block-list\">\n<li>Silloin, kun verkkotunnuksen omistajan yhteystietoihin tehd\u00e4\u00e4n muutoksia.<\/li>\n\n\n\n<li>Jos huomaamme, ett\u00e4 nykyinen s\u00e4hk\u00f6postiosoite ei ole k\u00e4yt\u00f6ss\u00e4.<\/li>\n\n\n\n<li>Kerran vuodessa varmistaaksemme, ett\u00e4 verkkotunnuksen tiedot ovat ajan tasalla.<\/li>\n<\/ul>\n\n\n\n<h3 class=\"wp-block-heading\">Mit\u00e4 k\u00e4y, jos en tee vahvistusta?<\/h3>\n\n\n\n<p>Jos et vahvista verkkotunnuksen omistajan s\u00e4hk\u00f6postiosoitetta viestiss\u00e4 pyydetyll\u00e4 tavalla, verkkotunnuksesi <strong>j\u00e4\u00e4dytet\u00e4\u00e4n<\/strong>, eik\u00e4 uusia verkkotunnuksiasi voida <strong>aktivoida<\/strong>. Pahoittelemme t\u00e4st\u00e4 mahdollisesti aiheutuvaa haittaa ja autamme sinua saamaan verkkotunnuksesi k\u00e4ytt\u00f6\u00f6n mahdollisimman pian, jos se on j\u00e4\u00e4dytetty. Ota yhteytt\u00e4 asiakaspalveluumme, jos tarvitset apua.<\/p>\n\n\n\n<h3 class=\"wp-block-heading\">Miten p\u00e4ivit\u00e4n verkkotunnuksen omistajan tietoja?<\/h3>\n\n\n\n<p>Jos haluat p\u00e4ivitt\u00e4\u00e4 verkkotunnuksen omistajan tietoja, l\u00e4het\u00e4 p\u00e4ivitett\u00e4v\u00e4t tiedot meille osoitteeseen tuki@zoner.fi, niin p\u00e4ivit\u00e4mme tiedot puolestasi. Sen j\u00e4lkeen saat uuden ICANN viestin, jolla voit vahvistaa p\u00e4ivitetyt tiedot.<\/p>\n\n\n\n<h2 class=\"wp-block-heading\">Lue my\u00f6s:<\/h2>\n\n\n\n<p><a href=\"https:\/\/www.zoner.fi\/tuki\/verkkotunnus\/whois-tietojenvahvistus-miksi-sain-sen-ja-mita-pitaa-tehda\/\">WHOIS tietojenvahvistus &#8211; miksi sain sen ja mit\u00e4 pit\u00e4\u00e4 tehd\u00e4?<\/a><\/p>\n","protected":false},"excerpt":{"rendered":"<p>Domainin siirto palveluntarjoajalta toiselle onnistuu helposti. Siirtoon tarvitaan kuitenkin muutamia toimenpiteit\u00e4, jotka vaihtelevat hieman valitusta domainista.<\/p>\n","protected":false},"author":18,"featured_media":0,"parent":72,"menu_order":28,"comment_status":"closed","ping_status":"closed","template":"","meta":{"_relevanssi_hide_post":"","_relevanssi_hide_content":"","_relevanssi_pin_for_all":"","_relevanssi_pin_keywords":"","_relevanssi_unpin_keywords":"","_relevanssi_related_keywords":"","_relevanssi_related_include_ids":"","_relevanssi_related_exclude_ids":"","_relevanssi_related_no_append":"","_relevanssi_related_not_related":"","_relevanssi_related_posts":"1076,1063,1066","_relevanssi_noindex_reason":"","footnotes":""},"categories":[211,212,209,210],"tags":[158],"wf_page_folders":[],"class_list":{"0":"post-136254","1":"page","2":"type-page","3":"status-publish","5":"category-cpanel-webhotelli-fi","6":"category-cpanel-wepardi-verkkotunnus","7":"category-directadmin-verkkotunnus","8":"category-zoner-home-verkkotunnus","9":"tag-yleiset"},"_links":{"self":[{"href":"https:\/\/www.zoner.fi\/tuki\/wp-json\/wp\/v2\/pages\/136254","targetHints":{"allow":["GET"]}}],"collection":[{"href":"https:\/\/www.zoner.fi\/tuki\/wp-json\/wp\/v2\/pages"}],"about":[{"href":"https:\/\/www.zoner.fi\/tuki\/wp-json\/wp\/v2\/types\/page"}],"author":[{"embeddable":true,"href":"https:\/\/www.zoner.fi\/tuki\/wp-json\/wp\/v2\/users\/18"}],"replies":[{"embeddable":true,"href":"https:\/\/www.zoner.fi\/tuki\/wp-json\/wp\/v2\/comments?post=136254"}],"version-history":[{"count":9,"href":"https:\/\/www.zoner.fi\/tuki\/wp-json\/wp\/v2\/pages\/136254\/revisions"}],"predecessor-version":[{"id":136350,"href":"https:\/\/www.zoner.fi\/tuki\/wp-json\/wp\/v2\/pages\/136254\/revisions\/136350"}],"up":[{"embeddable":true,"href":"https:\/\/www.zoner.fi\/tuki\/wp-json\/wp\/v2\/pages\/72"}],"wp:attachment":[{"href":"https:\/\/www.zoner.fi\/tuki\/wp-json\/wp\/v2\/media?parent=136254"}],"wp:term":[{"taxonomy":"category","embeddable":true,"href":"https:\/\/www.zoner.fi\/tuki\/wp-json\/wp\/v2\/categories?post=136254"},{"taxonomy":"post_tag","embeddable":true,"href":"https:\/\/www.zoner.fi\/tuki\/wp-json\/wp\/v2\/tags?post=136254"},{"taxonomy":"wf_page_folders","embeddable":true,"href":"https:\/\/www.zoner.fi\/tuki\/wp-json\/wp\/v2\/wf_page_folders?post=136254"}],"curies":[{"name":"wp","href":"https:\/\/api.w.org\/{rel}","templated":true}]}}