{"id":136461,"date":"2025-07-03T10:53:40","date_gmt":"2025-07-03T07:53:40","guid":{"rendered":"https:\/\/www.zoner.fi\/tuki\/?page_id=136461"},"modified":"2025-09-17T10:51:09","modified_gmt":"2025-09-17T07:51:09","slug":"valittajan-vaihtoavain-ja-siirtoavain","status":"publish","type":"page","link":"https:\/\/www.zoner.fi\/tuki\/verkkotunnus\/valittajan-vaihtoavain-ja-siirtoavain\/","title":{"rendered":"Mit\u00e4 ovat v\u00e4litt\u00e4j\u00e4n vaihtoavain ja siirtoavain?"},"content":{"rendered":"\n<p>V\u00e4litt\u00e4j\u00e4n vaihto- ja siirtoavaimia tarvitaan verkkotunnuksen siirt\u00e4miseen palveluntarjoajalta toiselle ja sen omistajan muuttamiseen.<\/p>\n\n\n\n<ul class=\"wp-block-list\">\n<li><a href=\"#valittajanvaihtoavain\">Mik\u00e4 on v\u00e4litt\u00e4j\u00e4n vaihtoavain?<\/a><\/li>\n\n\n\n<li><a href=\"#siirtoavain\">Mik\u00e4 on siirtoavain?<\/a><\/li>\n<\/ul>\n\n\n\n<h2 class=\"wp-block-heading\" id=\"valittajanvaihtoavain\">Mik\u00e4 on v\u00e4litt\u00e4j\u00e4n vaihtoavain?<\/h2>\n\n\n\n<p>V\u00e4litt\u00e4j\u00e4n vaihtoavaimella voit siirt\u00e4\u00e4 omistamasi <strong>.fi-verkkotunnuksen<\/strong> palveluntarjoajalta toiselle. Sen avulla et kuitenkaan voi muuttaa .fi-verkkotunnuksen omistajaa, vaan siihen tarvitaan <a href=\"#siirtoavain\">siirtoavain<\/a>.<\/p>\n\n\n\n<h3 class=\"wp-block-heading\">Miten saan v\u00e4litt\u00e4j\u00e4n vaihtoavaimen ja miten siirto tehd\u00e4\u00e4n?<\/h3>\n\n\n\n<p>Jos olet verkkotunnuksen omistaja, voit pyyt\u00e4\u00e4 v\u00e4litt\u00e4j\u00e4n vaihtoavaimen nykyiselt\u00e4 palveluntarjoajaltasi ja antaa sen sitten siirtoa varten uudelle palveluntarjoajallesi. Lue tarkemmat ohjeet:<\/p>\n\n\n\n<ul class=\"wp-block-list\">\n<li><a href=\"https:\/\/www.zoner.fi\/tuki\/verkkotunnus\/verkkotunnus-palveluntarjoajan-vaihto\/\">Miten siirr\u00e4n verkkotunnuksen Zonerilta toiselle palveluntarjoajalle?<\/a><\/li>\n\n\n\n<li><a href=\"https:\/\/www.zoner.fi\/tuki\/verkkotunnus\/miten-siirran-domainin-zonerille\/\">Miten siirr\u00e4n domainin Zonerille?<\/a><\/li>\n<\/ul>\n\n\n\n<h2 class=\"wp-block-heading\" id=\"siirtoavain\">Mik\u00e4 on siirtoavain?<\/h2>\n\n\n\n<p>Siirtoavaimella on hieman eri merkitys sen mukaan, onko kyseess\u00e4 .fi-p\u00e4\u00e4tteinen vai kansainv\u00e4linen (esim. .com- tai .net-p\u00e4\u00e4tteinen) verkkotunnus.<\/p>\n\n\n\n<h3 class=\"wp-block-heading\">Omistajan siirtoavain &#8211; .fi-verkkotunnukset<\/h3>\n\n\n\n<p>.fi-p\u00e4\u00e4tteisen verkkotunnuksen voi siirt\u00e4\u00e4 omistajalta toiselle omistajan siirtoavaimen avulla. Omistajan voi siis muuttaa esim. yrityksest\u00e4 yksityishenkil\u00f6ksi tai toiseksi yritykseksi.<\/p>\n\n\n\n<p>Siirtoavaimella ei voi siirt\u00e4\u00e4 verkkotunnusta palveluntarjoajalta toiselle (esimerkiksi Zonerilta toiselle verkkotunnuspalveluntarjoajalle), vaan siihen tarvitaan <a href=\"#valittajanvaihtoavain\">v\u00e4litt\u00e4j\u00e4nvaihtoavain<\/a>.<\/p>\n\n\n\n<p>Jos olet tilannut .fi-verkkotunnuksesi Zonerilta, voit pyyt\u00e4\u00e4 sen siirtoavaimen Zonerin asiakaspalvelulta. Siirtoavain l\u00e4hetet\u00e4\u00e4n verkkotunnuksen omistajan s\u00e4hk\u00f6postiosoitteeseen. Lue tarkemmat ohjeet:<\/p>\n\n\n\n<ul class=\"wp-block-list\">\n<li><a href=\"https:\/\/www.zoner.fi\/tuki\/verkkotunnus\/miten-siirran-verkkotunnuksen-omistajalta-toiselle\/\">Miten siirr\u00e4n verkkotunnuksen omistajalta toiselle?<\/a><\/li>\n<\/ul>\n\n\n\n<h3 class=\"wp-block-heading\">Siirtoavain &#8211; .com, .net ja muut kansainv\u00e4liset verkkotunnukset<\/h3>\n\n\n\n<p>Kansainv\u00e4lisen verkkotunnuksen (esim. .com-, .org- ja .net-p\u00e4\u00e4tteet) voi siirt\u00e4\u00e4 toiselle palveluntarjoajalle siirtoavaimella, jota kutsutaan my\u00f6s nimill\u00e4 Auth code, Auth key ja EPP key. Vastaanottava verkkotunnusv\u00e4litt\u00e4j\u00e4 tarvittaessa muuttaa my\u00f6s verkkotunnuksen omistajan tietoja.<\/p>\n\n\n\n<p>Voit pyyt\u00e4\u00e4 siirtoavaimen palveluntarjoajaltasi, eli esimerkiksi Zonerilta, jos olet tilannut verkkotunnuksen meilt\u00e4. Ohjeet:<\/p>\n\n\n\n<ul class=\"wp-block-list\">\n<li><a href=\"https:\/\/www.zoner.fi\/tuki\/verkkotunnus\/miten-siirran-verkkotunnuksen-omistajalta-toiselle\/\">Miten siirr\u00e4n verkkotunnuksen omistajalta toiselle?<\/a><\/li>\n\n\n\n<li><a href=\"https:\/\/www.zoner.fi\/tuki\/verkkotunnus\/verkkotunnus-palveluntarjoajan-vaihto\/\">Miten siirr\u00e4n verkkotunnuksen Zonerilta toiselle palveluntarjoajalle?<\/a><\/li>\n<\/ul>\n","protected":false},"excerpt":{"rendered":"<p>Domainin siirto palveluntarjoajalta toiselle onnistuu helposti. Siirtoon tarvitaan kuitenkin muutamia toimenpiteit\u00e4, jotka vaihtelevat hieman valitusta domainista.<\/p>\n","protected":false},"author":18,"featured_media":0,"parent":72,"menu_order":28,"comment_status":"closed","ping_status":"closed","template":"","meta":{"_relevanssi_hide_post":"","_relevanssi_hide_content":"","_relevanssi_pin_for_all":"","_relevanssi_pin_keywords":"","_relevanssi_unpin_keywords":"","_relevanssi_related_keywords":"","_relevanssi_related_include_ids":"","_relevanssi_related_exclude_ids":"","_relevanssi_related_no_append":"","_relevanssi_related_not_related":"","_relevanssi_related_posts":"1076,1063,1066","_relevanssi_noindex_reason":"","footnotes":""},"categories":[211,212,209,210],"tags":[208],"wf_page_folders":[],"class_list":{"0":"post-136461","1":"page","2":"type-page","3":"status-publish","5":"category-cpanel-webhotelli-fi","6":"category-cpanel-wepardi-verkkotunnus","7":"category-directadmin-verkkotunnus","8":"category-zoner-home-verkkotunnus","9":"tag-verkkotunnuksen-siirtaminen"},"_links":{"self":[{"href":"https:\/\/www.zoner.fi\/tuki\/wp-json\/wp\/v2\/pages\/136461","targetHints":{"allow":["GET"]}}],"collection":[{"href":"https:\/\/www.zoner.fi\/tuki\/wp-json\/wp\/v2\/pages"}],"about":[{"href":"https:\/\/www.zoner.fi\/tuki\/wp-json\/wp\/v2\/types\/page"}],"author":[{"embeddable":true,"href":"https:\/\/www.zoner.fi\/tuki\/wp-json\/wp\/v2\/users\/18"}],"replies":[{"embeddable":true,"href":"https:\/\/www.zoner.fi\/tuki\/wp-json\/wp\/v2\/comments?post=136461"}],"version-history":[{"count":10,"href":"https:\/\/www.zoner.fi\/tuki\/wp-json\/wp\/v2\/pages\/136461\/revisions"}],"predecessor-version":[{"id":136515,"href":"https:\/\/www.zoner.fi\/tuki\/wp-json\/wp\/v2\/pages\/136461\/revisions\/136515"}],"up":[{"embeddable":true,"href":"https:\/\/www.zoner.fi\/tuki\/wp-json\/wp\/v2\/pages\/72"}],"wp:attachment":[{"href":"https:\/\/www.zoner.fi\/tuki\/wp-json\/wp\/v2\/media?parent=136461"}],"wp:term":[{"taxonomy":"category","embeddable":true,"href":"https:\/\/www.zoner.fi\/tuki\/wp-json\/wp\/v2\/categories?post=136461"},{"taxonomy":"post_tag","embeddable":true,"href":"https:\/\/www.zoner.fi\/tuki\/wp-json\/wp\/v2\/tags?post=136461"},{"taxonomy":"wf_page_folders","embeddable":true,"href":"https:\/\/www.zoner.fi\/tuki\/wp-json\/wp\/v2\/wf_page_folders?post=136461"}],"curies":[{"name":"wp","href":"https:\/\/api.w.org\/{rel}","templated":true}]}}