{"id":136601,"date":"2025-08-21T13:51:47","date_gmt":"2025-08-21T10:51:47","guid":{"rendered":"https:\/\/www.zoner.fi\/tuki\/?page_id=136601"},"modified":"2025-11-12T15:55:06","modified_gmt":"2025-11-12T13:55:06","slug":"kavijatilastot","status":"publish","type":"page","link":"https:\/\/www.zoner.fi\/tuki\/webhotellit\/cpanel-wepardi\/kavijatilastot\/","title":{"rendered":"Mist\u00e4 n\u00e4en sivustoni k\u00e4vij\u00e4tilastot cPanelissa?"},"content":{"rendered":"\n<p>cPanelissa voit seurata sit\u00e4, miten paljon sivustollasi on vierailtu ja mist\u00e4.<\/p>\n\n\n\n<h2 class=\"wp-block-heading\">Katso tilastot n\u00e4in<\/h2>\n\n\n\n<ol class=\"wp-block-list\">\n<li>Kirjaudu cPaneliin Zoner Homen kautta. <strong>Ohje<\/strong>: <a href=\"https:\/\/www.zoner.fi\/tuki\/webhotellit\/cpanel-webhotelli-fi\/cpanel-palvelunhallintaan-siirtyminen\/\">cPanel-palvelunhallintaan siirtyminen<\/a><\/li>\n\n\n\n<li>Siirry cPanelissa kohtaan&nbsp;<strong>Metriikka&nbsp;\u2192 Awstats<\/strong>. T\u00e4\u00e4lt\u00e4 n\u00e4et tarkasti, montako vierailijaa sivustollasi on k\u00e4ynyt tiettyn\u00e4 aikana. N\u00e4et my\u00f6s kuukausittaiset tilastot pidemm\u00e4lt\u00e4 ajalta, mist\u00e4 maasta ja mist\u00e4 IP-osoitteista vierailijat saapuvat, sek\u00e4 miten pitk\u00e4\u00e4n sivustolla on vietetty aikaa.<\/li>\n<\/ol>\n\n\n\n<h2 class=\"wp-block-heading\" id=\"id-10.Mist\u00e4n\u00e4ensivustonik\u00e4vij\u00e4tilastot?-Yhteenveto-taulukko\">Yhteenveto-taulukko<\/h2>\n\n\n\n<ul class=\"wp-block-list\">\n<li><strong>Uniikit vierailijat<\/strong>&nbsp;&#8211; Kuinka monta vierailijaa sivustollasi on ollut. Esim. 50 uniikkia vierailijaa tarkoittaisi, ett\u00e4 sivustollasi on k\u00e4ynyt 50 eri vierailijaa.<\/li>\n\n\n\n<li><strong>Vierailujen m\u00e4\u00e4r\u00e4<\/strong>&nbsp;&#8211; Kuinka monta kertaa vierailijat ovat k\u00e4yneet sivustollasi. Esim. 100 vierailua ja 50 uniikkia vierailijaa tarkoittaisi, ett\u00e4 yksitt\u00e4inen vierailija on vieraillut sivustollasi noin 2 kertaa.<\/li>\n\n\n\n<li><strong>Sivut<\/strong>&nbsp;&#8211; Kuinka monta kertaa sivuston vierailijat ovat k\u00e4yneet yksitt\u00e4isill\u00e4 sivuilla. Esim. jos sinulla on sivustollasi yksi sivu, 100 sivua tarkoittaisi, ett\u00e4 sivuston vierailijat ovat ladanneet 100 kertaa tuon yhden sivusi.<\/li>\n\n\n\n<li><strong>Osumat<\/strong>&nbsp;&#8211; Osumat ovat jonkin tietyn sivun avaamisen yhteydess\u00e4 ladattuja tiedostoja kuten html-tiedostoja, kuvia, javascript-tiedostoja, jne.<\/li>\n\n\n\n<li><strong>Kaista<\/strong>&nbsp;&#8211; Kuinka paljon kaistaa vierailut ovat yhteens\u00e4 kuluttaneet. N\u00e4et lis\u00e4ksi, kuinka paljon kaistaa esimerkiksi jokin yksitt\u00e4inen vierailija on vienyt.<\/li>\n<\/ul>\n","protected":false},"excerpt":{"rendered":"<p>Kotisivujen k\u00e4vij\u00e4tilastot cPanelissa<\/p>\n","protected":false},"author":18,"featured_media":0,"parent":136943,"menu_order":0,"comment_status":"closed","ping_status":"closed","template":"","meta":{"_relevanssi_hide_post":"","_relevanssi_hide_content":"","_relevanssi_pin_for_all":"","_relevanssi_pin_keywords":"","_relevanssi_unpin_keywords":"","_relevanssi_related_keywords":"","_relevanssi_related_include_ids":"","_relevanssi_related_exclude_ids":"","_relevanssi_related_no_append":"","_relevanssi_related_not_related":"","_relevanssi_related_posts":"135737,130455,136211,131506,136147,132938","_relevanssi_noindex_reason":"","footnotes":""},"categories":[190],"tags":[158],"wf_page_folders":[],"class_list":{"0":"post-136601","1":"page","2":"type-page","3":"status-publish","5":"category-cpanel-wepardi","6":"tag-yleiset"},"_links":{"self":[{"href":"https:\/\/www.zoner.fi\/tuki\/wp-json\/wp\/v2\/pages\/136601","targetHints":{"allow":["GET"]}}],"collection":[{"href":"https:\/\/www.zoner.fi\/tuki\/wp-json\/wp\/v2\/pages"}],"about":[{"href":"https:\/\/www.zoner.fi\/tuki\/wp-json\/wp\/v2\/types\/page"}],"author":[{"embeddable":true,"href":"https:\/\/www.zoner.fi\/tuki\/wp-json\/wp\/v2\/users\/18"}],"replies":[{"embeddable":true,"href":"https:\/\/www.zoner.fi\/tuki\/wp-json\/wp\/v2\/comments?post=136601"}],"version-history":[{"count":4,"href":"https:\/\/www.zoner.fi\/tuki\/wp-json\/wp\/v2\/pages\/136601\/revisions"}],"predecessor-version":[{"id":138104,"href":"https:\/\/www.zoner.fi\/tuki\/wp-json\/wp\/v2\/pages\/136601\/revisions\/138104"}],"up":[{"embeddable":true,"href":"https:\/\/www.zoner.fi\/tuki\/wp-json\/wp\/v2\/pages\/136943"}],"wp:attachment":[{"href":"https:\/\/www.zoner.fi\/tuki\/wp-json\/wp\/v2\/media?parent=136601"}],"wp:term":[{"taxonomy":"category","embeddable":true,"href":"https:\/\/www.zoner.fi\/tuki\/wp-json\/wp\/v2\/categories?post=136601"},{"taxonomy":"post_tag","embeddable":true,"href":"https:\/\/www.zoner.fi\/tuki\/wp-json\/wp\/v2\/tags?post=136601"},{"taxonomy":"wf_page_folders","embeddable":true,"href":"https:\/\/www.zoner.fi\/tuki\/wp-json\/wp\/v2\/wf_page_folders?post=136601"}],"curies":[{"name":"wp","href":"https:\/\/api.w.org\/{rel}","templated":true}]}}