{"id":136603,"date":"2025-08-20T14:02:46","date_gmt":"2025-08-20T11:02:46","guid":{"rendered":"https:\/\/www.zoner.fi\/tuki\/?page_id=136603"},"modified":"2025-11-12T15:41:38","modified_gmt":"2025-11-12T13:41:38","slug":"sahkopostien-hallinta","status":"publish","type":"page","link":"https:\/\/www.zoner.fi\/tuki\/verkkotunnus\/cpanel-wepardi\/sahkopostien-hallinta\/","title":{"rendered":"Miten hallitsen palvelustani l\u00f6ytyvi\u00e4 s\u00e4hk\u00f6posteja?"},"content":{"rendered":"\n<p>Voit hallita palveluusi kuuluvia s\u00e4hk\u00f6postitilej\u00e4 cPanelissa:<\/p>\n\n\n\n<ol class=\"wp-block-list\">\n<li>Kirjaudu cPaneliin Zoner Homen kautta. <strong>Ohje<\/strong>: <a href=\"https:\/\/www.zoner.fi\/tuki\/webhotellit\/cpanel-webhotelli-fi\/cpanel-palvelunhallintaan-siirtyminen\/\">cPanel-palvelunhallintaan siirtyminen<\/a><\/li>\n\n\n\n<li>Avaa cPanelissa kohta&nbsp;<strong>S\u00e4hk\u00f6posti<\/strong>&nbsp;\u2192&nbsp;<strong>S\u00e4hk\u00f6postitilit<\/strong>.<\/li>\n\n\n\n<li>Kun laatikko on luotu, se n\u00e4kyy s\u00e4hk\u00f6postitilien listauksessa.<\/li>\n<\/ol>\n\n\n\n<h2 class=\"wp-block-heading\">Webmailiin kirjautuminen<\/h2>\n\n\n\n<p>Kohdasta&nbsp;<strong>Check email<\/strong>&nbsp;p\u00e4\u00e4set lukemaan viestej\u00e4 webmailin kautta ilman erikseen kirjautumista.<\/p>\n\n\n\n<ul class=\"wp-block-list\">\n<li>Webmailin l\u00f6yd\u00e4t my\u00f6s kirjoittamalla selaimeesi osoitteen&nbsp;<strong><a href=\"http:\/\/webmail.omadomain.com\/\" target=\"_blank\" rel=\"noopener\">webmail.omadomain.com<\/a><\/strong>&nbsp;mutta&nbsp;<strong>korvaa&nbsp;<a href=\"http:\/\/omadomain.com\/\" target=\"_blank\" rel=\"noopener\">omadomain.com<\/a>&nbsp;omalla verkko-osoitteellasi<\/strong>.<\/li>\n\n\n\n<li>Esimerkki: jos verkkotunnuksesi on weparditestaa.fi, voit kirjautua webmailiin osoitteessa&nbsp;<a href=\"http:\/\/webmail.weparditestaa.fi\/\" target=\"_blank\" rel=\"noopener\">webmail.weparditestaa.fi<\/a><\/li>\n<\/ul>\n\n\n\n<h2 class=\"wp-block-heading\">S\u00e4hk\u00f6postitilien asetukset<\/h2>\n\n\n\n<p>Kohdasta&nbsp;<strong>Hallinta&nbsp;<\/strong>p\u00e4\u00e4set esimerkiksi vaihtamaan s\u00e4hk\u00f6postilaatikkosi salasanan ja muuttamaan tarvittaessa s\u00e4hk\u00f6postilaatikon kokoa.<\/p>\n\n\n\n<h3 class=\"wp-block-heading\">Salasanan muuttaminen<\/h3>\n\n\n\n<p>Voit vaihtaa s\u00e4hk\u00f6postilaatikon salasanan n\u00e4in:<\/p>\n\n\n\n<ol class=\"wp-block-list\">\n<li>Kirjoita kohtaan&nbsp;<strong>Suojaus&nbsp;\u2192 Uusi salasana<\/strong>&nbsp;haluamasi salasana tai k\u00e4yt\u00e4&nbsp;<strong>Luonti<\/strong>-toimintoa, jolloin j\u00e4rjestelm\u00e4 luo sinulle vahvan salasanan.<\/li>\n\n\n\n<li>T\u00e4m\u00e4n j\u00e4lkeen tallenna muutos rullaamalla sivua alas kohtaan&nbsp;<strong>Update email settings<\/strong>. N\u00e4in uusi salasana tallentuu.<\/li>\n\n\n\n<li>Tallenna muutos rullaamalla sivua alas kohtaan&nbsp;<strong>Update email settings<\/strong>.<\/li>\n<\/ol>\n\n\n\n<h3 class=\"wp-block-heading\">S\u00e4hk\u00f6postilaatikon koon muuttaminen<\/h3>\n\n\n\n<p>Jos haluat muuttaa laatikkosi kokoa niin se onnistuu kohdasta&nbsp;<strong>Allocated Storage Usage<\/strong>.<\/p>\n\n\n\n<p>Jos valinta on kohdassa &#8217;Rajoittamaton&#8217;, postilaatikko saa k\u00e4ytt\u00e4\u00e4 niin paljon tilaa kuin palvelussasi on k\u00e4ytett\u00e4viss\u00e4. Voit my\u00f6s antaa laatikolle haluamasi koon.<\/p>\n","protected":false},"excerpt":{"rendered":"<p>Webhotellin s\u00e4hk\u00f6postien hallinta cPanelissa<\/p>\n","protected":false},"author":18,"featured_media":0,"parent":137375,"menu_order":0,"comment_status":"closed","ping_status":"closed","template":"","meta":{"_relevanssi_hide_post":"","_relevanssi_hide_content":"","_relevanssi_pin_for_all":"","_relevanssi_pin_keywords":"","_relevanssi_unpin_keywords":"","_relevanssi_related_keywords":"","_relevanssi_related_include_ids":"","_relevanssi_related_exclude_ids":"","_relevanssi_related_no_append":"","_relevanssi_related_not_related":"","_relevanssi_related_posts":"135737,130455,136211,131506,136147,132938","_relevanssi_noindex_reason":"","footnotes":""},"categories":[195],"tags":[214],"wf_page_folders":[],"class_list":{"0":"post-136603","1":"page","2":"type-page","3":"status-publish","5":"category-cpanel-wepardi-sahkoposti","6":"tag-sahkopostin-hallinta"},"_links":{"self":[{"href":"https:\/\/www.zoner.fi\/tuki\/wp-json\/wp\/v2\/pages\/136603","targetHints":{"allow":["GET"]}}],"collection":[{"href":"https:\/\/www.zoner.fi\/tuki\/wp-json\/wp\/v2\/pages"}],"about":[{"href":"https:\/\/www.zoner.fi\/tuki\/wp-json\/wp\/v2\/types\/page"}],"author":[{"embeddable":true,"href":"https:\/\/www.zoner.fi\/tuki\/wp-json\/wp\/v2\/users\/18"}],"replies":[{"embeddable":true,"href":"https:\/\/www.zoner.fi\/tuki\/wp-json\/wp\/v2\/comments?post=136603"}],"version-history":[{"count":4,"href":"https:\/\/www.zoner.fi\/tuki\/wp-json\/wp\/v2\/pages\/136603\/revisions"}],"predecessor-version":[{"id":138064,"href":"https:\/\/www.zoner.fi\/tuki\/wp-json\/wp\/v2\/pages\/136603\/revisions\/138064"}],"up":[{"embeddable":true,"href":"https:\/\/www.zoner.fi\/tuki\/wp-json\/wp\/v2\/pages\/137375"}],"wp:attachment":[{"href":"https:\/\/www.zoner.fi\/tuki\/wp-json\/wp\/v2\/media?parent=136603"}],"wp:term":[{"taxonomy":"category","embeddable":true,"href":"https:\/\/www.zoner.fi\/tuki\/wp-json\/wp\/v2\/categories?post=136603"},{"taxonomy":"post_tag","embeddable":true,"href":"https:\/\/www.zoner.fi\/tuki\/wp-json\/wp\/v2\/tags?post=136603"},{"taxonomy":"wf_page_folders","embeddable":true,"href":"https:\/\/www.zoner.fi\/tuki\/wp-json\/wp\/v2\/wf_page_folders?post=136603"}],"curies":[{"name":"wp","href":"https:\/\/api.w.org\/{rel}","templated":true}]}}